{"id":49,"date":"2013-08-01T20:57:18","date_gmt":"2013-08-01T17:57:18","guid":{"rendered":"http:\/\/www.sastamalankylat.fi\/vahahaara\/?page_id=49"},"modified":"2024-01-19T20:07:31","modified_gmt":"2024-01-19T18:07:31","slug":"palveluhakemisto","status":"publish","type":"page","link":"https:\/\/www.sastamalankylat.fi\/vahahaara\/palvelut\/palveluhakemisto\/","title":{"rendered":"Palveluhakemisto"},"content":{"rendered":"<p><b>Autojen ja koneiden korjausta<\/b><\/p>\n<p>T:mi Lauri Virtanen, Vehkakorventie 548<br \/>\n0500 797 476<\/p>\n<p><b>Hirsit\u00f6it\u00e4<\/b><\/p>\n<p>Jukka Myllym\u00e4ki, Kortej\u00e4rventie 438<br \/>\n050 527 7726<\/p>\n<p><b> Juhla- ja pitopalvelua<\/b><\/p>\n<p>Eeva-Liisa Isotalo<br \/>\n050 5381480<\/p>\n<p><b>Kokous- ja juhlatiloja<\/b><\/p>\n<p>Harakkamyllyn Torppa, Haapaniementie 982<br \/>\n050 372 1122, 050 553 6142<\/p>\n<p><a href=\"http:\/\/www.sastamalankylat.fi\/vahahaara\/palvelut\/kotiseututalo\/\">V\u00e4h\u00e4haaran Kotiseututalo<\/a>, Vehkakorventie 649<br \/>\n040 847 3456\/ Marika Wolff sihteeri<\/p>\n<p><b>Matkailupalveluita<\/b><\/p>\n<p>Harakkamyllyn Torppa, Haapaniementie 982<br \/>\n050 372 1122 tai 050 553 6142<\/p>\n<p>V\u00e4h\u00e4haara-Seura r.y., Vehkakorventie 649<br \/>\n040 847 3456 \/ Marika Wolff sihteeri<\/p>\n<p><b>Saunojen vuokrausta<\/b><\/p>\n<p>Sauna ja kaksi savusaunaa, Matti Koskinen<br \/>\n050 372 1122 tai 050 553 6142<\/p>\n<p><b>Sirkelisahausta ja h\u00f6yl\u00e4yst\u00e4 sek\u00e4 puusep\u00e4n tuotteet<\/b><\/p>\n<p>Tapio M\u00f6rtti, Nevontie 404<br \/>\n040 513 5486<\/p>\n<p><b>Taidetta<\/b><\/p>\n<p><a href=\"http:\/\/www.sanna.ristolainen.tarinoi.fi\/\">Kuvataiteilija Sanna Ristolainen<\/a><\/p>\n<p><b>Traktorit\u00f6it\u00e4<\/b><\/p>\n<p>Jukka Myllym\u00e4ki, Kortej\u00e4rventie 438<br \/>\n050 527 7726<\/p>\n<p><b>Viljankuivausta<\/b><\/p>\n<p>Pentti Uusi-Hautamaa, Tiukantie 55<\/p>\n<!-- AddThis Advanced Settings generic via filter on the_content --><!-- AddThis Share Buttons generic via filter on the_content -->","protected":false},"excerpt":{"rendered":"<p>Autojen ja koneiden korjausta T:mi Lauri Virtanen, Vehkakorventie 548 0500 797 476 Hirsit\u00f6it\u00e4 Jukka Myllym\u00e4ki, Kortej\u00e4rventie 438 050 527 7726 Juhla- ja pitopalvelua Eeva-Liisa Isotalo 050 5381480 Kokous- ja juhlatiloja Harakkamyllyn Torppa, Haapaniementie 982 050 372 1122, 050 553 6142 V\u00e4h\u00e4haaran Kotiseututalo, Vehkakorventie 649 040 847 3456\/ Marika Wolff sihteeri Matkailupalveluita Harakkamyllyn Torppa, Haapaniementie 982 [&hellip;]<!-- AddThis Advanced Settings generic via filter on wp_trim_excerpt --><!-- AddThis Share Buttons generic via filter on wp_trim_excerpt --><\/p>\n","protected":false},"author":12,"featured_media":0,"parent":40,"menu_order":3,"comment_status":"closed","ping_status":"closed","template":"","meta":{"jetpack_post_was_ever_published":false,"footnotes":""},"class_list":["post-49","page","type-page","status-publish","hentry"],"aioseo_notices":[],"jetpack_shortlink":"https:\/\/wp.me\/P9LdRW-N","jetpack_sharing_enabled":true,"_links":{"self":[{"href":"https:\/\/www.sastamalankylat.fi\/vahahaara\/wp-json\/wp\/v2\/pages\/49","targetHints":{"allow":["GET"]}}],"collection":[{"href":"https:\/\/www.sastamalankylat.fi\/vahahaara\/wp-json\/wp\/v2\/pages"}],"about":[{"href":"https:\/\/www.sastamalankylat.fi\/vahahaara\/wp-json\/wp\/v2\/types\/page"}],"author":[{"embeddable":true,"href":"https:\/\/www.sastamalankylat.fi\/vahahaara\/wp-json\/wp\/v2\/users\/12"}],"replies":[{"embeddable":true,"href":"https:\/\/www.sastamalankylat.fi\/vahahaara\/wp-json\/wp\/v2\/comments?post=49"}],"version-history":[{"count":5,"href":"https:\/\/www.sastamalankylat.fi\/vahahaara\/wp-json\/wp\/v2\/pages\/49\/revisions"}],"predecessor-version":[{"id":1419,"href":"https:\/\/www.sastamalankylat.fi\/vahahaara\/wp-json\/wp\/v2\/pages\/49\/revisions\/1419"}],"up":[{"embeddable":true,"href":"https:\/\/www.sastamalankylat.fi\/vahahaara\/wp-json\/wp\/v2\/pages\/40"}],"wp:attachment":[{"href":"https:\/\/www.sastamalankylat.fi\/vahahaara\/wp-json\/wp\/v2\/media?parent=49"}],"curies":[{"name":"wp","href":"https:\/\/api.w.org\/{rel}","templated":true}]}}