{"id":1121,"date":"2024-01-06T12:09:35","date_gmt":"2024-01-06T10:09:35","guid":{"rendered":"http:\/\/www.sastamalankylat.fi\/vahahaara\/?page_id=1121"},"modified":"2024-01-06T17:20:31","modified_gmt":"2024-01-06T15:20:31","slug":"uusi-etusivu","status":"publish","type":"page","link":"https:\/\/www.sastamalankylat.fi\/vahahaara\/","title":{"rendered":"Etusivu"},"content":{"rendered":"<h2 class=\"black\" style=\"text-align: center\">V\u00e4h\u00e4haaran Kotiseututalo on kyl\u00e4n ja kyl\u00e4toiminnan syd\u00e4n. V\u00e4h\u00e4haara-Seuran yll\u00e4pit\u00e4m\u00e4n<br \/>\nvanhan hirsitalon tunnelmassa on kokoonnuttu yhteisiin tapahtumiin ja rientoihin<br \/>\njo noin 30 vuoden ajan.<\/h2>\n<!-- AddThis Advanced Settings generic via filter on the_content --><!-- AddThis Share Buttons generic via filter on the_content -->","protected":false},"excerpt":{"rendered":"<p>V\u00e4h\u00e4haaran Kotiseututalo on kyl\u00e4n ja kyl\u00e4toiminnan syd\u00e4n. V\u00e4h\u00e4haara-Seuran yll\u00e4pit\u00e4m\u00e4n vanhan hirsitalon tunnelmassa on kokoonnuttu yhteisiin tapahtumiin ja rientoihin jo noin 30 vuoden ajan.<!-- AddThis Advanced Settings generic via filter on wp_trim_excerpt --><!-- AddThis Share Buttons generic via filter on wp_trim_excerpt --><\/p>\n","protected":false},"author":12,"featured_media":0,"parent":0,"menu_order":0,"comment_status":"closed","ping_status":"closed","template":"page-templates\/front-page.php","meta":{"jetpack_post_was_ever_published":false,"footnotes":""},"class_list":["post-1121","page","type-page","status-publish","hentry"],"aioseo_notices":[],"jetpack_shortlink":"https:\/\/wp.me\/P9LdRW-i5","jetpack_sharing_enabled":true,"_links":{"self":[{"href":"https:\/\/www.sastamalankylat.fi\/vahahaara\/wp-json\/wp\/v2\/pages\/1121","targetHints":{"allow":["GET"]}}],"collection":[{"href":"https:\/\/www.sastamalankylat.fi\/vahahaara\/wp-json\/wp\/v2\/pages"}],"about":[{"href":"https:\/\/www.sastamalankylat.fi\/vahahaara\/wp-json\/wp\/v2\/types\/page"}],"author":[{"embeddable":true,"href":"https:\/\/www.sastamalankylat.fi\/vahahaara\/wp-json\/wp\/v2\/users\/12"}],"replies":[{"embeddable":true,"href":"https:\/\/www.sastamalankylat.fi\/vahahaara\/wp-json\/wp\/v2\/comments?post=1121"}],"version-history":[{"count":25,"href":"https:\/\/www.sastamalankylat.fi\/vahahaara\/wp-json\/wp\/v2\/pages\/1121\/revisions"}],"predecessor-version":[{"id":1230,"href":"https:\/\/www.sastamalankylat.fi\/vahahaara\/wp-json\/wp\/v2\/pages\/1121\/revisions\/1230"}],"wp:attachment":[{"href":"https:\/\/www.sastamalankylat.fi\/vahahaara\/wp-json\/wp\/v2\/media?parent=1121"}],"curies":[{"name":"wp","href":"https:\/\/api.w.org\/{rel}","templated":true}]}}