{"id":14,"date":"2013-09-11T19:11:45","date_gmt":"2013-09-11T16:11:45","guid":{"rendered":"http:\/\/www.sastamalankylat.fi\/uotsola\/?page_id=14"},"modified":"2013-09-25T18:25:26","modified_gmt":"2013-09-25T15:25:26","slug":"kuvia","status":"publish","type":"page","link":"https:\/\/www.sastamalankylat.fi\/uotsola\/kuvia\/","title":{"rendered":"KUVIA"},"content":{"rendered":"<p>&nbsp;<\/p>\n<div id=\"attachment_26\" style=\"width: 310px\" class=\"wp-caption alignnone\"><a href=\"http:\/\/www.sastamalankylat.fi\/uotsola\/wp-content\/uploads\/sites\/12\/2013\/09\/163.jpg\"><img loading=\"lazy\" decoding=\"async\" aria-describedby=\"caption-attachment-26\" class=\"size-medium wp-image-26\" alt=\"163\" src=\"http:\/\/www.sastamalankylat.fi\/uotsola\/wp-content\/uploads\/sites\/12\/2013\/09\/163-300x225.jpg\" width=\"300\" height=\"225\" srcset=\"https:\/\/www.sastamalankylat.fi\/uotsola\/wp-content\/uploads\/sites\/12\/2013\/09\/163-300x225.jpg 300w, https:\/\/www.sastamalankylat.fi\/uotsola\/wp-content\/uploads\/sites\/12\/2013\/09\/163.jpg 600w\" sizes=\"auto, (max-width: 300px) 100vw, 300px\" \/><\/a><p id=\"caption-attachment-26\" class=\"wp-caption-text\">Mouhij\u00e4rven kirkko<\/p><\/div>\n<div id=\"attachment_25\" style=\"width: 310px\" class=\"wp-caption alignnone\"><a href=\"http:\/\/www.sastamalankylat.fi\/uotsola\/wp-content\/uploads\/sites\/12\/2013\/09\/uudet-kuvat-101.jpg\"><img loading=\"lazy\" decoding=\"async\" aria-describedby=\"caption-attachment-25\" class=\"size-medium wp-image-25\" alt=\"uudet kuvat 101\" src=\"http:\/\/www.sastamalankylat.fi\/uotsola\/wp-content\/uploads\/sites\/12\/2013\/09\/uudet-kuvat-101-300x225.jpg\" width=\"300\" height=\"225\" srcset=\"https:\/\/www.sastamalankylat.fi\/uotsola\/wp-content\/uploads\/sites\/12\/2013\/09\/uudet-kuvat-101-300x225.jpg 300w, https:\/\/www.sastamalankylat.fi\/uotsola\/wp-content\/uploads\/sites\/12\/2013\/09\/uudet-kuvat-101.jpg 600w\" sizes=\"auto, (max-width: 300px) 100vw, 300px\" \/><\/a><p id=\"caption-attachment-25\" class=\"wp-caption-text\">Entinen kunnantalo, joka muutettiin p\u00e4iv\u00e4kodi<\/p><\/div>\n<div id=\"attachment_23\" style=\"width: 310px\" class=\"wp-caption alignnone\"><a href=\"http:\/\/www.sastamalankylat.fi\/uotsola\/wp-content\/uploads\/sites\/12\/2013\/09\/uudet-kuvat-097.jpg\"><img loading=\"lazy\" decoding=\"async\" aria-describedby=\"caption-attachment-23\" class=\"size-medium wp-image-23\" alt=\"uudet kuvat 097\" src=\"http:\/\/www.sastamalankylat.fi\/uotsola\/wp-content\/uploads\/sites\/12\/2013\/09\/uudet-kuvat-097-300x225.jpg\" width=\"300\" height=\"225\" srcset=\"https:\/\/www.sastamalankylat.fi\/uotsola\/wp-content\/uploads\/sites\/12\/2013\/09\/uudet-kuvat-097-300x225.jpg 300w, https:\/\/www.sastamalankylat.fi\/uotsola\/wp-content\/uploads\/sites\/12\/2013\/09\/uudet-kuvat-097.jpg 600w\" sizes=\"auto, (max-width: 300px) 100vw, 300px\" \/><\/a><p id=\"caption-attachment-23\" class=\"wp-caption-text\">Uimaranta M\u00e4tikk\u00f6j\u00e4rven rannassa. Taustalla Selkeen niemi ja -kartano<\/p><\/div>\n<div id=\"attachment_19\" style=\"width: 310px\" class=\"wp-caption alignnone\"><a href=\"http:\/\/www.sastamalankylat.fi\/uotsola\/wp-content\/uploads\/sites\/12\/2013\/09\/syyskuu-2012-078.jpg\"><img loading=\"lazy\" decoding=\"async\" aria-describedby=\"caption-attachment-19\" class=\"size-medium wp-image-19\" alt=\"syyskuu 2012 078\" src=\"http:\/\/www.sastamalankylat.fi\/uotsola\/wp-content\/uploads\/sites\/12\/2013\/09\/syyskuu-2012-078-300x225.jpg\" width=\"300\" height=\"225\" srcset=\"https:\/\/www.sastamalankylat.fi\/uotsola\/wp-content\/uploads\/sites\/12\/2013\/09\/syyskuu-2012-078-300x225.jpg 300w, https:\/\/www.sastamalankylat.fi\/uotsola\/wp-content\/uploads\/sites\/12\/2013\/09\/syyskuu-2012-078.jpg 600w\" sizes=\"auto, (max-width: 300px) 100vw, 300px\" \/><\/a><p id=\"caption-attachment-19\" class=\"wp-caption-text\">Vanhankirko Kes\u00e4kappeli, joka on aikoinaan ollut vanhan kirkon kellotapuli<\/p><\/div>\n<div id=\"attachment_20\" style=\"width: 310px\" class=\"wp-caption alignnone\"><a href=\"http:\/\/www.sastamalankylat.fi\/uotsola\/wp-content\/uploads\/sites\/12\/2013\/09\/syyskuu-2012-085.jpg\"><img loading=\"lazy\" decoding=\"async\" aria-describedby=\"caption-attachment-20\" class=\"size-medium wp-image-20\" alt=\"syyskuu 2012 085\" src=\"http:\/\/www.sastamalankylat.fi\/uotsola\/wp-content\/uploads\/sites\/12\/2013\/09\/syyskuu-2012-085-300x225.jpg\" width=\"300\" height=\"225\" srcset=\"https:\/\/www.sastamalankylat.fi\/uotsola\/wp-content\/uploads\/sites\/12\/2013\/09\/syyskuu-2012-085-300x225.jpg 300w, https:\/\/www.sastamalankylat.fi\/uotsola\/wp-content\/uploads\/sites\/12\/2013\/09\/syyskuu-2012-085.jpg 600w\" sizes=\"auto, (max-width: 300px) 100vw, 300px\" \/><\/a><p id=\"caption-attachment-20\" class=\"wp-caption-text\">Mouhij\u00e4rven tori<\/p><\/div>\n<div id=\"attachment_21\" style=\"width: 310px\" class=\"wp-caption alignnone\"><a href=\"http:\/\/www.sastamalankylat.fi\/uotsola\/wp-content\/uploads\/sites\/12\/2013\/09\/uudet-kuvat-090.jpg\"><img loading=\"lazy\" decoding=\"async\" aria-describedby=\"caption-attachment-21\" class=\"size-medium wp-image-21\" alt=\"uudet kuvat 090\" src=\"http:\/\/www.sastamalankylat.fi\/uotsola\/wp-content\/uploads\/sites\/12\/2013\/09\/uudet-kuvat-090-300x225.jpg\" width=\"300\" height=\"225\" srcset=\"https:\/\/www.sastamalankylat.fi\/uotsola\/wp-content\/uploads\/sites\/12\/2013\/09\/uudet-kuvat-090-300x225.jpg 300w, https:\/\/www.sastamalankylat.fi\/uotsola\/wp-content\/uploads\/sites\/12\/2013\/09\/uudet-kuvat-090.jpg 600w\" sizes=\"auto, (max-width: 300px) 100vw, 300px\" \/><\/a><p id=\"caption-attachment-21\" class=\"wp-caption-text\">Uusi kirjasto, valmistunut 2008<\/p><\/div>\n<div id=\"attachment_22\" style=\"width: 310px\" class=\"wp-caption alignnone\"><a href=\"http:\/\/www.sastamalankylat.fi\/uotsola\/wp-content\/uploads\/sites\/12\/2013\/09\/uudet-kuvat-096.jpg\"><img loading=\"lazy\" decoding=\"async\" aria-describedby=\"caption-attachment-22\" class=\"size-medium wp-image-22\" alt=\"uudet kuvat 096\" src=\"http:\/\/www.sastamalankylat.fi\/uotsola\/wp-content\/uploads\/sites\/12\/2013\/09\/uudet-kuvat-096-300x225.jpg\" width=\"300\" height=\"225\" srcset=\"https:\/\/www.sastamalankylat.fi\/uotsola\/wp-content\/uploads\/sites\/12\/2013\/09\/uudet-kuvat-096-300x225.jpg 300w, https:\/\/www.sastamalankylat.fi\/uotsola\/wp-content\/uploads\/sites\/12\/2013\/09\/uudet-kuvat-096.jpg 600w\" sizes=\"auto, (max-width: 300px) 100vw, 300px\" \/><\/a><p id=\"caption-attachment-22\" class=\"wp-caption-text\">Entinen Mouhij\u00e4rven Osuusmeijeri, nykyisin tilausravintola<\/p><\/div>\n<div id=\"attachment_18\" style=\"width: 310px\" class=\"wp-caption alignnone\"><a href=\"http:\/\/www.sastamalankylat.fi\/uotsola\/wp-content\/uploads\/sites\/12\/2013\/09\/syyskuu-2012-074.jpg\"><img loading=\"lazy\" decoding=\"async\" aria-describedby=\"caption-attachment-18\" class=\"size-medium wp-image-18\" alt=\"syyskuu 2012 074\" src=\"http:\/\/www.sastamalankylat.fi\/uotsola\/wp-content\/uploads\/sites\/12\/2013\/09\/syyskuu-2012-074-300x225.jpg\" width=\"300\" height=\"225\" srcset=\"https:\/\/www.sastamalankylat.fi\/uotsola\/wp-content\/uploads\/sites\/12\/2013\/09\/syyskuu-2012-074-300x225.jpg 300w, https:\/\/www.sastamalankylat.fi\/uotsola\/wp-content\/uploads\/sites\/12\/2013\/09\/syyskuu-2012-074.jpg 600w\" sizes=\"auto, (max-width: 300px) 100vw, 300px\" \/><\/a><p id=\"caption-attachment-18\" class=\"wp-caption-text\">Siilij\u00e4rven ymp\u00e4ri on k\u00e4velyreitti. Talkoilla tehtiin &#8221;Heikin silta&#8221; ylitt\u00e4m\u00e4\u00e4n ojan ja kosteisiin paikkoihin pitkospuita. Reitti on noin 3 km<\/p><\/div>\n<div id=\"attachment_17\" style=\"width: 310px\" class=\"wp-caption alignnone\"><a href=\"http:\/\/www.sastamalankylat.fi\/uotsola\/wp-content\/uploads\/sites\/12\/2013\/09\/syyskuu-2012-011.jpg\"><img loading=\"lazy\" decoding=\"async\" aria-describedby=\"caption-attachment-17\" class=\"size-medium wp-image-17\" alt=\"syyskuu 2012 011\" src=\"http:\/\/www.sastamalankylat.fi\/uotsola\/wp-content\/uploads\/sites\/12\/2013\/09\/syyskuu-2012-011-300x225.jpg\" width=\"300\" height=\"225\" srcset=\"https:\/\/www.sastamalankylat.fi\/uotsola\/wp-content\/uploads\/sites\/12\/2013\/09\/syyskuu-2012-011-300x225.jpg 300w, https:\/\/www.sastamalankylat.fi\/uotsola\/wp-content\/uploads\/sites\/12\/2013\/09\/syyskuu-2012-011.jpg 600w\" sizes=\"auto, (max-width: 300px) 100vw, 300px\" \/><\/a><p id=\"caption-attachment-17\" class=\"wp-caption-text\">Piispa Kaarlo Kalliala siunaa toverihaudan<\/p><\/div>\n<div id=\"attachment_16\" style=\"width: 310px\" class=\"wp-caption alignnone\"><a href=\"http:\/\/www.sastamalankylat.fi\/uotsola\/wp-content\/uploads\/sites\/12\/2013\/09\/Suvip\u00e4iv\u00e4t-2013-083.jpg\"><img loading=\"lazy\" decoding=\"async\" aria-describedby=\"caption-attachment-16\" class=\"size-medium wp-image-16\" alt=\"Suvip\u00e4iv\u00e4t 2013 083\" src=\"http:\/\/www.sastamalankylat.fi\/uotsola\/wp-content\/uploads\/sites\/12\/2013\/09\/Suvip\u00e4iv\u00e4t-2013-083-300x225.jpg\" width=\"300\" height=\"225\" srcset=\"https:\/\/www.sastamalankylat.fi\/uotsola\/wp-content\/uploads\/sites\/12\/2013\/09\/Suvip\u00e4iv\u00e4t-2013-083-300x225.jpg 300w, https:\/\/www.sastamalankylat.fi\/uotsola\/wp-content\/uploads\/sites\/12\/2013\/09\/Suvip\u00e4iv\u00e4t-2013-083.jpg 600w\" sizes=\"auto, (max-width: 300px) 100vw, 300px\" \/><\/a><p id=\"caption-attachment-16\" class=\"wp-caption-text\">Selkeen kartano<\/p><\/div>\n<div id=\"attachment_15\" style=\"width: 310px\" class=\"wp-caption alignnone\"><a href=\"http:\/\/www.sastamalankylat.fi\/uotsola\/wp-content\/uploads\/sites\/12\/2013\/09\/kes\u00e4-2013-070.jpg\"><img loading=\"lazy\" decoding=\"async\" aria-describedby=\"caption-attachment-15\" class=\"size-medium wp-image-15\" alt=\"kes\u00e4 2013 070\" src=\"http:\/\/www.sastamalankylat.fi\/uotsola\/wp-content\/uploads\/sites\/12\/2013\/09\/kes\u00e4-2013-070-300x225.jpg\" width=\"300\" height=\"225\" srcset=\"https:\/\/www.sastamalankylat.fi\/uotsola\/wp-content\/uploads\/sites\/12\/2013\/09\/kes\u00e4-2013-070-300x225.jpg 300w, https:\/\/www.sastamalankylat.fi\/uotsola\/wp-content\/uploads\/sites\/12\/2013\/09\/kes\u00e4-2013-070.jpg 600w\" sizes=\"auto, (max-width: 300px) 100vw, 300px\" \/><\/a><p id=\"caption-attachment-15\" class=\"wp-caption-text\">Vanhan tehtaan (Villakehruutehdas, H\u00e4ij\u00e4\u00e4n kutomo) palatsi<\/p><\/div>\n<!-- AddThis Advanced Settings generic via filter on the_content --><!-- AddThis Share Buttons generic via filter on the_content -->","protected":false},"excerpt":{"rendered":"<p>&nbsp;<!-- AddThis Advanced Settings generic via filter on wp_trim_excerpt --><!-- AddThis Share Buttons generic via filter on wp_trim_excerpt --><\/p>\n","protected":false},"author":16,"featured_media":0,"parent":0,"menu_order":0,"comment_status":"open","ping_status":"open","template":"","meta":{"footnotes":""},"class_list":["post-14","page","type-page","status-publish","hentry"],"aioseo_notices":[],"jetpack_sharing_enabled":true,"_links":{"self":[{"href":"https:\/\/www.sastamalankylat.fi\/uotsola\/wp-json\/wp\/v2\/pages\/14","targetHints":{"allow":["GET"]}}],"collection":[{"href":"https:\/\/www.sastamalankylat.fi\/uotsola\/wp-json\/wp\/v2\/pages"}],"about":[{"href":"https:\/\/www.sastamalankylat.fi\/uotsola\/wp-json\/wp\/v2\/types\/page"}],"author":[{"embeddable":true,"href":"https:\/\/www.sastamalankylat.fi\/uotsola\/wp-json\/wp\/v2\/users\/16"}],"replies":[{"embeddable":true,"href":"https:\/\/www.sastamalankylat.fi\/uotsola\/wp-json\/wp\/v2\/comments?post=14"}],"version-history":[{"count":2,"href":"https:\/\/www.sastamalankylat.fi\/uotsola\/wp-json\/wp\/v2\/pages\/14\/revisions"}],"predecessor-version":[{"id":49,"href":"https:\/\/www.sastamalankylat.fi\/uotsola\/wp-json\/wp\/v2\/pages\/14\/revisions\/49"}],"wp:attachment":[{"href":"https:\/\/www.sastamalankylat.fi\/uotsola\/wp-json\/wp\/v2\/media?parent=14"}],"curies":[{"name":"wp","href":"https:\/\/api.w.org\/{rel}","templated":true}]}}