{"id":9,"date":"2013-06-05T15:06:58","date_gmt":"2013-06-05T12:06:58","guid":{"rendered":"http:\/\/www.sastamalankylat.fi\/tapiola\/?page_id=9"},"modified":"2018-06-29T19:48:25","modified_gmt":"2018-06-29T16:48:25","slug":"kesakahvila","status":"publish","type":"page","link":"https:\/\/www.sastamalankylat.fi\/tapiola\/kesakahvila\/","title":{"rendered":"Tapiolan kes\u00e4kahvila"},"content":{"rendered":"<p>Vesterbackan Kirsti ehdotti kev\u00e4\u00e4ll\u00e4 2012 hallituksen kokouksessa, ett\u00e4 h\u00e4n antaisi vanhan kotim\u00f6kkins\u00e4 k\u00e4ytt\u00f6\u00f6n, mik\u00e4li innostuttaisiin pit\u00e4m\u00e4\u00e4n kahvilaa kyl\u00e4l\u00e4isille.<\/p>\n<p>Hallituksen piiriss\u00e4 innostuttiin kovasti ajatuksesta ja perjantaina 29. kes\u00e4kuuta 2012 klo 17.00 Tapiolan kyl\u00e4yhdistyksen ensimm\u00e4inen kes\u00e4kahvila aloitti toimintansa Vesterbackan vanhassa pirtiss\u00e4 ja pihamaalla. Kahvilaa sovittiin pidett\u00e4v\u00e4ksi auki viiten\u00e4 perjantaina alkaen Vanhan kirjallisuuden p\u00e4ivien viikonlopusta aina hein\u00e4kuun loppuun.<\/p>\n<p>Ajatuksena oli koota kyl\u00e4l\u00e4isi\u00e4 yhteen kahvittelemaan ja tapaamaan toisiaan. Jo aivan ensimm\u00e4isest\u00e4 kerrasta tuli menestys ja niinp\u00e4 kahvilassa alkaa tulevana kes\u00e4n\u00e4 jo kuudes kausi.<\/p>\n<p>Kahvilailtoina on ollut yhteislaulua mm. Topi Jokelan ja plikkojen s\u00e4estyksell\u00e4, n\u00e4ytelm\u00e4, esityksi\u00e4, kirpputoreja, seurakunnan iltahartauksia, moottoripy\u00f6r\u00e4ilij\u00f6iden kokoontumisia, letunpaistoa ja mukavaa yhdess\u00e4 oloa. Puheensorina on t\u00e4ytt\u00e4nyt pihapiirin ja sateen sattuessa on oltu pirtiss\u00e4 tai parina viime vuotena teltassa, jonka kyl\u00e4yhdistys hankki. Useimmiten on kuitenkin s\u00e4\u00e4 suosinut ja olemme saaneet olla taivaan alla auringonpaisteessa,<\/p>\n<p>Kahvilassa on ollut tarjolla leivonnaisia, voileipi\u00e4 tai Nurmin Eevan valmistamia herkullisia karjalanpiirakoita. Kaikki tarjottavat on tehty talkoilla ja niist\u00e4 on saatu pieni korvaus kahvittelijoilta. Jokaisena kahvilailtana on my\u00f6s myyty arpoja ja palkintona on ollut Himbergin Hannun tytt\u00e4ren Minnan tekem\u00e4 voileip\u00e4kakku, jonka on voitettuaan saanut tilata sy\u00f6t\u00e4v\u00e4kseen tarvitessaan. Arvonta on aina suoritettu hein\u00e4kuun viimeisess\u00e4 kahvilassa.<\/p>\n<p>Vuosien mittaan ovat kes\u00e4kahvilamme l\u00f6yt\u00e4neet my\u00f6s muut sastamalalaiset ja onpa joskus ollut v\u00e4ke\u00e4 Tampereelta ja Ruotsistakin asti. M\u00f6kin ulkosein\u00e4lle on kahvila iltoina ripustettu taulu, jossa lukee <em>\u201dTapiola, kirjakaupungin kirjakyl\u00e4\u201d<\/em>. Taulu on kulkenut mukanamme kaikissa ulkopuolisissa tapahtumissamme jo monta vuotta. Kiitoksemme viel\u00e4 kahvilaidean \u00e4idille Kirstille ja kiitokset my\u00f6s Hannulle!<\/p>\n<h5><em>Seija Kuukan kirjoitus Tapiolan 15-vuotisjuhlalehdess\u00e4.<\/em><\/h5>\n<p>&nbsp;<\/p>\n<!-- AddThis Advanced Settings generic via filter on the_content --><!-- AddThis Share Buttons generic via filter on the_content -->","protected":false},"excerpt":{"rendered":"<p>Vesterbackan Kirsti ehdotti kev\u00e4\u00e4ll\u00e4 2012 hallituksen kokouksessa, ett\u00e4 h\u00e4n antaisi vanhan kotim\u00f6kkins\u00e4 k\u00e4ytt\u00f6\u00f6n, mik\u00e4li innostuttaisiin pit\u00e4m\u00e4\u00e4n kahvilaa kyl\u00e4l\u00e4isille. Hallituksen piiriss\u00e4 innostuttiin kovasti ajatuksesta ja perjantaina 29. kes\u00e4kuuta 2012 klo 17.00 Tapiolan kyl\u00e4yhdistyksen ensimm\u00e4inen kes\u00e4kahvila aloitti toimintansa Vesterbackan vanhassa pirtiss\u00e4 ja pihamaalla. Kahvilaa sovittiin pidett\u00e4v\u00e4ksi auki viiten\u00e4 perjantaina alkaen Vanhan kirjallisuuden p\u00e4ivien viikonlopusta aina hein\u00e4kuun loppuun. [&hellip;]<!-- AddThis Advanced Settings generic via filter on wp_trim_excerpt --><!-- AddThis Share Buttons generic via filter on wp_trim_excerpt --><\/p>\n","protected":false},"author":3,"featured_media":0,"parent":0,"menu_order":0,"comment_status":"closed","ping_status":"open","template":"","meta":{"jetpack_post_was_ever_published":false,"footnotes":""},"class_list":["post-9","page","type-page","status-publish","hentry"],"aioseo_notices":[],"jetpack_likes_enabled":true,"jetpack_sharing_enabled":true,"jetpack_shortlink":"https:\/\/wp.me\/P3DPvf-9","_links":{"self":[{"href":"https:\/\/www.sastamalankylat.fi\/tapiola\/wp-json\/wp\/v2\/pages\/9","targetHints":{"allow":["GET"]}}],"collection":[{"href":"https:\/\/www.sastamalankylat.fi\/tapiola\/wp-json\/wp\/v2\/pages"}],"about":[{"href":"https:\/\/www.sastamalankylat.fi\/tapiola\/wp-json\/wp\/v2\/types\/page"}],"author":[{"embeddable":true,"href":"https:\/\/www.sastamalankylat.fi\/tapiola\/wp-json\/wp\/v2\/users\/3"}],"replies":[{"embeddable":true,"href":"https:\/\/www.sastamalankylat.fi\/tapiola\/wp-json\/wp\/v2\/comments?post=9"}],"version-history":[{"count":4,"href":"https:\/\/www.sastamalankylat.fi\/tapiola\/wp-json\/wp\/v2\/pages\/9\/revisions"}],"predecessor-version":[{"id":1031,"href":"https:\/\/www.sastamalankylat.fi\/tapiola\/wp-json\/wp\/v2\/pages\/9\/revisions\/1031"}],"wp:attachment":[{"href":"https:\/\/www.sastamalankylat.fi\/tapiola\/wp-json\/wp\/v2\/media?parent=9"}],"curies":[{"name":"wp","href":"https:\/\/api.w.org\/{rel}","templated":true}]}}