{"id":70,"date":"2013-06-07T01:46:54","date_gmt":"2013-06-06T22:46:54","guid":{"rendered":"http:\/\/www.sastamalankylat.fi\/tapiola\/?page_id=70"},"modified":"2013-09-18T01:03:46","modified_gmt":"2013-09-17T22:03:46","slug":"toiminta-ajatus","status":"publish","type":"page","link":"https:\/\/www.sastamalankylat.fi\/tapiola\/toiminta-ajatus\/","title":{"rendered":"Toiminta-ajatus"},"content":{"rendered":"<p><span style=\"color: #800080;\"><em><strong>Yhdistyksen toiminta-ajatuksena on koota Tapiolankyl\u00e4n ihmiset yhteistoimintaan kyl\u00e4ns\u00e4 hyv\u00e4ksi, j\u00e4sentens\u00e4 aineellisen ja henkisen hyvinvoinnin edist\u00e4miseksi sek\u00e4 heid\u00e4n tietojensa ja taitojensa kehitt\u00e4miseksi. Perustavoite on Tapiolankyl\u00e4n elinvoimaisuuden s\u00e4ilytt\u00e4minen ja kyl\u00e4l\u00e4isten hyvinvoinnin ja yhteistoiminnan edist\u00e4minen.<\/strong><\/em><\/span><\/p>\n<p><span style=\"color: #800080;\">\u00a0<\/span><\/p>\n<!-- AddThis Advanced Settings generic via filter on the_content --><!-- AddThis Share Buttons generic via filter on the_content -->","protected":false},"excerpt":{"rendered":"<p>Yhdistyksen toiminta-ajatuksena on koota Tapiolankyl\u00e4n ihmiset yhteistoimintaan kyl\u00e4ns\u00e4 hyv\u00e4ksi, j\u00e4sentens\u00e4 aineellisen ja henkisen hyvinvoinnin edist\u00e4miseksi sek\u00e4 heid\u00e4n tietojensa ja taitojensa kehitt\u00e4miseksi. Perustavoite on Tapiolankyl\u00e4n elinvoimaisuuden s\u00e4ilytt\u00e4minen ja kyl\u00e4l\u00e4isten hyvinvoinnin ja yhteistoiminnan edist\u00e4minen. \u00a0<!-- AddThis Advanced Settings generic via filter on wp_trim_excerpt --><!-- AddThis Share Buttons generic via filter on wp_trim_excerpt --><\/p>\n","protected":false},"author":3,"featured_media":0,"parent":0,"menu_order":0,"comment_status":"closed","ping_status":"open","template":"","meta":{"jetpack_post_was_ever_published":false,"footnotes":""},"class_list":["post-70","page","type-page","status-publish","hentry"],"aioseo_notices":[],"jetpack_likes_enabled":true,"jetpack_sharing_enabled":true,"jetpack_shortlink":"https:\/\/wp.me\/P3DPvf-18","_links":{"self":[{"href":"https:\/\/www.sastamalankylat.fi\/tapiola\/wp-json\/wp\/v2\/pages\/70","targetHints":{"allow":["GET"]}}],"collection":[{"href":"https:\/\/www.sastamalankylat.fi\/tapiola\/wp-json\/wp\/v2\/pages"}],"about":[{"href":"https:\/\/www.sastamalankylat.fi\/tapiola\/wp-json\/wp\/v2\/types\/page"}],"author":[{"embeddable":true,"href":"https:\/\/www.sastamalankylat.fi\/tapiola\/wp-json\/wp\/v2\/users\/3"}],"replies":[{"embeddable":true,"href":"https:\/\/www.sastamalankylat.fi\/tapiola\/wp-json\/wp\/v2\/comments?post=70"}],"version-history":[{"count":2,"href":"https:\/\/www.sastamalankylat.fi\/tapiola\/wp-json\/wp\/v2\/pages\/70\/revisions"}],"predecessor-version":[{"id":321,"href":"https:\/\/www.sastamalankylat.fi\/tapiola\/wp-json\/wp\/v2\/pages\/70\/revisions\/321"}],"wp:attachment":[{"href":"https:\/\/www.sastamalankylat.fi\/tapiola\/wp-json\/wp\/v2\/media?parent=70"}],"curies":[{"name":"wp","href":"https:\/\/api.w.org\/{rel}","templated":true}]}}