{"id":449,"date":"2013-09-24T00:58:26","date_gmt":"2013-09-23T21:58:26","guid":{"rendered":"http:\/\/www.sastamalankylat.fi\/tapiola\/?page_id=449"},"modified":"2017-02-16T14:12:05","modified_gmt":"2017-02-16T12:12:05","slug":"tapiolan-kylayhdistys-10-v-juhlalehti","status":"publish","type":"page","link":"https:\/\/www.sastamalankylat.fi\/tapiola\/tapiolan-kylayhdistys-10-v-juhlalehti\/","title":{"rendered":"Tapiolan kyl\u00e4yhdistys 10 v. Juhlalehti"},"content":{"rendered":"<p>Tapiolan kyl\u00e4yhdistyksen 10 v. Juhlalehte\u00e4 on edelleen myynniss\u00e4 hintaan 5 euroa. Lehte\u00e4 saa hallituksen j\u00e4senilt\u00e4, ks. Yhteystiedot.<\/p>\n<p><a href=\"https:\/\/i0.wp.com\/www.sastamalankylat.fi\/tapiola\/wp-content\/uploads\/sites\/5\/2013\/09\/tapiolankylan-juhlajulkaisu-kansi.jpg\"><img data-recalc-dims=\"1\" loading=\"lazy\" decoding=\"async\" data-attachment-id=\"922\" data-permalink=\"https:\/\/www.sastamalankylat.fi\/tapiola\/tapiolan-kylayhdistys-10-v-juhlalehti\/tapiolankylan-juhlajulkaisu-kansi-3\/\" data-orig-file=\"https:\/\/i0.wp.com\/www.sastamalankylat.fi\/tapiola\/wp-content\/uploads\/sites\/5\/2013\/09\/tapiolankylan-juhlajulkaisu-kansi.jpg?fit=699%2C1000&amp;ssl=1\" data-orig-size=\"699,1000\" data-comments-opened=\"0\" data-image-meta=\"{&quot;aperture&quot;:&quot;0&quot;,&quot;credit&quot;:&quot;&quot;,&quot;camera&quot;:&quot;&quot;,&quot;caption&quot;:&quot;&quot;,&quot;created_timestamp&quot;:&quot;0&quot;,&quot;copyright&quot;:&quot;&quot;,&quot;focal_length&quot;:&quot;0&quot;,&quot;iso&quot;:&quot;0&quot;,&quot;shutter_speed&quot;:&quot;0&quot;,&quot;title&quot;:&quot;&quot;,&quot;orientation&quot;:&quot;0&quot;}\" data-image-title=\"tapiolankylan-juhlajulkaisu-kansi\" data-image-description=\"\" data-image-caption=\"\" data-large-file=\"https:\/\/i0.wp.com\/www.sastamalankylat.fi\/tapiola\/wp-content\/uploads\/sites\/5\/2013\/09\/tapiolankylan-juhlajulkaisu-kansi.jpg?fit=625%2C894&amp;ssl=1\" class=\"alignright wp-image-922 size-full\" src=\"https:\/\/i0.wp.com\/www.sastamalankylat.fi\/tapiola\/wp-content\/uploads\/sites\/5\/2013\/09\/tapiolankylan-juhlajulkaisu-kansi.jpg?resize=625%2C894\" width=\"625\" height=\"894\" srcset=\"https:\/\/i0.wp.com\/www.sastamalankylat.fi\/tapiola\/wp-content\/uploads\/sites\/5\/2013\/09\/tapiolankylan-juhlajulkaisu-kansi.jpg?w=699&amp;ssl=1 699w, https:\/\/i0.wp.com\/www.sastamalankylat.fi\/tapiola\/wp-content\/uploads\/sites\/5\/2013\/09\/tapiolankylan-juhlajulkaisu-kansi.jpg?resize=210%2C300&amp;ssl=1 210w, https:\/\/i0.wp.com\/www.sastamalankylat.fi\/tapiola\/wp-content\/uploads\/sites\/5\/2013\/09\/tapiolankylan-juhlajulkaisu-kansi.jpg?resize=624%2C893&amp;ssl=1 624w\" sizes=\"auto, (max-width: 625px) 100vw, 625px\" \/><\/a><\/p>\n<p><a href=\"https:\/\/i0.wp.com\/www.sastamalankylat.fi\/tapiola\/wp-content\/uploads\/sites\/5\/2013\/09\/tapiolankylan-juhlajulkaisu-sisallys.jpg\"><img data-recalc-dims=\"1\" loading=\"lazy\" decoding=\"async\" data-attachment-id=\"924\" data-permalink=\"https:\/\/www.sastamalankylat.fi\/tapiola\/tapiolan-kylayhdistys-10-v-juhlalehti\/tapiolankylan-juhlajulkaisu-sisallys-3\/\" data-orig-file=\"https:\/\/i0.wp.com\/www.sastamalankylat.fi\/tapiola\/wp-content\/uploads\/sites\/5\/2013\/09\/tapiolankylan-juhlajulkaisu-sisallys.jpg?fit=704%2C1000&amp;ssl=1\" data-orig-size=\"704,1000\" data-comments-opened=\"0\" data-image-meta=\"{&quot;aperture&quot;:&quot;0&quot;,&quot;credit&quot;:&quot;&quot;,&quot;camera&quot;:&quot;&quot;,&quot;caption&quot;:&quot;&quot;,&quot;created_timestamp&quot;:&quot;0&quot;,&quot;copyright&quot;:&quot;&quot;,&quot;focal_length&quot;:&quot;0&quot;,&quot;iso&quot;:&quot;0&quot;,&quot;shutter_speed&quot;:&quot;0&quot;,&quot;title&quot;:&quot;&quot;,&quot;orientation&quot;:&quot;0&quot;}\" data-image-title=\"tapiolankylan-juhlajulkaisu-sisallys\" data-image-description=\"\" data-image-caption=\"\" data-large-file=\"https:\/\/i0.wp.com\/www.sastamalankylat.fi\/tapiola\/wp-content\/uploads\/sites\/5\/2013\/09\/tapiolankylan-juhlajulkaisu-sisallys.jpg?fit=625%2C888&amp;ssl=1\" class=\"alignright wp-image-924 size-full\" src=\"https:\/\/i0.wp.com\/www.sastamalankylat.fi\/tapiola\/wp-content\/uploads\/sites\/5\/2013\/09\/tapiolankylan-juhlajulkaisu-sisallys.jpg?resize=625%2C888\" width=\"625\" height=\"888\" srcset=\"https:\/\/i0.wp.com\/www.sastamalankylat.fi\/tapiola\/wp-content\/uploads\/sites\/5\/2013\/09\/tapiolankylan-juhlajulkaisu-sisallys.jpg?w=704&amp;ssl=1 704w, https:\/\/i0.wp.com\/www.sastamalankylat.fi\/tapiola\/wp-content\/uploads\/sites\/5\/2013\/09\/tapiolankylan-juhlajulkaisu-sisallys.jpg?resize=211%2C300&amp;ssl=1 211w, https:\/\/i0.wp.com\/www.sastamalankylat.fi\/tapiola\/wp-content\/uploads\/sites\/5\/2013\/09\/tapiolankylan-juhlajulkaisu-sisallys.jpg?resize=624%2C886&amp;ssl=1 624w\" sizes=\"auto, (max-width: 625px) 100vw, 625px\" \/><\/a><\/p>\n<p>&nbsp;<\/p>\n<!-- AddThis Advanced Settings generic via filter on the_content --><!-- AddThis Share Buttons generic via filter on the_content -->","protected":false},"excerpt":{"rendered":"<p>Tapiolan kyl\u00e4yhdistyksen 10 v. Juhlalehte\u00e4 on edelleen myynniss\u00e4 hintaan 5 euroa. Lehte\u00e4 saa hallituksen j\u00e4senilt\u00e4, ks. Yhteystiedot. &nbsp;<!-- AddThis Advanced Settings generic via filter on wp_trim_excerpt --><!-- AddThis Share Buttons generic via filter on wp_trim_excerpt --><\/p>\n","protected":false},"author":3,"featured_media":0,"parent":0,"menu_order":0,"comment_status":"closed","ping_status":"open","template":"","meta":{"jetpack_post_was_ever_published":false,"footnotes":""},"class_list":["post-449","page","type-page","status-publish","hentry"],"aioseo_notices":[],"jetpack_likes_enabled":true,"jetpack_sharing_enabled":true,"jetpack_shortlink":"https:\/\/wp.me\/P3DPvf-7f","_links":{"self":[{"href":"https:\/\/www.sastamalankylat.fi\/tapiola\/wp-json\/wp\/v2\/pages\/449","targetHints":{"allow":["GET"]}}],"collection":[{"href":"https:\/\/www.sastamalankylat.fi\/tapiola\/wp-json\/wp\/v2\/pages"}],"about":[{"href":"https:\/\/www.sastamalankylat.fi\/tapiola\/wp-json\/wp\/v2\/types\/page"}],"author":[{"embeddable":true,"href":"https:\/\/www.sastamalankylat.fi\/tapiola\/wp-json\/wp\/v2\/users\/3"}],"replies":[{"embeddable":true,"href":"https:\/\/www.sastamalankylat.fi\/tapiola\/wp-json\/wp\/v2\/comments?post=449"}],"version-history":[{"count":4,"href":"https:\/\/www.sastamalankylat.fi\/tapiola\/wp-json\/wp\/v2\/pages\/449\/revisions"}],"predecessor-version":[{"id":925,"href":"https:\/\/www.sastamalankylat.fi\/tapiola\/wp-json\/wp\/v2\/pages\/449\/revisions\/925"}],"wp:attachment":[{"href":"https:\/\/www.sastamalankylat.fi\/tapiola\/wp-json\/wp\/v2\/media?parent=449"}],"curies":[{"name":"wp","href":"https:\/\/api.w.org\/{rel}","templated":true}]}}