{"id":32,"date":"2016-03-02T14:16:01","date_gmt":"2016-03-02T14:16:01","guid":{"rendered":"http:\/\/www.sastamalankylat.fi\/savinpyrkija\/?page_id=32"},"modified":"2016-03-02T14:24:45","modified_gmt":"2016-03-02T14:24:45","slug":"jasenkirje-2016","status":"publish","type":"page","link":"https:\/\/www.sastamalankylat.fi\/savinpyrkija\/jasenkirje-2016\/","title":{"rendered":"J\u00c4SENKIRJE 2016"},"content":{"rendered":"<p>Klikkaa j\u00e4senkirje auki t\u00e4st\u00e4\u00a0&#8211;&gt; \u00a0 <a href=\"http:\/\/www.sastamalankylat.fi\/savinpyrkija\/wp-content\/uploads\/sites\/22\/2016\/03\/S\u00c4VIN-PYRKIJ\u00c4N-J\u00c4SENKIRJE-2016.pdf\" rel=\"\">S\u00c4VIN PYRKIJ\u00c4N J\u00c4SENKIRJE 2016<\/a><\/p>\n<!-- AddThis Advanced Settings generic via filter on the_content --><!-- AddThis Share Buttons generic via filter on the_content -->","protected":false},"excerpt":{"rendered":"<p>Klikkaa j\u00e4senkirje auki t\u00e4st\u00e4\u00a0&#8211;&gt; \u00a0 S\u00c4VIN PYRKIJ\u00c4N J\u00c4SENKIRJE 2016<!-- AddThis Advanced Settings generic via filter on wp_trim_excerpt --><!-- AddThis Share Buttons generic via filter on wp_trim_excerpt --><\/p>\n","protected":false},"author":7,"featured_media":0,"parent":0,"menu_order":4,"comment_status":"closed","ping_status":"closed","template":"page-templates\/full-width.php","meta":{"jetpack_post_was_ever_published":false,"footnotes":""},"class_list":["post-32","page","type-page","status-publish","hentry"],"aioseo_notices":[],"jetpack_shortlink":"https:\/\/wp.me\/P7im36-w","jetpack_sharing_enabled":true,"_links":{"self":[{"href":"https:\/\/www.sastamalankylat.fi\/savinpyrkija\/wp-json\/wp\/v2\/pages\/32","targetHints":{"allow":["GET"]}}],"collection":[{"href":"https:\/\/www.sastamalankylat.fi\/savinpyrkija\/wp-json\/wp\/v2\/pages"}],"about":[{"href":"https:\/\/www.sastamalankylat.fi\/savinpyrkija\/wp-json\/wp\/v2\/types\/page"}],"author":[{"embeddable":true,"href":"https:\/\/www.sastamalankylat.fi\/savinpyrkija\/wp-json\/wp\/v2\/users\/7"}],"replies":[{"embeddable":true,"href":"https:\/\/www.sastamalankylat.fi\/savinpyrkija\/wp-json\/wp\/v2\/comments?post=32"}],"version-history":[{"count":5,"href":"https:\/\/www.sastamalankylat.fi\/savinpyrkija\/wp-json\/wp\/v2\/pages\/32\/revisions"}],"predecessor-version":[{"id":39,"href":"https:\/\/www.sastamalankylat.fi\/savinpyrkija\/wp-json\/wp\/v2\/pages\/32\/revisions\/39"}],"wp:attachment":[{"href":"https:\/\/www.sastamalankylat.fi\/savinpyrkija\/wp-json\/wp\/v2\/media?parent=32"}],"curies":[{"name":"wp","href":"https:\/\/api.w.org\/{rel}","templated":true}]}}