{"id":411,"date":"2013-06-09T09:10:49","date_gmt":"2013-06-09T06:10:49","guid":{"rendered":"http:\/\/www.sastamalankylat.fi\/leppalammitaipale\/?page_id=411"},"modified":"2020-06-11T21:51:18","modified_gmt":"2020-06-11T18:51:18","slug":"linkit","status":"publish","type":"page","link":"https:\/\/www.sastamalankylat.fi\/leppalammitaipale\/linkit\/","title":{"rendered":"Linkit"},"content":{"rendered":"<p><a href=\"http:\/\/www.sastamalankylat.fi\/wp-content\/uploads\/2013\/10\/Leppalammi-Taipale.pdf\">Kyl\u00e4kortti<\/a><\/p>\n<p><a href=\"http:\/\/www.sastamalankaupunki.fi\/\"><span style=\"color: #0066cc\">Sastamalan kaupunki<\/span><\/a><\/p>\n<p><a title=\"Sastamalan Kyl\u00e4t ry.\" href=\"http:\/\/www.sastamalankylat.fi\" target=\"_blank\" rel=\"noopener noreferrer\">Sastamalan Kyl\u00e4t ry<\/a><\/p>\n<p><a title=\"Suodenniemi-Seura ry.\" href=\"http:\/\/www.suodenniemi-seura.fi\" target=\"_blank\" rel=\"noopener noreferrer\">Suodenniemi-Seura ry<\/a><\/p>\n<p><a href=\"http:\/\/www.suodu.kopteri.net\/seura.html\">Suodenniemen Urheilijat<\/a><\/p>\n<p><a href=\"http:\/\/www.sastamalankylat.fi\/lahdenpera\/\">Lahdenper\u00e4n Kyl\u00e4yhdistys<\/a><\/p>\n<p><a href=\"http:\/\/www.sastamalankylat.fi\/savinpyrkija\/\">S\u00e4vin Pyrkij\u00e4 ry.<\/a><\/p>\n<p><a href=\"http:\/\/www.putaja.fi\/\">Putaja<\/a><\/p>\n<p><a href=\"http:\/\/sastamala.karttatiimi.fi\/\" target=\"_blank\" rel=\"noopener noreferrer\">Sastamalan Karttapalvelu<\/a><\/p>\n<p><a href=\"http:\/\/kansalaisen.karttapaikka.fi\/asetukset\/asetukset.html?e=274681&amp;n=6836591&amp;scale=16000&amp;tool=siirra&amp;width=1000&amp;height=1000&amp;feature=ktjraja&amp;showSRS=EPSG:3067&amp;lang=fi\">Maastokartta<\/a><\/p>\n<p><a href=\"http:\/\/maakuntakaava2040.pirkanmaa.fi\/sites\/default\/files\/Pirkanmaan%20maakunnallisesti%20arvokkaiden%20maisema-alueiden%20p%C3%A4ivitysinventointi%20RAPORTTI%202013_pieni.pdf\">Kulttuurimaisemat<\/a><\/p>\n<p><a title=\"Lavia liitettiin Poriin 2015\" href=\"http:\/\/www.pori.fi\/lavia.html\">Lavia liitettiin Poriin 2015<\/a><\/p>\n<!-- AddThis Advanced Settings generic via filter on the_content --><!-- AddThis Share Buttons generic via filter on the_content -->","protected":false},"excerpt":{"rendered":"<p>Kyl\u00e4kortti Sastamalan kaupunki Sastamalan Kyl\u00e4t ry Suodenniemi-Seura ry Suodenniemen Urheilijat Lahdenper\u00e4n Kyl\u00e4yhdistys S\u00e4vin Pyrkij\u00e4 ry. Putaja Sastamalan Karttapalvelu Maastokartta Kulttuurimaisemat Lavia liitettiin Poriin 2015<!-- AddThis Advanced Settings generic via filter on wp_trim_excerpt --><!-- AddThis Share Buttons generic via filter on wp_trim_excerpt --><\/p>\n","protected":false},"author":6,"featured_media":0,"parent":0,"menu_order":0,"comment_status":"closed","ping_status":"closed","template":"","meta":{"jetpack_post_was_ever_published":false,"footnotes":""},"class_list":["post-411","page","type-page","status-publish","hentry"],"aioseo_notices":[],"jetpack_shortlink":"https:\/\/wp.me\/P3rkfc-6D","jetpack_sharing_enabled":true,"_links":{"self":[{"href":"https:\/\/www.sastamalankylat.fi\/leppalammitaipale\/wp-json\/wp\/v2\/pages\/411","targetHints":{"allow":["GET"]}}],"collection":[{"href":"https:\/\/www.sastamalankylat.fi\/leppalammitaipale\/wp-json\/wp\/v2\/pages"}],"about":[{"href":"https:\/\/www.sastamalankylat.fi\/leppalammitaipale\/wp-json\/wp\/v2\/types\/page"}],"author":[{"embeddable":true,"href":"https:\/\/www.sastamalankylat.fi\/leppalammitaipale\/wp-json\/wp\/v2\/users\/6"}],"replies":[{"embeddable":true,"href":"https:\/\/www.sastamalankylat.fi\/leppalammitaipale\/wp-json\/wp\/v2\/comments?post=411"}],"version-history":[{"count":2,"href":"https:\/\/www.sastamalankylat.fi\/leppalammitaipale\/wp-json\/wp\/v2\/pages\/411\/revisions"}],"predecessor-version":[{"id":1681,"href":"https:\/\/www.sastamalankylat.fi\/leppalammitaipale\/wp-json\/wp\/v2\/pages\/411\/revisions\/1681"}],"wp:attachment":[{"href":"https:\/\/www.sastamalankylat.fi\/leppalammitaipale\/wp-json\/wp\/v2\/media?parent=411"}],"curies":[{"name":"wp","href":"https:\/\/api.w.org\/{rel}","templated":true}]}}

<p><a href="http://www.sastamalankylat.fi/wp-content/uploads/2013/10/Leppalammi-Taipale.pdf">Kyläkortti</a></p>
<p><a href="http://www.sastamalankaupunki.fi/"><span style="color: #0066cc">Sastamalan kaupunki</span></a></p>
<p><a title="Sastamalan Kylät ry." href="http://www.sastamalankylat.fi" target="_blank" rel="noopener noreferrer">Sastamalan Kylät ry</a></p>
<p><a title="Suodenniemi-Seura ry." href="http://www.suodenniemi-seura.fi" target="_blank" rel="noopener noreferrer">Suodenniemi-Seura ry</a></p>
<p><a href="http://www.suodu.kopteri.net/seura.html">Suodenniemen Urheilijat</a></p>
<p><a href="http://www.sastamalankylat.fi/lahdenpera/">Lahdenperän Kyläyhdistys</a></p>
<p><a href="http://www.sastamalankylat.fi/savinpyrkija/">Sävin Pyrkijä ry.</a></p>
<p><a href="http://www.putaja.fi/">Putaja</a></p>
<p><a href="http://sastamala.karttatiimi.fi/" target="_blank" rel="noopener noreferrer">Sastamalan Karttapalvelu</a></p>
<p><a href="http://kansalaisen.karttapaikka.fi/asetukset/asetukset.html?e=274681&amp;n=6836591&amp;scale=16000&amp;tool=siirra&amp;width=1000&amp;height=1000&amp;feature=ktjraja&amp;showSRS=EPSG:3067&amp;lang=fi">Maastokartta</a></p>
<p><a href="http://maakuntakaava2040.pirkanmaa.fi/sites/default/files/Pirkanmaan%20maakunnallisesti%20arvokkaiden%20maisema-alueiden%20p%C3%A4ivitysinventointi%20RAPORTTI%202013_pieni.pdf">Kulttuurimaisemat</a></p>
<p><a title="Lavia liitettiin Poriin 2015" href="http://www.pori.fi/lavia.html">Lavia liitettiin Poriin 2015</a></p>
<!-- AddThis Advanced Settings generic via filter on the_content --><!-- AddThis Share Buttons generic via filter on the_content -->

<p>Kyläkortti Sastamalan kaupunki Sastamalan Kylät ry Suodenniemi-Seura ry Suodenniemen Urheilijat Lahdenperän Kyläyhdistys Sävin Pyrkijä ry. Putaja Sastamalan Karttapalvelu Maastokartta Kulttuurimaisemat Lavia liitettiin Poriin 2015<!-- AddThis Advanced Settings generic via filter on wp_trim_excerpt --><!-- AddThis Share Buttons generic via filter on wp_trim_excerpt --></p>
