{"id":282,"date":"2013-04-26T21:45:02","date_gmt":"2013-04-26T18:45:02","guid":{"rendered":"http:\/\/www.sastamalankylat.fi\/leppalammitaipale\/?page_id=282"},"modified":"2020-06-10T23:35:20","modified_gmt":"2020-06-10T20:35:20","slug":"yhdistyksen-historia","status":"publish","type":"page","link":"https:\/\/www.sastamalankylat.fi\/leppalammitaipale\/yhdistyksen-historia\/","title":{"rendered":"Yhdistyksen historiaa"},"content":{"rendered":"<p>Lepp\u00e4lammin ja Taipaleenkyl\u00e4t olivat vaipumassa 1990-luvun molemmin puolin er\u00e4\u00e4nlaiseen taantumaan. Koulu ja kaupat olivat kadonneet kylilt\u00e4. Pienimmill\u00e4 tiloilla oli luovuttu lypsykarjanpidosta tai siirrytty jopa t\u00e4ysin karjattomaan talouteen maatalouden rakennemuutoksen johdosta. Tiloilta alettiin entist\u00e4 enemm\u00e4n k\u00e4yd\u00e4 muualla t\u00f6iss\u00e4. Monet viljelij\u00e4t olivat tulleet el\u00e4keik\u00e4\u00e4n ja nuoremmat muuttaneet opiskelun ja ty\u00f6n per\u00e4ss\u00e4 muualle ja osa ik\u00e4\u00e4ntyv\u00e4st\u00e4 v\u00e4est\u00e4 muutti kirkonkyliin parempien palvelujen \u00e4\u00e4reen.<\/p>\n<p>Kes\u00e4asukkaat olivat jo monina vuosina tuplanneet kylien v\u00e4kim\u00e4\u00e4r\u00e4n. Kyl\u00e4n asukkaat olivat kuitenkin paljolti omissa t\u00f6iss\u00e4\u00e4n eik\u00e4 harrastuksetkaan juuri kohdanneet, vaan oltiin vieraantumassa jopa naapureista. T\u00e4st\u00e4 oli huolissaan Lepp\u00e4lammin kyl\u00e4ss\u00e4 syntynyt kes\u00e4asukas Anja H\u00e4m\u00e4l\u00e4inen, joka perheineen vapaa-aikoinaan saapui joko kotitilalleen P\u00e4iv\u00e4rintaan tai kes\u00e4m\u00f6killeen Hykkyriin.<\/p>\n<p>Anja oli miettinyt el\u00e4kep\u00e4ivilleen selv\u00e4n suunnitelman, mutta jo ennen el\u00e4kkeelle j\u00e4\u00e4mist\u00e4\u00e4n, h\u00e4n alkoi puuhamaan kyl\u00e4l\u00e4isille j\u00e4rjestett\u00e4v\u00e4\u00e4 toimintaa ja kokoontumisia. T\u00e4st\u00e4 sitten saivat alkunsa kev\u00e4ttalvella j\u00e4rjestetyt ulkoilup\u00e4iv\u00e4t, jotka h\u00e4n j\u00e4rjesti ensikerran 2005. Kyl\u00e4l\u00e4iset l\u00e4htiv\u00e4t heti innolla mukaan M\u00e4kitalon t\u00f6rm\u00e4\u00e4n tapaamaan toisiaan, laskettelemaan ja paistamaan makkaraa. T\u00e4st\u00e4 innostuneena ja kuultuaan, ett\u00e4 Taipaleen koulu t\u00e4ytt\u00e4isi 100 vuotta, h\u00e4n alkoi suunnitella ja puuhata vuonna 2006 koulun perustamisen satavuotisjuhlia.<\/p>\n<p>Juhlat pidettiin 15.7.2006 ja ne olivat t\u00e4ydellinen yll\u00e4tys menestykselt\u00e4\u00e4n. Entiset koululaiset olivat l\u00e4hteneet joukolla liikkeelle ja vanhimmat mukana olleet entiset kou-lulaiset l\u00e4henteliv\u00e4t jo tuota t\u00e4ytt\u00e4 sadan vuoden ik\u00e4\u00e4. Juhlaa olivat j\u00e4rjest\u00e4m\u00e4ss\u00e4 AnjaH\u00e4m\u00e4l\u00e4inen, Marja-Liisa Niemi, Taisto Sepp\u00e4 ja Maija Prusi apujoukkoineen. Koulun satavuotisjuhlan menestyksen my\u00f6t\u00e4 oli tavallaan lausuttu ilmoille yhdistyksemme syntysanat ja kyl\u00e4l\u00e4isten keskuudessa alettiin keskustella kyl\u00e4yhdistyksen perustamisesta ja sen tarpeellisuudesta. Vilkkaan keskustelun j\u00e4lkeen enemmist\u00f6 kannatti, ett\u00e4 kyl\u00e4yhdistys perustetaan.<\/p>\n<p>Yhdistyksemme perustamiskokous pidettiin 26.11.2006 Erkkil\u00e4ss\u00e4 ja n\u00e4in sai alkunsa Lepp\u00e4lammi-Taipaleen Kotiseutuyhdistys ry. Ensimm\u00e4iseksi puheenjohtajaksi valittiin Jorma Viljanen. Kyl\u00e4l\u00e4iset olivat innolla mukana kehitt\u00e4m\u00e4ss\u00e4 toimintaa, joka edesauttaisi yhteis\u00f6llisyytt\u00e4 kyl\u00e4l\u00e4isten ja kylien kes\u00e4asukkaiden kesken. Yhdistyksen rekister\u00f6inti laitettiin vireille heti tammikuun 2007 alussa ja se sai lainvoimaisuutensa 28.3.2007.<\/p>\n<p>Yhdistykselt\u00e4 puuttui kuitenkin yhteinen kokoontumispaikka ja sellainen haluttiin rakentaa. Onneksemme saimme vuokrattua Kiinteist\u00f6 Oy Hirvel\u00e4lt\u00e4 tontin Vuohim\u00e4en juurelta. Vuokrasopimus tontista allekirjoitettiin 22.5.2008 30 vuoden ajaksi. Kodan pohjat kaivettiin 29.- 30.6.2008 oman kyl\u00e4n koneyritt\u00e4j\u00e4 Jussi Mikkolan talkooty\u00f6n\u00e4. Lattialaatan laudoitusten ja raudoitusten ty\u00f6t sek\u00e4 valu tehtiin 3.-5.7.2008. Kota pystytettiin 22.7.2008 yhden p\u00e4iv\u00e4n aikana. Talkooty\u00f6tunteja kertyi 3-10 henkiselt\u00e4 talkooporukalta yhteens\u00e4 reilut 380 tuntia.<\/p>\n<p>Kev\u00e4\u00e4n 2008 aikana oli yhdistyksen alullepanija ja innostaja Anja H\u00e4m\u00e4l\u00e4inen sairastunut vakavasti. Kodan rakentamista tehtiin hyvin surullisissa tunnelmissa, koska perustajaj\u00e4senen Anjan sairastuminen ja kuolema 4.7.2008 koettiin hyvin raskaana menetyksen\u00e4. Kota kuitenkin valmistui suunnitelmien mukaan ja Vuohikodaksi nimetty kokoontumispaikka otettiin k\u00e4ytt\u00f6\u00f6n juhlallisin menoin 27.9.2008. N\u00e4in kantoi yhteishenki ja kyl\u00e4l\u00e4isten yhteinen tahtotila j\u00e4lleen hedelm\u00e4\u00e4.<\/p>\n<p>Toiminnassamme olemme alusta asti pyrkineet ottamaan huomioon kaikenik\u00e4iset. On j\u00e4rjestetty mm. Satumets\u00e4-tapahtumaa Kakolanm\u00e4ess\u00e4, ulkoilutapahtumia talvella ja kes\u00e4ll\u00e4, patikka- ja py\u00f6r\u00e4retki\u00e4 sek\u00e4 reissuja v\u00e4h\u00e4n kotikulmia kauemmaksikin. Lis\u00e4ksi varainhankinnan merkeiss\u00e4 on j\u00e4rjestetty tapahtumaa, jos toistakin. Yhdistyksen toiminta on koettu t\u00e4rke\u00e4ksi, monesti on kokoonnuttu Vuohikodalle ja sen ymp\u00e4rist\u00f6\u00f6n yhteisten tapahtumien merkeiss\u00e4. N\u00e4in toivomme olevan tulevaisuudessakin.<\/p>\n<p>V\u00e4h\u00e4n yli kymmenen vuotta olemme nyt kulkeneet yhdess\u00e4 Lepp\u00e4lammi-Taipaleen Kotiseutuyhdistyksen kanssa. Puheenjohtajana on jatkanut vuodesta 2016 Marita Isos\u00e4vi.<\/p>\n<p>Paljon on tapahtunut menneen kymmenen vuoden aikana, paljon on my\u00f6s viel\u00e4 edess\u00e4. Pid\u00e4mme t\u00e4rke\u00e4n\u00e4, ett\u00e4 yhdistyksen j\u00e4senet ovat jatkossakin aktiivisesti mukana ideoimassa toimintaa ja kertovat mielipiteit\u00e4ns\u00e4, jotta voimme kehitt\u00e4\u00e4 toimintaamme haluttuun suuntaan. Kylille on vuosien kuluessa muuttanut paljon uusia asukkaita ja koulutaksitkin kulkevat j\u00e4lleen kyliemme teill\u00e4. T\u00e4m\u00e4 on hieno asia ja se n\u00e4kyy ihan arjessakin. Uusia taloja on rakennettu ja uusia asukaita on saatu el\u00e4v\u00f6itt\u00e4m\u00e4\u00e4n kyli\u00e4mme. Odotamme ja todenn\u00e4k\u00f6ist\u00e4 on, ett\u00e4 kyliemme nuorista kasvaa yhdistykseen kantavia voimia, jotka vaalivat perinteit\u00e4 ja kehitt\u00e4v\u00e4t yhdistyst\u00e4 pysym\u00e4ll\u00e4 muuttuvassa ajassa mukana.<\/p>\n<!-- AddThis Advanced Settings generic via filter on the_content --><!-- AddThis Share Buttons generic via filter on the_content -->","protected":false},"excerpt":{"rendered":"<p>Lepp\u00e4lammin ja Taipaleenkyl\u00e4t olivat vaipumassa 1990-luvun molemmin puolin er\u00e4\u00e4nlaiseen taantumaan. Koulu ja kaupat olivat kadonneet kylilt\u00e4. Pienimmill\u00e4 tiloilla oli luovuttu lypsykarjanpidosta tai siirrytty jopa t\u00e4ysin karjattomaan talouteen maatalouden rakennemuutoksen johdosta. Tiloilta alettiin entist\u00e4 enemm\u00e4n k\u00e4yd\u00e4 muualla t\u00f6iss\u00e4. Monet viljelij\u00e4t olivat tulleet el\u00e4keik\u00e4\u00e4n ja nuoremmat muuttaneet opiskelun ja ty\u00f6n per\u00e4ss\u00e4 muualle ja osa ik\u00e4\u00e4ntyv\u00e4st\u00e4 v\u00e4est\u00e4 muutti [&hellip;]<!-- AddThis Advanced Settings generic via filter on wp_trim_excerpt --><!-- AddThis Share Buttons generic via filter on wp_trim_excerpt --><\/p>\n","protected":false},"author":6,"featured_media":1662,"parent":0,"menu_order":0,"comment_status":"closed","ping_status":"closed","template":"","meta":{"jetpack_post_was_ever_published":false,"footnotes":""},"class_list":["post-282","page","type-page","status-publish","has-post-thumbnail","hentry"],"aioseo_notices":[],"jetpack_shortlink":"https:\/\/wp.me\/P3rkfc-4y","jetpack_sharing_enabled":true,"_links":{"self":[{"href":"https:\/\/www.sastamalankylat.fi\/leppalammitaipale\/wp-json\/wp\/v2\/pages\/282","targetHints":{"allow":["GET"]}}],"collection":[{"href":"https:\/\/www.sastamalankylat.fi\/leppalammitaipale\/wp-json\/wp\/v2\/pages"}],"about":[{"href":"https:\/\/www.sastamalankylat.fi\/leppalammitaipale\/wp-json\/wp\/v2\/types\/page"}],"author":[{"embeddable":true,"href":"https:\/\/www.sastamalankylat.fi\/leppalammitaipale\/wp-json\/wp\/v2\/users\/6"}],"replies":[{"embeddable":true,"href":"https:\/\/www.sastamalankylat.fi\/leppalammitaipale\/wp-json\/wp\/v2\/comments?post=282"}],"version-history":[{"count":2,"href":"https:\/\/www.sastamalankylat.fi\/leppalammitaipale\/wp-json\/wp\/v2\/pages\/282\/revisions"}],"predecessor-version":[{"id":1663,"href":"https:\/\/www.sastamalankylat.fi\/leppalammitaipale\/wp-json\/wp\/v2\/pages\/282\/revisions\/1663"}],"wp:featuredmedia":[{"embeddable":true,"href":"https:\/\/www.sastamalankylat.fi\/leppalammitaipale\/wp-json\/wp\/v2\/media\/1662"}],"wp:attachment":[{"href":"https:\/\/www.sastamalankylat.fi\/leppalammitaipale\/wp-json\/wp\/v2\/media?parent=282"}],"curies":[{"name":"wp","href":"https:\/\/api.w.org\/{rel}","templated":true}]}}