{"id":117,"date":"2013-04-25T21:47:51","date_gmt":"2013-04-25T18:47:51","guid":{"rendered":"http:\/\/www.sastamalankylat.fi\/leppalammitaipale\/?page_id=117"},"modified":"2020-06-10T23:04:42","modified_gmt":"2020-06-10T20:04:42","slug":"taipale","status":"publish","type":"page","link":"https:\/\/www.sastamalankylat.fi\/leppalammitaipale\/taipale\/","title":{"rendered":"Taipale"},"content":{"rendered":"<p>Taipaleen kyl\u00e4 sijoittuu entisen Suodenniemen kunnan pohjoisosiin S\u00e4vinkyl\u00e4n etel\u00e4puolelle ja Lepp\u00e4lammin- ja Lahdenper\u00e4nkylien v\u00e4liin, yhtyen luoteessa Porin kaupunkiin nyky\u00e4\u00e4n kuuluvan Lavian rajaan.<\/p>\n<p>M\u00e4rk\u00e4taipale on k\u00e4sitt\u00e4nyt aikoinaan laajan alueen, mihin edell\u00e4 mainitut kyl\u00e4t ovat my\u00f6s kuuluneet. Kyl\u00e4n arvellaan syntyneen 1200 luvun vaiheilla. M\u00e4rk\u00e4taipale on ollut muistitietojen mukaan postiosoitteena ainakin 1870 \u2013 1921 v\u00e4lisen\u00e4 aikana.<\/p>\n<p>M\u00e4rk\u00e4taipale my\u00f6hemmin Taipale, sinne\u00a0oli\u00a0muodostettu 1540 luvulla\u00a0kolme taloa, 1750 lohkottiin\u00a0yksi uudistila ja viel\u00e4 1805 lohkottiin ja muodostettiin\u00a02 taloa lis\u00e4\u00e4. Edell\u00e4 mainittuina vuosina M\u00e4rk\u00e4taipaleessa oli 6 taloa.<\/p>\n<p>Kyl\u00e4 on ollut merkitt\u00e4v\u00e4 kauppakeskus, sill\u00e4 siell\u00e4 on ollut kauppojen ja myllyjen lis\u00e4ksi merkitt\u00e4v\u00e4, parhaana aikana noin 50 henke\u00e4 ty\u00f6llist\u00e4nyt Taipaleen \u201dkaksiraaminen\u201d saha. Saha sijaitsi Taipaleenjoen varressa. Monen talon ty\u00f6miehet saivat ansionsa Taipaleen sahalta. Saha paloi, mutta viel\u00e4 my\u00f6hemmin Taipaleen ylisen-kosken kohdalla on sahattu ja sen rakennukset ja koneet ovat viel\u00e4kin olemassa. Taipaleenjoen alisen-kosken myllyn alapuolella on ollut my\u00f6s \u201dyksiraaminen\u201d saha. Monen rakennuksen katot ovat saaneet p\u00e4reens\u00e4 alisen-kosken p\u00e4reh\u00f6yl\u00e4ll\u00e4 tehdyist\u00e4 p\u00e4reist\u00e4. Taipaleessa on toiminut my\u00f6s tiilitehdas viel\u00e4 1950 luvun puoliv\u00e4liin asti. Alisen- kosken myllyll\u00e4 on tehty eri viljalajeista jauhoja. Taipaleen mylly tuotti my\u00f6s s\u00e4hk\u00f6\u00e4 laajalle alueelle eri kyliin 1920 &#8211; 1955 lukujen v\u00e4liss\u00e4. Tuohon aikaan jopa katuvalot valaisivat Taipaleen keskustaa.<\/p>\n<p>Taipaleenkyl\u00e4ss\u00e4 oli viel\u00e4 1960 luvulla mylly, kaksi kauppaa, baari ja kes\u00e4ll\u00e4 kioski. Posti noudettiin my\u00f6s aikanaan Taipaleen kaupan tiskilt\u00e4. Kyl\u00e4 koki 1970 ja -80 luvulla muuttotappiota, kun v\u00e4ki kaikkosi kaupunkeihin ty\u00f6n per\u00e4ss\u00e4. Tilanne muuttui kuitenkin -90 luvun puoliv\u00e4lin j\u00e4lkeen ja t\u00e4ll\u00e4 hetkell\u00e4 asumattomia taloja ei juurikaan ole. Taipaleen kyl\u00e4 on saanut uusia asukkaita ja lapsiperheetkin viihtyv\u00e4t.<\/p>\n<p>Lepp\u00e4lammi- Taipaleen kotiseutuyhdistys, jonka toimialueeseen kuuluu Lepp\u00e4lammin, Taipaleen ja Koivuniemen kyl\u00e4t, on perustettu vuonna 2006.<\/p>\n<!-- AddThis Advanced Settings generic via filter on the_content --><!-- AddThis Share Buttons generic via filter on the_content -->","protected":false},"excerpt":{"rendered":"<p>Taipaleen kyl\u00e4 sijoittuu entisen Suodenniemen kunnan pohjoisosiin S\u00e4vinkyl\u00e4n etel\u00e4puolelle ja Lepp\u00e4lammin- ja Lahdenper\u00e4nkylien v\u00e4liin, yhtyen luoteessa Porin kaupunkiin nyky\u00e4\u00e4n kuuluvan Lavian rajaan. M\u00e4rk\u00e4taipale on k\u00e4sitt\u00e4nyt aikoinaan laajan alueen, mihin edell\u00e4 mainitut kyl\u00e4t ovat my\u00f6s kuuluneet. Kyl\u00e4n arvellaan syntyneen 1200 luvun vaiheilla. M\u00e4rk\u00e4taipale on ollut muistitietojen mukaan postiosoitteena ainakin 1870 \u2013 1921 v\u00e4lisen\u00e4 aikana. M\u00e4rk\u00e4taipale my\u00f6hemmin [&hellip;]<!-- AddThis Advanced Settings generic via filter on wp_trim_excerpt --><!-- AddThis Share Buttons generic via filter on wp_trim_excerpt --><\/p>\n","protected":false},"author":6,"featured_media":1654,"parent":0,"menu_order":0,"comment_status":"closed","ping_status":"closed","template":"","meta":{"jetpack_post_was_ever_published":false,"footnotes":""},"class_list":["post-117","page","type-page","status-publish","has-post-thumbnail","hentry"],"aioseo_notices":[],"jetpack_shortlink":"https:\/\/wp.me\/P3rkfc-1T","jetpack_sharing_enabled":true,"_links":{"self":[{"href":"https:\/\/www.sastamalankylat.fi\/leppalammitaipale\/wp-json\/wp\/v2\/pages\/117","targetHints":{"allow":["GET"]}}],"collection":[{"href":"https:\/\/www.sastamalankylat.fi\/leppalammitaipale\/wp-json\/wp\/v2\/pages"}],"about":[{"href":"https:\/\/www.sastamalankylat.fi\/leppalammitaipale\/wp-json\/wp\/v2\/types\/page"}],"author":[{"embeddable":true,"href":"https:\/\/www.sastamalankylat.fi\/leppalammitaipale\/wp-json\/wp\/v2\/users\/6"}],"replies":[{"embeddable":true,"href":"https:\/\/www.sastamalankylat.fi\/leppalammitaipale\/wp-json\/wp\/v2\/comments?post=117"}],"version-history":[{"count":4,"href":"https:\/\/www.sastamalankylat.fi\/leppalammitaipale\/wp-json\/wp\/v2\/pages\/117\/revisions"}],"predecessor-version":[{"id":1657,"href":"https:\/\/www.sastamalankylat.fi\/leppalammitaipale\/wp-json\/wp\/v2\/pages\/117\/revisions\/1657"}],"wp:featuredmedia":[{"embeddable":true,"href":"https:\/\/www.sastamalankylat.fi\/leppalammitaipale\/wp-json\/wp\/v2\/media\/1654"}],"wp:attachment":[{"href":"https:\/\/www.sastamalankylat.fi\/leppalammitaipale\/wp-json\/wp\/v2\/media?parent=117"}],"curies":[{"name":"wp","href":"https:\/\/api.w.org\/{rel}","templated":true}]}}