{"id":536,"date":"2026-04-12T09:29:07","date_gmt":"2026-04-12T06:29:07","guid":{"rendered":"https:\/\/www.sastamalankylat.fi\/lahdenpera\/?page_id=536"},"modified":"2026-04-12T12:16:41","modified_gmt":"2026-04-12T09:16:41","slug":"hujulahden-suulitanssit-la-11-7-2026","status":"publish","type":"page","link":"https:\/\/www.sastamalankylat.fi\/lahdenpera\/hujulahden-suulitanssit-la-11-7-2026\/","title":{"rendered":"Hujulahden suulitanssit la 11.7.2026"},"content":{"rendered":"<p><a href=\"http:\/\/www.sastamalankylat.fi\/lahdenpera\/wp-content\/uploads\/sites\/18\/2026\/04\/hujulahden-suulitanssit.png\"><img loading=\"lazy\" decoding=\"async\" class=\"alignnone wp-image-586\" src=\"http:\/\/www.sastamalankylat.fi\/lahdenpera\/wp-content\/uploads\/sites\/18\/2026\/04\/hujulahden-suulitanssit-244x300.png\" alt=\"Suulitanssien mainos, jossa Tanssiorkesteri Veikko Niemisen j\u00e4senet\" width=\"618\" height=\"760\" srcset=\"https:\/\/www.sastamalankylat.fi\/lahdenpera\/wp-content\/uploads\/sites\/18\/2026\/04\/hujulahden-suulitanssit-244x300.png 244w, https:\/\/www.sastamalankylat.fi\/lahdenpera\/wp-content\/uploads\/sites\/18\/2026\/04\/hujulahden-suulitanssit-768x943.png 768w, https:\/\/www.sastamalankylat.fi\/lahdenpera\/wp-content\/uploads\/sites\/18\/2026\/04\/hujulahden-suulitanssit-624x766.png 624w, https:\/\/www.sastamalankylat.fi\/lahdenpera\/wp-content\/uploads\/sites\/18\/2026\/04\/hujulahden-suulitanssit.png 822w\" sizes=\"auto, (max-width: 618px) 100vw, 618px\" \/><\/a><\/p>\n<p>Tapahtuman tarkemmat tiedot p\u00e4ivittyv\u00e4t l\u00e4hemp\u00e4n\u00e4 tapahtumaa. Jos haluat tilata tiedot niiden t\u00e4smennytty\u00e4 suoraan s\u00e4hk\u00f6postiisi, l\u00e4het\u00e4 Lahdenper\u00e4n Kyl\u00e4yhdistykselle s\u00e4hk\u00f6postia <a href=\"mailto:lahdenperankyla@gmail.com?subject=Infopyynt\u00f6%20Hujulahden%20tansseista\">t\u00e4st\u00e4<\/a>.<\/p>\n<!-- AddThis Advanced Settings generic via filter on the_content --><!-- AddThis Share Buttons generic via filter on the_content -->","protected":false},"excerpt":{"rendered":"<p>Tapahtuman tarkemmat tiedot p\u00e4ivittyv\u00e4t l\u00e4hemp\u00e4n\u00e4 tapahtumaa. Jos haluat tilata tiedot niiden t\u00e4smennytty\u00e4 suoraan s\u00e4hk\u00f6postiisi, l\u00e4het\u00e4 Lahdenper\u00e4n Kyl\u00e4yhdistykselle s\u00e4hk\u00f6postia t\u00e4st\u00e4.<!-- AddThis Advanced Settings generic via filter on wp_trim_excerpt --><!-- AddThis Share Buttons generic via filter on wp_trim_excerpt --><\/p>\n","protected":false},"author":50,"featured_media":0,"parent":0,"menu_order":0,"comment_status":"closed","ping_status":"closed","template":"page-templates\/full-width.php","meta":{"jetpack_post_was_ever_published":false,"footnotes":""},"class_list":["post-536","page","type-page","status-publish","hentry"],"aioseo_notices":[],"jetpack_shortlink":"https:\/\/wp.me\/P9LdTQ-8E","jetpack_sharing_enabled":true,"_links":{"self":[{"href":"https:\/\/www.sastamalankylat.fi\/lahdenpera\/wp-json\/wp\/v2\/pages\/536","targetHints":{"allow":["GET"]}}],"collection":[{"href":"https:\/\/www.sastamalankylat.fi\/lahdenpera\/wp-json\/wp\/v2\/pages"}],"about":[{"href":"https:\/\/www.sastamalankylat.fi\/lahdenpera\/wp-json\/wp\/v2\/types\/page"}],"author":[{"embeddable":true,"href":"https:\/\/www.sastamalankylat.fi\/lahdenpera\/wp-json\/wp\/v2\/users\/50"}],"replies":[{"embeddable":true,"href":"https:\/\/www.sastamalankylat.fi\/lahdenpera\/wp-json\/wp\/v2\/comments?post=536"}],"version-history":[{"count":6,"href":"https:\/\/www.sastamalankylat.fi\/lahdenpera\/wp-json\/wp\/v2\/pages\/536\/revisions"}],"predecessor-version":[{"id":588,"href":"https:\/\/www.sastamalankylat.fi\/lahdenpera\/wp-json\/wp\/v2\/pages\/536\/revisions\/588"}],"wp:attachment":[{"href":"https:\/\/www.sastamalankylat.fi\/lahdenpera\/wp-json\/wp\/v2\/media?parent=536"}],"curies":[{"name":"wp","href":"https:\/\/api.w.org\/{rel}","templated":true}]}}