{"id":489,"date":"2025-11-24T18:25:11","date_gmt":"2025-11-24T16:25:11","guid":{"rendered":"http:\/\/www.sastamalankylat.fi\/lahdenpera\/?page_id=489"},"modified":"2026-04-12T13:55:17","modified_gmt":"2026-04-12T10:55:17","slug":"paikalliset-palvelut-ja-yritykset","status":"publish","type":"page","link":"https:\/\/www.sastamalankylat.fi\/lahdenpera\/paikalliset-palvelut-ja-yritykset\/","title":{"rendered":"Paikalliset palvelut ja yritykset"},"content":{"rendered":"<p>T\u00e4\u00e4lt\u00e4 l\u00f6yd\u00e4t tulevaisuudessa tietoja lahdenper\u00e4l\u00e4isist\u00e4 yritt\u00e4jist\u00e4 sek\u00e4 heid\u00e4n palveluistaan \/ tuotteistaan.<\/p>\n<p>&nbsp;<\/p>\n<h2>Hohoi paikallinen yritt\u00e4j\u00e4! Juuri SIN\u00c4!<\/h2>\n<p>Jos haluat yhteystietosi ja palvelutarjontasi n\u00e4kyviin t\u00e4lle sivulle, l\u00e4het\u00e4 yhteystietosi, tiedot palveluvalikoimastasi ja mahdollinen logosi, br\u00e4nditunnuksesi tms. kyl\u00e4yhdistykselle <a href=\"mailto:lahdenperankyla@gmail.com?subject=Paikallisen%20yritt\u00e4j\u00e4n%20tiedot\">t\u00e4st\u00e4<\/a> \u2013 kiitos! \u2764\ufe0f Tietosi jakamalla vaikutat asuinalueemme julkikuvaan ja osallistut alueemme elinvoimaisuuden sanoman levitt\u00e4miseen.<\/p>\n<!-- AddThis Advanced Settings generic via filter on the_content --><!-- AddThis Share Buttons generic via filter on the_content -->","protected":false},"excerpt":{"rendered":"<p>T\u00e4\u00e4lt\u00e4 l\u00f6yd\u00e4t tulevaisuudessa tietoja lahdenper\u00e4l\u00e4isist\u00e4 yritt\u00e4jist\u00e4 sek\u00e4 heid\u00e4n palveluistaan \/ tuotteistaan. &nbsp; Hohoi paikallinen yritt\u00e4j\u00e4! Juuri SIN\u00c4! Jos haluat yhteystietosi ja palvelutarjontasi n\u00e4kyviin t\u00e4lle sivulle, l\u00e4het\u00e4 yhteystietosi, tiedot palveluvalikoimastasi ja mahdollinen logosi, br\u00e4nditunnuksesi tms. kyl\u00e4yhdistykselle t\u00e4st\u00e4 \u2013 kiitos! \u2764\ufe0f Tietosi jakamalla vaikutat asuinalueemme julkikuvaan ja osallistut alueemme elinvoimaisuuden sanoman levitt\u00e4miseen.<!-- AddThis Advanced Settings generic via filter on wp_trim_excerpt --><!-- AddThis Share Buttons generic via filter on wp_trim_excerpt --><\/p>\n","protected":false},"author":50,"featured_media":0,"parent":0,"menu_order":0,"comment_status":"closed","ping_status":"closed","template":"page-templates\/full-width.php","meta":{"jetpack_post_was_ever_published":false,"footnotes":""},"class_list":["post-489","page","type-page","status-publish","hentry"],"aioseo_notices":[],"jetpack_shortlink":"https:\/\/wp.me\/P9LdTQ-7T","jetpack_sharing_enabled":true,"_links":{"self":[{"href":"https:\/\/www.sastamalankylat.fi\/lahdenpera\/wp-json\/wp\/v2\/pages\/489","targetHints":{"allow":["GET"]}}],"collection":[{"href":"https:\/\/www.sastamalankylat.fi\/lahdenpera\/wp-json\/wp\/v2\/pages"}],"about":[{"href":"https:\/\/www.sastamalankylat.fi\/lahdenpera\/wp-json\/wp\/v2\/types\/page"}],"author":[{"embeddable":true,"href":"https:\/\/www.sastamalankylat.fi\/lahdenpera\/wp-json\/wp\/v2\/users\/50"}],"replies":[{"embeddable":true,"href":"https:\/\/www.sastamalankylat.fi\/lahdenpera\/wp-json\/wp\/v2\/comments?post=489"}],"version-history":[{"count":4,"href":"https:\/\/www.sastamalankylat.fi\/lahdenpera\/wp-json\/wp\/v2\/pages\/489\/revisions"}],"predecessor-version":[{"id":606,"href":"https:\/\/www.sastamalankylat.fi\/lahdenpera\/wp-json\/wp\/v2\/pages\/489\/revisions\/606"}],"wp:attachment":[{"href":"https:\/\/www.sastamalankylat.fi\/lahdenpera\/wp-json\/wp\/v2\/media?parent=489"}],"curies":[{"name":"wp","href":"https:\/\/api.w.org\/{rel}","templated":true}]}}

<p>Täältä löydät tulevaisuudessa tietoja lahdenperäläisistä yrittäjistä sekä heidän palveluistaan / tuotteistaan.</p>
<p>&nbsp;</p>
<h2>Hohoi paikallinen yrittäjä! Juuri SINÄ!</h2>
<p>Jos haluat yhteystietosi ja palvelutarjontasi näkyviin tälle sivulle, lähetä yhteystietosi, tiedot palveluvalikoimastasi ja mahdollinen logosi, bränditunnuksesi tms. kyläyhdistykselle <a href="mailto:lahdenperankyla@gmail.com?subject=Paikallisen%20yrittäjän%20tiedot">tästä</a> – kiitos! ❤️ Tietosi jakamalla vaikutat asuinalueemme julkikuvaan ja osallistut alueemme elinvoimaisuuden sanoman levittämiseen.</p>
<!-- AddThis Advanced Settings generic via filter on the_content --><!-- AddThis Share Buttons generic via filter on the_content -->

<p>Täältä löydät tulevaisuudessa tietoja lahdenperäläisistä yrittäjistä sekä heidän palveluistaan / tuotteistaan. &nbsp; Hohoi paikallinen yrittäjä! Juuri SINÄ! Jos haluat yhteystietosi ja palvelutarjontasi näkyviin tälle sivulle, lähetä yhteystietosi, tiedot palveluvalikoimastasi ja mahdollinen logosi, bränditunnuksesi tms. kyläyhdistykselle tästä – kiitos! ❤️ Tietosi jakamalla vaikutat asuinalueemme julkikuvaan ja osallistut alueemme elinvoimaisuuden sanoman levittämiseen.<!-- AddThis Advanced Settings generic via filter on wp_trim_excerpt --><!-- AddThis Share Buttons generic via filter on wp_trim_excerpt --></p>
