{"id":483,"date":"2025-11-24T18:21:34","date_gmt":"2025-11-24T16:21:34","guid":{"rendered":"http:\/\/www.sastamalankylat.fi\/lahdenpera\/?page_id=483"},"modified":"2026-04-12T10:05:44","modified_gmt":"2026-04-12T07:05:44","slug":"menneet-tapahtumat","status":"publish","type":"page","link":"https:\/\/www.sastamalankylat.fi\/lahdenpera\/menneet-tapahtumat\/","title":{"rendered":"Yhteenveto vuoden 2025 toiminnasta"},"content":{"rendered":"<h1>Vuonna 2025 toiminnassa puhalsivat uudet tuulet<\/h1>\n<p>Lahdenper\u00e4n kyl\u00e4yhdistyksen vuosi 2025 k\u00e4ynnistyi helmikuun alussa pidetyll\u00e4 vuosikokouksella. Samana p\u00e4iv\u00e4n\u00e4 kokoonnuttiin Rantatuvalle keskustelemaan arjen varautumisesta ja siit\u00e4, miten erilaisiin h\u00e4iri\u00f6tilanteisiin olisi hyv\u00e4 kotona varautua. Vuoden ensimm\u00e4inen bingo pelattiin jo helmikuun puoliv\u00e4liss\u00e4.<\/p>\n<h3><b>Kev\u00e4tt\u00e4 kohti<\/b><\/h3>\n<p>Maaliskuussa bingoiltiin taas, ja pidentynyt p\u00e4iv\u00e4 houkutteli paikalle tuplam\u00e4\u00e4r\u00e4n v\u00e4ke\u00e4 ekaan kertaan verrattuna. Rannassa tehtiin kaivuut\u00f6it\u00e4 talviuimalaituria varten. V\u00e4ki saapui kuun lopun\u00a0 kinkereihin kirjaimellisesti ravassa kahlaten, sill\u00e4 piha oli kaivuut\u00f6iden j\u00e4ljilt\u00e4 varsin kurainen. Kes\u00e4n tuloon valmistauduttiin siivoustalkoilla, joissa puolentoista kymmenen kyl\u00e4l\u00e4isen voimin siistittiin pihapiiri kes\u00e4\u00e4 ja jo ovella olevaa \u00e4itienp\u00e4iv\u00e4juhlaa varten. Itse juhla vietettiin t\u00e4ll\u00e4 kertaa jo perjantaina, jotta kukin voisi viett\u00e4\u00e4 varsinaisen p\u00e4iv\u00e4n omassa perhepiiriss\u00e4\u00e4n.<\/p>\n<h3><b>Lauteilla ja katsomossa<\/b><\/h3>\n<p>Kes\u00e4kuun alussa k\u00e4ynnistyiv\u00e4t perinteiset keskiviikkosaunat. Juhannusaaton vapaamuotoinen kokoontuminen houkutteli Rantatuvalle v\u00e4ke\u00e4 my\u00f6s kauempaa, ja juhannuskokolla piipahti kaikkiaan 34 henke\u00e4. Hein\u00e4kuu oli erityisen vilkas ja s\u00e4\u00e4nn\u00f6llisen saunomisen lis\u00e4ksi kyl\u00e4l\u00e4iset tekiv\u00e4t Suodenniemi-Seuran kanssa teatteriretken Nokialle katsomaan <i>Sininen\u00a0 uni<\/i> -n\u00e4ytelm\u00e4\u00e4, j\u00e4rjestiv\u00e4t kaksip\u00e4iv\u00e4isen Pihakirppissuunnistuksen sek\u00e4 vastasivat taas vuorollaan Suoden-niemen torin kahvituksesta.<\/p>\n<h3><b>Syksyn tapahtumia<\/b><\/h3>\n<p>Sauna l\u00e4mpeni syyskuun loppuun asti. Lokakuussa Rantatuvalle kutsuttiin vieraiksi Suodenniemell\u00e4 pitk\u00e4\u00e4n kokoontunut Filosofiapiiri, jonka aiheena t\u00e4ll\u00e4 kertaa oli <i>Seit<\/i><i>sem\u00e4n<\/i><i> kuolemansynti\u00e4 \u2013 kenties kahdeksankin<\/i>. Syyskaudella bingo k\u00e4ynnistyi taas uudelleen.<\/p>\n<p>Marraskuussa Pirkan Kyl\u00e4t ry:n\u00a0\u00c4lykk\u00e4\u00e4t kyl\u00e4talot \u2013hankkeessa kyl\u00e4taloagenttina toimiva sihteerimme Heidi Rannikko esitteli keinoja parantaa yhteis\u00f6tasolla varautumista erilaisiin h\u00e4iri\u00f6tilanteisiin. Kuun lopulla kyl\u00e4l\u00e4iset kokoontuivat pohtimaan tulevaisuutta ja p\u00e4\u00e4ttiv\u00e4t, ett\u00e4 vuoden vaihteesta alkaen Rantatuvan ovet ovat avoinna kes\u00e4kauden ulkopuolella joka perjantai vapaamuotoisille kohtaamisille. Joulukuussa kokoonnuttiin\u00a0 <i>Kauneimmat joululaulut <\/i>\u2013tilaisuuteen sek\u00e4 lopuksi kinkkubingoon. Vaikka aktiivien joukko on pieni, vuoden aikana saatiin aikaan paljon yhteist\u00e4 toimintaa \u2013 siit\u00e4 on syyt\u00e4 olla ylpe\u00e4.<\/p>\n<h3><b>Vuosi numeroina:<\/b><\/h3>\n<ul>\n<li>40 tilaisuutta ja tapahtumaa.<\/li>\n<li>Sauna l\u00e4mpeni 17 kertaa<\/li>\n<li>Lauteilla saunoi liki 200 ihmist\u00e4<\/li>\n<li>475 puumerkki\u00e4 vieraskirjaan<\/li>\n<li>84 j\u00e4sent\u00e4<\/li>\n<\/ul>\n<!-- AddThis Advanced Settings generic via filter on the_content --><!-- AddThis Share Buttons generic via filter on the_content -->","protected":false},"excerpt":{"rendered":"<p>Vuonna 2025 toiminnassa puhalsivat uudet tuulet Lahdenper\u00e4n kyl\u00e4yhdistyksen vuosi 2025 k\u00e4ynnistyi helmikuun alussa pidetyll\u00e4 vuosikokouksella. Samana p\u00e4iv\u00e4n\u00e4 kokoonnuttiin Rantatuvalle keskustelemaan arjen varautumisesta ja siit\u00e4, miten erilaisiin h\u00e4iri\u00f6tilanteisiin olisi hyv\u00e4 kotona varautua. Vuoden ensimm\u00e4inen bingo pelattiin jo helmikuun puoliv\u00e4liss\u00e4. Kev\u00e4tt\u00e4 kohti Maaliskuussa bingoiltiin taas, ja pidentynyt p\u00e4iv\u00e4 houkutteli paikalle tuplam\u00e4\u00e4r\u00e4n v\u00e4ke\u00e4 ekaan kertaan verrattuna. Rannassa tehtiin [&hellip;]<!-- AddThis Advanced Settings generic via filter on wp_trim_excerpt --><!-- AddThis Share Buttons generic via filter on wp_trim_excerpt --><\/p>\n","protected":false},"author":50,"featured_media":0,"parent":0,"menu_order":0,"comment_status":"closed","ping_status":"closed","template":"page-templates\/full-width.php","meta":{"jetpack_post_was_ever_published":false,"footnotes":""},"class_list":["post-483","page","type-page","status-publish","hentry"],"aioseo_notices":[],"jetpack_shortlink":"https:\/\/wp.me\/P9LdTQ-7N","jetpack_sharing_enabled":true,"_links":{"self":[{"href":"https:\/\/www.sastamalankylat.fi\/lahdenpera\/wp-json\/wp\/v2\/pages\/483","targetHints":{"allow":["GET"]}}],"collection":[{"href":"https:\/\/www.sastamalankylat.fi\/lahdenpera\/wp-json\/wp\/v2\/pages"}],"about":[{"href":"https:\/\/www.sastamalankylat.fi\/lahdenpera\/wp-json\/wp\/v2\/types\/page"}],"author":[{"embeddable":true,"href":"https:\/\/www.sastamalankylat.fi\/lahdenpera\/wp-json\/wp\/v2\/users\/50"}],"replies":[{"embeddable":true,"href":"https:\/\/www.sastamalankylat.fi\/lahdenpera\/wp-json\/wp\/v2\/comments?post=483"}],"version-history":[{"count":6,"href":"https:\/\/www.sastamalankylat.fi\/lahdenpera\/wp-json\/wp\/v2\/pages\/483\/revisions"}],"predecessor-version":[{"id":552,"href":"https:\/\/www.sastamalankylat.fi\/lahdenpera\/wp-json\/wp\/v2\/pages\/483\/revisions\/552"}],"wp:attachment":[{"href":"https:\/\/www.sastamalankylat.fi\/lahdenpera\/wp-json\/wp\/v2\/media?parent=483"}],"curies":[{"name":"wp","href":"https:\/\/api.w.org\/{rel}","templated":true}]}}