{"id":39,"date":"2013-10-18T13:25:52","date_gmt":"2013-10-18T10:25:52","guid":{"rendered":"http:\/\/www.sastamalankylat.fi\/kiikka\/?page_id=39"},"modified":"2013-10-18T13:30:15","modified_gmt":"2013-10-18T10:30:15","slug":"yhdistys","status":"publish","type":"page","link":"https:\/\/www.sastamalankylat.fi\/kiikka\/yhdistys\/","title":{"rendered":"Yhdistys"},"content":{"rendered":"<div id=\"attachment_41\" style=\"width: 210px\" class=\"wp-caption alignright\"><img data-recalc-dims=\"1\" loading=\"lazy\" decoding=\"async\" aria-describedby=\"caption-attachment-41\" class=\"size-full wp-image-41 \" alt=\"Kiikan Kyl\u00e4seuran logon on piirt\u00e4nyt Erkki Aaltonen\" src=\"https:\/\/i0.wp.com\/www.sastamalankylat.fi\/kiikka\/wp-content\/uploads\/sites\/15\/2013\/10\/Kiikan-Kyl%C3%A4seuran-logon-on-piirt%C3%A4nyt-Erkki-Aaltonen.jpg?resize=200%2C140\" width=\"200\" height=\"140\" \/><p id=\"caption-attachment-41\" class=\"wp-caption-text\">Kiikan Kyl\u00e4seuran logon on piirt\u00e4nyt Erkki Aaltonen<\/p><\/div>\n<p>Kiikan kyl\u00e4seura on toiminut kyl\u00e4n kehitt\u00e4miseksi monin tavoin. Kyl\u00e4seura perustettiin, kun kyl\u00e4n posti lakkautettiin. Olemme olleet mukana vaikuttamassa kyl\u00e4n ulkoiseen ilmeeseen sek\u00e4 j\u00e4rjest\u00e4neet koulutustilaisuuksia ja virkistystoimintaa asukkaille.<\/p>\n<p>Helmikuusta 1999 meill\u00e4 on ollut oma kyl\u00e4toimisto.<\/p>\n<p>Kes\u00e4ll\u00e4 1999 kunnostettiin Kiikan 1858 valmistunut lainaviljamakasiini talkoilla. Kes\u00e4ll\u00e4 2000 siell\u00e4 aloitettiin n\u00e4yttelykahviotoiminta. Oma kyl\u00e4kirja, joka sis\u00e4lt\u00e4\u00e4 runsaasti vanhoja valokuvia Kiikasta, ilmestyi kev\u00e4\u00e4ll\u00e4 2000. Omaa tiedotetta jaetaan asukkaille muutaman kerran vuodessa. Olemme tehneet yhteisty\u00f6t\u00e4 useiden muiden j\u00e4rjest\u00f6jen kanssa.<\/p>\n<div id=\"attachment_44\" style=\"width: 829px\" class=\"wp-caption aligncenter\"><a href=\"https:\/\/i0.wp.com\/www.sastamalankylat.fi\/kiikka\/wp-content\/uploads\/sites\/15\/2013\/10\/Lainamakasiini-sijaitsee-kirkon-kupeessa.jpg\"><img data-recalc-dims=\"1\" loading=\"lazy\" decoding=\"async\" aria-describedby=\"caption-attachment-44\" class=\"size-full wp-image-44\" alt=\"Lainamakasiini sijaitsee kirkon kupeessa\" src=\"https:\/\/i0.wp.com\/www.sastamalankylat.fi\/kiikka\/wp-content\/uploads\/sites\/15\/2013\/10\/Lainamakasiini-sijaitsee-kirkon-kupeessa.jpg?resize=625%2C469\" width=\"625\" height=\"469\" srcset=\"https:\/\/i0.wp.com\/www.sastamalankylat.fi\/kiikka\/wp-content\/uploads\/sites\/15\/2013\/10\/Lainamakasiini-sijaitsee-kirkon-kupeessa.jpg?w=819&amp;ssl=1 819w, https:\/\/i0.wp.com\/www.sastamalankylat.fi\/kiikka\/wp-content\/uploads\/sites\/15\/2013\/10\/Lainamakasiini-sijaitsee-kirkon-kupeessa.jpg?resize=300%2C224&amp;ssl=1 300w, https:\/\/i0.wp.com\/www.sastamalankylat.fi\/kiikka\/wp-content\/uploads\/sites\/15\/2013\/10\/Lainamakasiini-sijaitsee-kirkon-kupeessa.jpg?resize=624%2C467&amp;ssl=1 624w\" sizes=\"auto, (max-width: 625px) 100vw, 625px\" \/><\/a><p id=\"caption-attachment-44\" class=\"wp-caption-text\">Lainamakasiini sijaitsee kirkon kupeessa<\/p><\/div>\n<p>Kokoustila Bastu<\/p>\n<div id=\"attachment_42\" style=\"width: 829px\" class=\"wp-caption aligncenter\"><a href=\"https:\/\/i0.wp.com\/www.sastamalankylat.fi\/kiikka\/wp-content\/uploads\/sites\/15\/2013\/10\/Kokoustila-Bastu.jpg\"><img data-recalc-dims=\"1\" loading=\"lazy\" decoding=\"async\" aria-describedby=\"caption-attachment-42\" class=\"size-full wp-image-42\" alt=\"Kokoustila Bastu\" src=\"https:\/\/i0.wp.com\/www.sastamalankylat.fi\/kiikka\/wp-content\/uploads\/sites\/15\/2013\/10\/Kokoustila-Bastu.jpg?resize=625%2C469\" width=\"625\" height=\"469\" srcset=\"https:\/\/i0.wp.com\/www.sastamalankylat.fi\/kiikka\/wp-content\/uploads\/sites\/15\/2013\/10\/Kokoustila-Bastu.jpg?w=819&amp;ssl=1 819w, https:\/\/i0.wp.com\/www.sastamalankylat.fi\/kiikka\/wp-content\/uploads\/sites\/15\/2013\/10\/Kokoustila-Bastu.jpg?resize=300%2C224&amp;ssl=1 300w, https:\/\/i0.wp.com\/www.sastamalankylat.fi\/kiikka\/wp-content\/uploads\/sites\/15\/2013\/10\/Kokoustila-Bastu.jpg?resize=624%2C467&amp;ssl=1 624w\" sizes=\"auto, (max-width: 625px) 100vw, 625px\" \/><\/a><p id=\"caption-attachment-42\" class=\"wp-caption-text\">Kokoustila Bastu<\/p><\/div>\n<p>Kudonta-asema<\/p>\n<p>Kudontajaosto on kyl\u00e4seuran alajaosto, joka perustettiin 1999, jatkamaan Satakunnan k\u00e4si- ja taideteollisuusyhdistyksen yll\u00e4pit\u00e4m\u00e4\u00e4 kudontatoimintaa Kiikassa. Kudontajaosto huolehtii talkoovoimin kudontatiloista, tarvikkeista ja luo loimet kutojille. He my\u00f6s auttavat muita kutojia. Kutomaan ovat tervetulleita kaikki kutomisesta kiinnostuneet. Toiminnan luonne kutojille on sama kuin ennen kyl\u00e4seuralle siirtymist\u00e4. Kudontajaosto on j\u00e4rjest\u00e4nyt koulutusta kutojille kev\u00e4\u00e4ll\u00e4 2000.<\/p>\n<p>Nykyisin kudonta-aseman tiloja is\u00e4nn\u00f6i Sastamalan Opisto, joka pit\u00e4\u00e4 asemalla kudontakurssia. (Kutojat maksavat opistolle kurssimaksun).<\/p>\n<div id=\"attachment_43\" style=\"width: 829px\" class=\"wp-caption aligncenter\"><a href=\"https:\/\/i0.wp.com\/www.sastamalankylat.fi\/kiikka\/wp-content\/uploads\/sites\/15\/2013\/10\/Kudonta-asema.jpg\"><img data-recalc-dims=\"1\" loading=\"lazy\" decoding=\"async\" aria-describedby=\"caption-attachment-43\" class=\"size-full wp-image-43\" alt=\"Kudonta-asema\" src=\"https:\/\/i0.wp.com\/www.sastamalankylat.fi\/kiikka\/wp-content\/uploads\/sites\/15\/2013\/10\/Kudonta-asema.jpg?resize=625%2C469\" width=\"625\" height=\"469\" srcset=\"https:\/\/i0.wp.com\/www.sastamalankylat.fi\/kiikka\/wp-content\/uploads\/sites\/15\/2013\/10\/Kudonta-asema.jpg?w=819&amp;ssl=1 819w, https:\/\/i0.wp.com\/www.sastamalankylat.fi\/kiikka\/wp-content\/uploads\/sites\/15\/2013\/10\/Kudonta-asema.jpg?resize=300%2C224&amp;ssl=1 300w, https:\/\/i0.wp.com\/www.sastamalankylat.fi\/kiikka\/wp-content\/uploads\/sites\/15\/2013\/10\/Kudonta-asema.jpg?resize=624%2C467&amp;ssl=1 624w\" sizes=\"auto, (max-width: 625px) 100vw, 625px\" \/><\/a><p id=\"caption-attachment-43\" class=\"wp-caption-text\">Kudonta-asema<\/p><\/div>\n<!-- AddThis Advanced Settings generic via filter on the_content --><!-- AddThis Share Buttons generic via filter on the_content -->","protected":false},"excerpt":{"rendered":"<p>Kiikan kyl\u00e4seura on toiminut kyl\u00e4n kehitt\u00e4miseksi monin tavoin. Kyl\u00e4seura perustettiin, kun kyl\u00e4n posti lakkautettiin. Olemme olleet mukana vaikuttamassa kyl\u00e4n ulkoiseen ilmeeseen sek\u00e4 j\u00e4rjest\u00e4neet koulutustilaisuuksia ja virkistystoimintaa asukkaille. Helmikuusta 1999 meill\u00e4 on ollut oma kyl\u00e4toimisto. Kes\u00e4ll\u00e4 1999 kunnostettiin Kiikan 1858 valmistunut lainaviljamakasiini talkoilla. Kes\u00e4ll\u00e4 2000 siell\u00e4 aloitettiin n\u00e4yttelykahviotoiminta. Oma kyl\u00e4kirja, joka sis\u00e4lt\u00e4\u00e4 runsaasti vanhoja valokuvia Kiikasta, [&hellip;]<!-- AddThis Advanced Settings generic via filter on wp_trim_excerpt --><!-- AddThis Share Buttons generic via filter on wp_trim_excerpt --><\/p>\n","protected":false},"author":1,"featured_media":0,"parent":0,"menu_order":0,"comment_status":"closed","ping_status":"open","template":"","meta":{"jetpack_post_was_ever_published":false,"footnotes":""},"class_list":["post-39","page","type-page","status-publish","hentry"],"aioseo_notices":[],"jetpack_shortlink":"https:\/\/wp.me\/P41vbJ-D","jetpack_sharing_enabled":true,"_links":{"self":[{"href":"https:\/\/www.sastamalankylat.fi\/kiikka\/wp-json\/wp\/v2\/pages\/39","targetHints":{"allow":["GET"]}}],"collection":[{"href":"https:\/\/www.sastamalankylat.fi\/kiikka\/wp-json\/wp\/v2\/pages"}],"about":[{"href":"https:\/\/www.sastamalankylat.fi\/kiikka\/wp-json\/wp\/v2\/types\/page"}],"author":[{"embeddable":true,"href":"https:\/\/www.sastamalankylat.fi\/kiikka\/wp-json\/wp\/v2\/users\/1"}],"replies":[{"embeddable":true,"href":"https:\/\/www.sastamalankylat.fi\/kiikka\/wp-json\/wp\/v2\/comments?post=39"}],"version-history":[{"count":0,"href":"https:\/\/www.sastamalankylat.fi\/kiikka\/wp-json\/wp\/v2\/pages\/39\/revisions"}],"wp:attachment":[{"href":"https:\/\/www.sastamalankylat.fi\/kiikka\/wp-json\/wp\/v2\/media?parent=39"}],"curies":[{"name":"wp","href":"https:\/\/api.w.org\/{rel}","templated":true}]}}