{"id":2,"date":"2013-10-16T10:24:06","date_gmt":"2013-10-16T07:24:06","guid":{"rendered":"http:\/\/www.sastamalankylat.fi\/kiikka\/?page_id=2"},"modified":"2021-03-17T16:16:02","modified_gmt":"2021-03-17T14:16:02","slug":"esimerkkisivu","status":"publish","type":"page","link":"https:\/\/www.sastamalankylat.fi\/kiikka\/","title":{"rendered":"Tervetuloa Kiikkaan!"},"content":{"rendered":"<p><strong>Kiikan kyl\u00e4seura ry on perustettu vuonna 1996. Seuran j\u00e4senm\u00e4\u00e4r\u00e4 on nykyisin noin 230. Kyl\u00e4seuran alueella on n. 750 taloutta. Meill\u00e4 on t\u00e4ll\u00e4 hetkell\u00e4 k\u00e4yt\u00f6ss\u00e4mme omat tilat Sastamalan kaupungin omistamassa vanhassa koulukiinteist\u00f6ss\u00e4 Kiikan kirjaston naapurissa.<\/strong><\/p>\n<h3>Historiaa<\/h3>\n<p>Kiikan kyl\u00e4seuran toiminta-alue koostuu p\u00e4\u00e4osin Kiikan, Kiikanojan, Kinnalan, Vakkalan, Unkelan, Hykkerl\u00e4n, Kikkerl\u00e4n, Ruotsilan, Ritalan, Meskalan, Tormilan, Raukon ja Talan kylist\u00e4 entisess\u00e4 Kiikan kunnassa. Olemme siis 13 historiallisen kyl\u00e4n yhteis\u00f6 Kokem\u00e4enjoen pohjoisrannalla.<\/p>\n<p>Kiikan historia alkoi jo ennen vuotta 1250. Osa kylist\u00e4mme on varhaiskeskiajalta. Kiikan keskus\u00adtassa on pappilan l\u00e4hist\u00f6ll\u00e4 vanha kalmistoalue. Alueelta saatiin p\u00e4iv\u00e4nvaloon 1881 kaksiter\u00e4inen miekka. Nykyisen hautausmaan laajennuksen yhteydess\u00e4 1890 l\u00f6ytyi merovinkiaikainen (600-800 jkr) aarrek\u00e4tk\u00f6. Sen t\u00e4rkein esine Kiikan kolmioneula, yksi aikakautensa upeimmista koruista, kuuluu kansallismuseon kokoelmiin.<\/p>\n<p>Kansantarinoiden mukaan Meskalassa oli kirkko jo keskiajalla. Kyseess\u00e4 lienee ollut gotlantilaisten tai saksalaisten kiltakirkko. Nykyinen kirkko on t\u00e4st\u00e4 muutaman sadan metrin p\u00e4\u00e4ss\u00e4 ja kolmas sa\u00admalle paikalle rakennettu. Sen rakensi er\u00e4j\u00e4rvel\u00e4inen Matti \u00c5kergren 1806-1807. Kiikan kirkko on tasavartinen ristikirkko. Kirkonm\u00e4ell\u00e4 on seissyt vuodesta 1858 jykev\u00e4 lainamakasiini, josta Kiikan kyl\u00e4seura nyky\u00e4\u00e4n huolehtii.<\/p>\n<p>Valtakunnallisiin rakennuskulttuurikohteisiin kuuluva Kiikan raitti halkoo kirkonkyl\u00e4\u00e4. Kirkon lis\u00e4ksi sen varrella on muitakin historiallisia rakennuksia. Suurimman kokonaisuuden muodostavat Aaltosen mattokutomon 1920-1930-luvuilla rakennetut seitsem\u00e4n rakennusta puutarhoineen. Sar\u00adkian koulu on \u00c4ets\u00e4n vanhin kansakoulu. Koulurakennukset, piharakennus ja puutarha muodostavat ehj\u00e4n kokonaisuuden ikivanhan maantien varressa, jonka kulkijoista mainittakoon monien sota\u00adjoukkojen ohella kuningatar Kaarina Maununtyt\u00e4r, kirjailijat Theodolinda Hahnsson ja Kaarlo Sar\u00adkia. Kyl\u00e4nraitilla on Kiikan S\u00e4\u00e4st\u00f6pankin 1939 valmistunut toimitalo, jonka suunnitteli arkkitehti Elsi Borg, terveystalo sek\u00e4 lukuisia kauppiaiden ja k\u00e4sity\u00f6l\u00e4isten taloja. K\u00e4sity\u00f6l\u00e4isyys el\u00e4\u00e4 seu\u00addulla edelleen voimakkaan.<\/p>\n<h3>Nykyp\u00e4iv\u00e4\u00e4<\/h3>\n<p>Kyl\u00e4seuran alueella asuu noin 1500 asukasta. Elantonsa asukkaat saavat maataloudesta sivuelinkei\u00adnoineen sek\u00e4 teollisuudesta, jonka suurimpia ty\u00f6nantajia ovat esim. Teknicum Oy Kiikan tehdas, Mar-Con Po\u00adlymers Ltd, Pneuplan Oy ja Otto Ojansivu Oy. Lis\u00e4ksi on runsaasti erilaista pienyritystoimintaa.<\/p>\n<p>Kiikan keskustan palvelut ovat monipuoliset. Meill\u00e4 on alakoulu, yl\u00e4koulu, sek\u00e4 kirjasto ja p\u00e4iv\u00e4koti. Muita palveluita ovat p\u00e4ivitt\u00e4istavarakauppa, apteekki,\u00a0 kotiruokala, partureita,\u00a0 ja seurakunnan palvelut. Sastamalan opiston palvelupiste toimii kyl\u00e4n keskell\u00e4, Kannarissa joka on vanha Sarkian koulu. Samassa rakennuksessa on kyl\u00e4seuran hoitama kaikkia kyl\u00e4l\u00e4isi\u00e4 palveleva kudonta-asema ja kyl\u00e4seuran toimisto, joita hallinnoi Sastamalan Opisto.<\/p>\n<h3>Et\u00e4isyyksi\u00e4 Kiikasta<\/h3>\n<p>\u00c4ets\u00e4n Pehulaan 7 km<br \/>\nVammalaan 9 km<br \/>\nHuittisiin 20 km<br \/>\nTampereelle 60 km<br \/>\nPoriin 70 km<br \/>\nTurkuun 110 km<\/p>\n<h3>Kiikan kyl\u00e4suunnitelma<\/h3>\n<p><a href=\"http:\/\/www.sastamalankylat.fi\/kiikka\/wp-content\/uploads\/sites\/15\/2013\/10\/kylasuunnitelma_04.pdf\">Kiikan kyl\u00e4suunnitelma.pdf<\/a><\/p>\n<!-- AddThis Advanced Settings generic via filter on the_content --><!-- AddThis Share Buttons generic via filter on the_content -->","protected":false},"excerpt":{"rendered":"<p>Kiikan kyl\u00e4seura ry on perustettu vuonna 1996. Seuran j\u00e4senm\u00e4\u00e4r\u00e4 on nykyisin noin 230. Kyl\u00e4seuran alueella on n. 750 taloutta. Meill\u00e4 on t\u00e4ll\u00e4 hetkell\u00e4 k\u00e4yt\u00f6ss\u00e4mme omat tilat Sastamalan kaupungin omistamassa vanhassa koulukiinteist\u00f6ss\u00e4 Kiikan kirjaston naapurissa. Historiaa Kiikan kyl\u00e4seuran toiminta-alue koostuu p\u00e4\u00e4osin Kiikan, Kiikanojan, Kinnalan, Vakkalan, Unkelan, Hykkerl\u00e4n, Kikkerl\u00e4n, Ruotsilan, Ritalan, Meskalan, Tormilan, Raukon ja Talan kylist\u00e4 [&hellip;]<!-- AddThis Advanced Settings generic via filter on wp_trim_excerpt --><!-- AddThis Share Buttons generic via filter on wp_trim_excerpt --><\/p>\n","protected":false},"author":19,"featured_media":0,"parent":0,"menu_order":0,"comment_status":"closed","ping_status":"closed","template":"","meta":{"jetpack_post_was_ever_published":false,"footnotes":""},"class_list":["post-2","page","type-page","status-publish","hentry"],"aioseo_notices":[],"jetpack_shortlink":"https:\/\/wp.me\/P41vbJ-2","jetpack_sharing_enabled":true,"_links":{"self":[{"href":"https:\/\/www.sastamalankylat.fi\/kiikka\/wp-json\/wp\/v2\/pages\/2","targetHints":{"allow":["GET"]}}],"collection":[{"href":"https:\/\/www.sastamalankylat.fi\/kiikka\/wp-json\/wp\/v2\/pages"}],"about":[{"href":"https:\/\/www.sastamalankylat.fi\/kiikka\/wp-json\/wp\/v2\/types\/page"}],"author":[{"embeddable":true,"href":"https:\/\/www.sastamalankylat.fi\/kiikka\/wp-json\/wp\/v2\/users\/19"}],"replies":[{"embeddable":true,"href":"https:\/\/www.sastamalankylat.fi\/kiikka\/wp-json\/wp\/v2\/comments?post=2"}],"version-history":[{"count":2,"href":"https:\/\/www.sastamalankylat.fi\/kiikka\/wp-json\/wp\/v2\/pages\/2\/revisions"}],"predecessor-version":[{"id":129158,"href":"https:\/\/www.sastamalankylat.fi\/kiikka\/wp-json\/wp\/v2\/pages\/2\/revisions\/129158"}],"wp:attachment":[{"href":"https:\/\/www.sastamalankylat.fi\/kiikka\/wp-json\/wp\/v2\/media?parent=2"}],"curies":[{"name":"wp","href":"https:\/\/api.w.org\/{rel}","templated":true}]}}