{"id":128972,"date":"2017-12-04T16:08:07","date_gmt":"2017-12-04T14:08:07","guid":{"rendered":"http:\/\/www.sastamalankylat.fi\/kiikka\/?page_id=128972"},"modified":"2017-12-04T16:26:54","modified_gmt":"2017-12-04T14:26:54","slug":"kiikkalainen-matto","status":"publish","type":"page","link":"https:\/\/www.sastamalankylat.fi\/kiikka\/kiikkalainen-matto\/","title":{"rendered":"Kiikkalainen matto"},"content":{"rendered":"<h5>Aili Riihim\u00e4ki 17.11.2004<\/h5>\n<h6>Uskon, ett\u00e4 olet joskus viipynyt mietteiss\u00e4si matonkudekoriesi vieress\u00e4. Aikojen kuluessa on tullut leikatuksi kuteiksi perheen k\u00e4yt\u00f6st\u00e4 poistettuja vaatteita. Kun Lapset olivat pieni\u00e4, vaatteetkin olivat pieni\u00e4 ja niist\u00e4 kuteiksi kerityt ker\u00e4t pieni\u00e4 nuppuroita. Aikuisten vaatteista on kertynyt enemm\u00e4n samanlaista kudetta. Joukossa on joku lakanakin tai muutamat verhot kudekeriksi pu\u00f6riteltyin\u00e4. Koreissa on kaikkia v\u00e4rej\u00e4, tummia ja vaaleita s\u00e4vyj\u00e4. Miten n\u00e4ist\u00e4 nyt saisi samanlaiset matot tuvan lattiaan? Ei mitenk\u00e4\u00e4n, sill\u00e4 yht\u00e4 lajia kudetta ei riit\u00e4 kuin heitto tai pari kuhunkin mattoon. Mutta, eip\u00e4 h\u00e4t\u00e4\u00e4. Ota avuksi kiikkalainen tapa tehd\u00e4 r\u00e4symatto. Saat taatusti vaikka kolme nelimetrist\u00e4 mattoa ja kaikki samanlaisia. Min\u00e4p\u00e4 kerron sinulle miten se tapahtuu.<\/h6>\n<h6>Ensin sinun on tiedett\u00e4v\u00e4 kuin monta neli\u00f6t\u00e4 mattoihisi tulee. Niinp\u00e4 lasket neli\u00f6t. K\u00e4yt\u00e4v\u00e4maton leveys on tavallisesti 85 senttimetri\u00e4. Kiikkalaisessa r\u00e4symatossa on tihe\u00e4 loimi. Se sy\u00f6 my\u00f6s paljon kudetta. Jokaista neli\u00f6t\u00e4 varten sinun on varattava 1,8 kg valmiita kuteita. Seuraava teht\u00e4v\u00e4 onkin mallin valinta. Kiikkalaisissa matoissa k\u00e4ytet\u00e4\u00e4n yleisimmin kahta mallia, h\u00e4ivytetty\u00e4 ja tasasekaista. Tasasekaista voi k\u00e4ytt\u00e4\u00e4 my\u00f6s raidoitettujen mattojen pohjissa. Kuvitelkaamme, ett\u00e4 tupasi v\u00e4reihin sopisi ruskeans\u00e4vyiset, malliltaan h\u00e4ivytetyt matot. Jos nyt luulet, ett\u00e4 sinulla on oltava reilut 18 kiloa ruskeans\u00e4vyisi\u00e4 kuteita, voin lohduttaa sinua, ett\u00e4 melkein kaikki v\u00e4ris\u00e4vyt k\u00e4yv\u00e4t mattoihisi kunhan vain ruskeata on niiss\u00e4 kauttaaltaan.<\/h6>\n<h6>Niinp\u00e4 seuraavaksi j\u00e4rjestelet kuteesi. Valitset ty\u00f6huoneesi lattialle ruskehtavat, kellert\u00e4v\u00e4t, punertavat, vihert\u00e4v\u00e4t, haaleat siniset, valkoiset ja mustat kuteet. Voimakkaat s\u00e4vyt sinisist\u00e4, vihreist\u00e4 ja punaisista voit j\u00e4tt\u00e4\u00e4 odottamaan seuraavan maton kutomista. Kun ker\u00e4t ovat siin\u00e4 lattialla, voit helposti l\u00f6yt\u00e4\u00e4 kaikki k\u00e4ytett\u00e4viss\u00e4 olevat vaihtehdot. Seuraavaksi vuorossa on sekoittaminen tai sevottaminen niin kuin Kiikassa sanotaan.<\/h6>\n<h6>Tarvitset suuren p\u00f6yd\u00e4n, sill\u00e4 kolmeen nelimetriseen mattoon tulee v\u00e4hint\u00e4\u00e4n 48 mallikertaa yhteens\u00e4 ja jokainen mallikerta muodostaa kasan sekoitusp\u00f6yd\u00e4lle. Ennen ty\u00f6n aloitusta pit\u00e4\u00e4 viel\u00e4 laskea kuinka paljon kudetta menee kuhunkin mallikertaan. Vastaus saadaan jakamalla kokonaismittaan k\u00e4ytett\u00e4v\u00e4 kuteen m\u00e4\u00e4r\u00e4 mallikertojen lukum\u00e4\u00e4r\u00e4ll\u00e4. T\u00e4ss\u00e4 tapauksessa jaamme 18.3 kiloa 48:lla ja saamme mallikerran painoksi 380 grammaa. Yht\u00e4 kudetta laitetaan kerrallaan kaksi kuteen mittaa lis\u00e4ttyn\u00e4 l\u00f6ys\u00e4\u00e4misvaralla. Jos maton leveys on esim. 85 cm, on yhden v\u00e4rin pituus aina noin 180 cm. Sitten voimmekin aloittaa skeoittamisen.<\/h6>\n<h6>H\u00e4ivytetyn maton mallikerta aloitetaan aina tummalla. Niinp\u00e4 voit valita ensimm\u00e4iseksi kuteeksi vaikka mustan, jos haluat mattoosi mustaa. Laskostat ensimm\u00e4isen mitatun 180 cm p\u00f6yd\u00e4lle noin kolmenkymmenen sentin laskoksiin. Saat luultavasti kolme laskosta. Kuteen p\u00e4\u00e4 j\u00e4\u00e4 riippumaan p\u00f6yd\u00e4n reunalle. Nyt sinun ei en\u00e4\u00e4 tarvitse mitata kudetta, vaan laskostat samalla tavalla kaikkiin 48 mallikertaan. Seuraavaksi voit valita kirjavan, tummanruskean kuteen. Laitat kudeker\u00e4n vaikka pieneen laatikkoon lattialle ja ty\u00f6ntelet sit\u00e4 jalalla eteenp\u00e4in p\u00f6yt\u00e4\u00e4 kiert\u00e4ess\u00e4si. Solmit vetosolmulla mustan kuteen ruskeaan ja laskostat taas samoin kuin ensimm\u00e4isell\u00e4 kierroksella. Sekoituksessa on ideana se, ett\u00e4 vuorotellen pyrit\u00e4\u00e4n k\u00e4ytt\u00e4m\u00e4\u00e4n yksiv\u00e4rist\u00e4 ja kirjavaa kudetta. Jos k\u00e4ytett\u00e4viss\u00e4 on trikoota, sit\u00e4 ei koskaan laiteta kahta kertaa per\u00e4kk\u00e4in. Samoin kova kangas laitetaan aina pehmeiden ja tiiviiksi painuvien v\u00e4liin. H\u00e4ivytetyss\u00e4 mallissa sekoitetaan ensin tummat kuteet ja mallikerta vaalenee loppua kohti. Kun sinulla on niit\u00e4 pikkukeri\u00e4, joissa ei ole mittaa kaikkiin 48 mallikertaan, valitset kierroksen alkaessa laatikkoosi muutaman samantapaisen v\u00e4rin Lopputuloksessa ei katsoja huomaa mit\u00e4\u00e4n eroa, vaikka kes\u00e4puserosi ja pikku Maijan mekko edustaisivat mallikerrassa samaa kudeparia, kunhan v\u00e4rit v\u00e4h\u00e4nkin muistuttavat toisiaan. V\u00e4lill\u00e4 sinun pit\u00e4\u00e4 aina punnita mallikertaa ja arvioida milloin alat vaalentaa s\u00e4vy\u00e4. Vaaleaan osaan voit sekoitella aivan valkoisiakin kuteita. Kun olet kiert\u00e4nyt p\u00f6yt\u00e4\u00e4 niin monta kertaa, ett\u00e4 mallikerta painaa 380 grammaa, niin kuin aluksi m\u00e4\u00e4rittelimme, on mattosi suunnitteluty\u00f6 tehty.<\/h6>\n<h6>Seuraavaksi varastoidaan mallikerrat odottamaan kutomista. Otat ison pinon sanomalehti\u00e4 ja osittelet ne parin lehden vahvuisiksi osasiksi. Sitten alat k\u00e4\u00e4ri\u00e4 mallikertoja lehden sis\u00e4\u00e4n. Muista j\u00e4tt\u00e4\u00e4 loppup\u00e4\u00e4 riippumaan ulos k\u00e4\u00e4r\u00f6n p\u00e4\u00e4st\u00e4. Sill\u00e4 voit kietaista k\u00e4\u00e4r\u00f6n tiukaksi, jotteivat kuteesi p\u00e4\u00e4se sotkeutumaan. Lado k\u00e4\u00e4r\u00f6t laatikoihin tai koreihin.<\/h6>\n<h6>Kutomisvaiheen alussa sinulla tulee olla v\u00e4hint\u00e4\u00e4n kuusi sukkulaa eli k\u00e4\u00e4mi\u00e4, joille k\u00e4\u00e4rit aina mallikerran kerrallaan. K\u00e4\u00e4miminen alkaa mallikerran loppup\u00e4\u00e4st\u00e4. Kun ensimm\u00e4inen k\u00e4\u00e4mi on t\u00e4ynn\u00e4, se asetetaan esim. tuolille kanghaspuiden viereen kauimmas kutojasta. Sitten tehd\u00e4\u00e4n toinen k\u00e4\u00e4mi. Sen paikka on edellisen k\u00e4\u00e4min vieress\u00e4. N\u00e4in k\u00e4\u00e4mit\u00e4\u00e4n koko mallikerta. Viimeiseksi k\u00e4\u00e4mitty sukkula otetaan ensin k\u00e4ytt\u00f6\u00f6n. Maton alkuun heitet\u00e4\u00e4n ensin muutama kude edellisen loimen tutkaimista solmittua kalastajalankaa. Se tukevoittaa kutomisvaiheen aluksi maton p\u00e4\u00e4n. Lanka poistetaan mattoa valmisteltaessa. Sitten voit heitt\u00e4\u00e4 ensimm\u00e4isen kuteen, joka matossamme on musta. Se riitt\u00e4\u00e4 melkein kahdeksi kuteeksi, vaikka heiton j\u00e4lkeen l\u00f6ys\u00e4\u00e4tkin kudetta kankaan keskivaiheilta, jotta saat matosta vahvan ja reunoista kauniit. Olet varmaan ihmetellyt, mit\u00e4 tehd\u00e4\u00e4n vetosolmuille, joita sekoitusvaiheessa teit satoja. Solmut tietysti avataan ja kuteiden p\u00e4\u00e4t asetetaan noin kymmenen senttimetri\u00e4 p\u00e4\u00e4llekk\u00e4in. Jos kude on vahvaa, kannattaa p\u00e4it\u00e4 v\u00e4h\u00e4n viist\u00e4\u00e4 saksilla. Kutoessa on hyv\u00e4 seurata, etteiv\u00e4t jatkoskohdat tule p\u00e4\u00e4llekk\u00e4in. Yleens\u00e4 jatkoskohta siirtyy melkein automaattisesti. Ellei se siirry, kannattaa lyhent\u00e4\u00e4 jotakuta kudetta tai jatkaa sit\u00e4 pikku p\u00e4tk\u00e4ll\u00e4. Kutomisen aikana sinun kannattaa pit\u00e4\u00e4 mattoon k\u00e4ytettyjen kuteiden loppuja l\u00e4hell\u00e4si, jotta voit niist\u00e4 tarvittaessa poimia sopivan.<\/h6>\n<h6>Kun ensimm\u00e4inen mallikerta on kudottu, sinulla on esimerkkimme tapauksessa noin 25 cm mattoa. Sitten k\u00e4\u00e4mit\u00e4\u00e4n toinen mallikerta sukkuloille. Sen k\u00e4\u00e4miminen alkaakin mustasta p\u00e4\u00e4st\u00e4 eli mallikerta pit\u00e4\u00e4 k\u00e4\u00e4nt\u00e4\u00e4, kun se avataan sanomalehdest\u00e4. N\u00e4in saat vaalean osan mallikerrasta k\u00e4ytt\u00f6\u00f6si ensimm\u00e4isen\u00e4. Kutoessasi se tummuu loppua kohti. Ennen kuin alat kutoa toista mallikertaa, sinun pit\u00e4\u00e4 poistaa siit\u00e4 p\u00e4\u00e4llimm\u00e4inen kude, koska muutoin mattoosi tulisi per\u00e4kk\u00e4in nelj\u00e4 samanlaista kudetta ja h\u00e4ivytetty malli k\u00e4rsisi siit\u00e4. Kuteen tilalle voit valita varastostasi jonkin vaalean, kirjavan kuteen. Kun olet kutonut 16 mallikertaa, ensimm\u00e4inen mattosi on valmis. Ota se pois puista ja levit\u00e4 lattialle ihailtavaksesi.<\/h6>\n<h6>Maton viimeistelyvaiheessa, leikkelet kaikki maton pinnalle j\u00e4\u00e4neet kulmat ja p\u00e4\u00e4t pois. Seuraavaksi solmit maton p\u00e4\u00e4t. Kun p\u00e4\u00e4t on solmitty, matto pr\u00e4ss\u00e4t\u00e4\u00e4n huolellisesti ja kuivuttuaan k\u00e4\u00e4rit\u00e4\u00e4n rullalle odottamaan koko sarjan valmistumista.<\/h6>\n<h6>Jos haluat jouluksi tupaasi uudet kiikkalaiset matot, sinulla alkaakin olla kiire, sill\u00e4 mattojen tekeminen ei ole mik\u00e4\u00e4n pikku ty\u00f6.<\/h6>\n<!-- AddThis Advanced Settings generic via filter on the_content --><!-- AddThis Share Buttons generic via filter on the_content -->","protected":false},"excerpt":{"rendered":"<p>Aili Riihim\u00e4ki 17.11.2004 Uskon, ett\u00e4 olet joskus viipynyt mietteiss\u00e4si matonkudekoriesi vieress\u00e4. Aikojen kuluessa on tullut leikatuksi kuteiksi perheen k\u00e4yt\u00f6st\u00e4 poistettuja vaatteita. Kun Lapset olivat pieni\u00e4, vaatteetkin olivat pieni\u00e4 ja niist\u00e4 kuteiksi kerityt ker\u00e4t pieni\u00e4 nuppuroita. Aikuisten vaatteista on kertynyt enemm\u00e4n samanlaista kudetta. Joukossa on joku lakanakin tai muutamat verhot kudekeriksi pu\u00f6riteltyin\u00e4. Koreissa on kaikkia v\u00e4rej\u00e4, [&hellip;]<!-- AddThis Advanced Settings generic via filter on wp_trim_excerpt --><!-- AddThis Share Buttons generic via filter on wp_trim_excerpt --><\/p>\n","protected":false},"author":19,"featured_media":128982,"parent":0,"menu_order":5,"comment_status":"closed","ping_status":"closed","template":"","meta":{"jetpack_post_was_ever_published":false,"footnotes":""},"class_list":["post-128972","page","type-page","status-publish","has-post-thumbnail","hentry"],"aioseo_notices":[],"jetpack_shortlink":"https:\/\/wp.me\/P41vbJ-xyc","jetpack_sharing_enabled":true,"_links":{"self":[{"href":"https:\/\/www.sastamalankylat.fi\/kiikka\/wp-json\/wp\/v2\/pages\/128972","targetHints":{"allow":["GET"]}}],"collection":[{"href":"https:\/\/www.sastamalankylat.fi\/kiikka\/wp-json\/wp\/v2\/pages"}],"about":[{"href":"https:\/\/www.sastamalankylat.fi\/kiikka\/wp-json\/wp\/v2\/types\/page"}],"author":[{"embeddable":true,"href":"https:\/\/www.sastamalankylat.fi\/kiikka\/wp-json\/wp\/v2\/users\/19"}],"replies":[{"embeddable":true,"href":"https:\/\/www.sastamalankylat.fi\/kiikka\/wp-json\/wp\/v2\/comments?post=128972"}],"version-history":[{"count":2,"href":"https:\/\/www.sastamalankylat.fi\/kiikka\/wp-json\/wp\/v2\/pages\/128972\/revisions"}],"predecessor-version":[{"id":128995,"href":"https:\/\/www.sastamalankylat.fi\/kiikka\/wp-json\/wp\/v2\/pages\/128972\/revisions\/128995"}],"wp:featuredmedia":[{"embeddable":true,"href":"https:\/\/www.sastamalankylat.fi\/kiikka\/wp-json\/wp\/v2\/media\/128982"}],"wp:attachment":[{"href":"https:\/\/www.sastamalankylat.fi\/kiikka\/wp-json\/wp\/v2\/media?parent=128972"}],"curies":[{"name":"wp","href":"https:\/\/api.w.org\/{rel}","templated":true}]}}