{"id":85,"date":"2015-06-10T17:33:54","date_gmt":"2015-06-10T14:33:54","guid":{"rendered":"http:\/\/www.sastamalankylat.fi\/kiikan-jokisivu\/?page_id=85"},"modified":"2026-02-23T20:40:55","modified_gmt":"2026-02-23T18:40:55","slug":"kalenteri","status":"publish","type":"page","link":"https:\/\/www.sastamalankylat.fi\/kiikan-jokisivu\/kalenteri\/","title":{"rendered":"Kalenteri"},"content":{"rendered":"<h1 dir=\"auto\">Jokisivun kyl\u00e4seuran tapahtumia 2026<\/h1>\n<p><strong>Maaliskuu<\/strong> 15.3 klo 15.00 &#8211; Kev\u00e4tkokous Lauttapirtill\u00e4.\u00a0 \u00a0 \u00a0 \u00a0 \u00a0 \u00a0 \u00a0 \u00a0 \u00a0 \u00a0 \u00a0 \u00a0 \u00a0 \u00a0 \u00a0 \u00a0 \u00a0 \u00a0 \u00a0 \u00a0 \u00a0 \u00a0 \u00a0 \u00a0 \u00a0 \u00a0 \u00a0 \u00a0 \u00a0 \u00a0 \u00a0 \u00a0 K\u00e4sitell\u00e4\u00e4n s\u00e4\u00e4nt\u00f6m\u00e4\u00e4r\u00e4iset asiat.\u00a0 \u00a0 \u00a0 \u00a0 \u00a0 \u00a0 \u00a0 \u00a0 \u00a0 \u00a0 \u00a0 \u00a0 \u00a0 \u00a0 \u00a0 \u00a0 \u00a0 \u00a0 \u00a0 \u00a0 \u00a0 \u00a0 \u00a0 \u00a0 \u00a0 \u00a0 \u00a0 \u00a0 \u00a0 \u00a0 \u00a0 \u00a0 \u00a0 \u00a0 \u00a0 \u00a0 \u00a0 \u00a0 \u00a0 \u00a0 \u00a0 \u00a0 \u00a0 \u00a0 \u00a0 \u00a0 \u00a0 \u00a0 Kahvitarjoilu <img loading=\"lazy\" decoding=\"async\" class=\"\" src=\"http:\/\/www.ruukinkievari.fi\/wordpress\/wp-content\/uploads\/2018\/09\/kahvikuppi-800x764.jpg\" width=\"64\" height=\"61\" \/> TERVETULOA!<\/p>\n<p><strong>Helmikuu <\/strong>Kynttil\u00e4np\u00e4iv\u00e4n\u00e4 8.2 klo 15.00 -Talvinen tapahtuma makkaranpaistoa ja j\u00e4\u00e4lyhtyj\u00e4. Tarkempaa tietoa facebookissa ja instgramissa. Tervetuloa!<\/p>\n<h1 dir=\"auto\">Jokisivun kyl\u00e4seuran tapahtumia 2025<\/h1>\n<h3>MAALISKUU 2025<\/h3>\n<p>S\u00c4\u00c4NT\u00d6M\u00c4\u00c4R\u00c4INEN KEV\u00c4TKOKOUS LAUTTAPIRTILL\u00c4 19.3.2025 KLO 18<\/p>\n<h3>HUHTIKUU 2025<\/h3>\n<p>Perinnepiiri kokoontuu Lauttapirtill\u00e4 3.4. Klo 18:00. Tervetuloa kertomaan ja muistelemaan kyl\u00e4n historiaa, jotta saadaan arvokas tieto talteen!!<\/p>\n<p>La 12.4. klo 14:00 on tulossa puheenjohtajamme masinoima linnunp\u00f6ntt\u00f6jen tekotapahtuma Lauttarannassa.<\/p>\n<p>TERVETULOA tekem\u00e4\u00e4n linnuille p\u00f6ntt\u00f6j\u00e4. P\u00f6ntt\u00f6j\u00e4 on tarkoitus ripustaa mm. Lauttarannan puihin.<\/p>\n<h3>TOUKOKUU 2025<\/h3>\n<p>5\/2025 ALKAEN: Kes\u00e4kahvila maanantaisin 19.5. &#8211; 11.8. Klo 13-18<\/p>\n<h3>KES\u00c4KUU 2025<\/h3>\n<p>Rukkiviikon tapahtuma 5.6.2025 klo 17-20. Kahvila, kajakkeja&#8230;<\/p>\n<p><strong>JOULUKUU<\/strong><\/p>\n<p>Perinteinen puurojuhla Lauttapirtill\u00e4 su. 14.12. klo 14. Tapahtumassa muistetaan kyl\u00e4lle syntyneit\u00e4 ja muuttaneita.<\/p>\n<p><strong>MARRASKUU<\/strong><\/p>\n<p>Joulukahvila la-su 22.-23.11. klo 13-16<\/p>\n<p>Jokisivun kyl\u00e4l\u00e4isilt\u00e4 ker\u00e4ttiin vastauksia kyl\u00e4turvallisuuskyselyyn Marraskuun 30.11.2025. T\u00e4m\u00e4 liittyi kyl\u00e4agentin tekem\u00e4\u00e4n turvallisuusselvitykseen, jossa mietit\u00e4\u00e4n kyl\u00e4l\u00e4isten ja Lauttapirtin hy\u00f6dynt\u00e4mist\u00e4 kriisitilanteessa kyl\u00e4l\u00e4isten avuksi.<\/p>\n<p>S\u00c4\u00c4NT\u00d6M\u00c4\u00c4R\u00c4INEN SYYSKOKOUS LAUTTAPIRTILL\u00c4 23.11.2025 KLO 16<\/p>\n<h3>MUUTA<\/h3>\n<h5 style=\"line-height: 1.84615;margin-top: 1.71429rem;margin-bottom: 1.71429rem;font-size: 0.928571rem\">Perinnepiiri kokoontuu Lauttapirtill\u00e4 kooten tietoa alueen asukkaista ja el\u00e4m\u00e4st\u00e4 ennen. Tarkemmat ajankohdat Alueviestin j\u00e4rjest\u00f6palstalla ja seuran Facebook-sivulla.<\/h5>\n<h5><strong>Pihatalkoita ja rannan kunnostusta.\u00a0<\/strong><\/h5>\n<p>Seuraa ilmoittelua Facebookissa ja instagramissa!!<\/p>\n<p><a href=\"https:\/\/www.facebook.com\/kiikanjokisivunkylaseurary\">https:\/\/www.face<span style=\"font-size: 1rem\">book.com\/kiikanjokisivunkylaseurary\u00a0<\/span><\/a><\/p>\n<p dir=\"auto\">insta: #kiikanjokisivunkylaseurary<\/p>\n<p dir=\"auto\">Lauttapirtti, Sarkiantie 23, 38300 Sastamala (Kiikka)<\/p>\n<p><a href=\"http:\/\/www.sastamalankylat.fi\/kiikan-jokisivu\/wp-content\/uploads\/sites\/16\/2024\/07\/kesakuva1.jpg\"><img loading=\"lazy\" decoding=\"async\" class=\"alignnone size-medium wp-image-238\" src=\"http:\/\/www.sastamalankylat.fi\/kiikan-jokisivu\/wp-content\/uploads\/sites\/16\/2024\/07\/kesakuva1-139x300.jpg\" alt=\"\" width=\"139\" height=\"300\" srcset=\"https:\/\/www.sastamalankylat.fi\/kiikan-jokisivu\/wp-content\/uploads\/sites\/16\/2024\/07\/kesakuva1-139x300.jpg 139w, https:\/\/www.sastamalankylat.fi\/kiikan-jokisivu\/wp-content\/uploads\/sites\/16\/2024\/07\/kesakuva1-473x1024.jpg 473w, https:\/\/www.sastamalankylat.fi\/kiikan-jokisivu\/wp-content\/uploads\/sites\/16\/2024\/07\/kesakuva1-768x1663.jpg 768w, https:\/\/www.sastamalankylat.fi\/kiikan-jokisivu\/wp-content\/uploads\/sites\/16\/2024\/07\/kesakuva1-709x1536.jpg 709w, https:\/\/www.sastamalankylat.fi\/kiikan-jokisivu\/wp-content\/uploads\/sites\/16\/2024\/07\/kesakuva1-624x1351.jpg 624w, https:\/\/www.sastamalankylat.fi\/kiikan-jokisivu\/wp-content\/uploads\/sites\/16\/2024\/07\/kesakuva1.jpg 942w\" sizes=\"auto, (max-width: 139px) 100vw, 139px\" \/><\/a><\/p>\n<p>&nbsp;<\/p>\n<p>&nbsp;<\/p>\n<!-- AddThis Advanced Settings generic via filter on the_content --><!-- AddThis Share Buttons generic via filter on the_content -->","protected":false},"excerpt":{"rendered":"<p>Jokisivun kyl\u00e4seuran tapahtumia 2026 Maaliskuu 15.3 klo 15.00 &#8211; Kev\u00e4tkokous Lauttapirtill\u00e4.\u00a0 \u00a0 \u00a0 \u00a0 \u00a0 \u00a0 \u00a0 \u00a0 \u00a0 \u00a0 \u00a0 \u00a0 \u00a0 \u00a0 \u00a0 \u00a0 \u00a0 \u00a0 \u00a0 \u00a0 \u00a0 \u00a0 \u00a0 \u00a0 \u00a0 \u00a0 \u00a0 \u00a0 \u00a0 \u00a0 \u00a0 \u00a0 K\u00e4sitell\u00e4\u00e4n s\u00e4\u00e4nt\u00f6m\u00e4\u00e4r\u00e4iset asiat.\u00a0 \u00a0 \u00a0 \u00a0 \u00a0 \u00a0 \u00a0 \u00a0 \u00a0 \u00a0 \u00a0 [&hellip;]<!-- AddThis Advanced Settings generic via filter on wp_trim_excerpt --><!-- AddThis Share Buttons generic via filter on wp_trim_excerpt --><\/p>\n","protected":false},"author":20,"featured_media":0,"parent":0,"menu_order":0,"comment_status":"closed","ping_status":"closed","template":"","meta":{"footnotes":""},"class_list":["post-85","page","type-page","status-publish","hentry"],"aioseo_notices":[],"jetpack_sharing_enabled":true,"_links":{"self":[{"href":"https:\/\/www.sastamalankylat.fi\/kiikan-jokisivu\/wp-json\/wp\/v2\/pages\/85","targetHints":{"allow":["GET"]}}],"collection":[{"href":"https:\/\/www.sastamalankylat.fi\/kiikan-jokisivu\/wp-json\/wp\/v2\/pages"}],"about":[{"href":"https:\/\/www.sastamalankylat.fi\/kiikan-jokisivu\/wp-json\/wp\/v2\/types\/page"}],"author":[{"embeddable":true,"href":"https:\/\/www.sastamalankylat.fi\/kiikan-jokisivu\/wp-json\/wp\/v2\/users\/20"}],"replies":[{"embeddable":true,"href":"https:\/\/www.sastamalankylat.fi\/kiikan-jokisivu\/wp-json\/wp\/v2\/comments?post=85"}],"version-history":[{"count":27,"href":"https:\/\/www.sastamalankylat.fi\/kiikan-jokisivu\/wp-json\/wp\/v2\/pages\/85\/revisions"}],"predecessor-version":[{"id":319,"href":"https:\/\/www.sastamalankylat.fi\/kiikan-jokisivu\/wp-json\/wp\/v2\/pages\/85\/revisions\/319"}],"wp:attachment":[{"href":"https:\/\/www.sastamalankylat.fi\/kiikan-jokisivu\/wp-json\/wp\/v2\/media?parent=85"}],"curies":[{"name":"wp","href":"https:\/\/api.w.org\/{rel}","templated":true}]}}

<h1 dir="auto">Jokisivun kyläseuran tapahtumia 2026</h1>
<p><strong>Maaliskuu</strong> 15.3 klo 15.00 &#8211; Kevätkokous Lauttapirtillä.                                                                Käsitellään sääntömääräiset asiat.                                                                                                Kahvitarjoilu <img loading="lazy" decoding="async" class="" src="http://www.ruukinkievari.fi/wordpress/wp-content/uploads/2018/09/kahvikuppi-800x764.jpg" width="64" height="61" /> TERVETULOA!</p>
<p><strong>Helmikuu </strong>Kynttilänpäivänä 8.2 klo 15.00 -Talvinen tapahtuma makkaranpaistoa ja jäälyhtyjä. Tarkempaa tietoa facebookissa ja instgramissa. Tervetuloa!</p>
<h1 dir="auto">Jokisivun kyläseuran tapahtumia 2025</h1>
<h3>MAALISKUU 2025</h3>
<p>SÄÄNTÖMÄÄRÄINEN KEVÄTKOKOUS LAUTTAPIRTILLÄ 19.3.2025 KLO 18</p>
<h3>HUHTIKUU 2025</h3>
<p>Perinnepiiri kokoontuu Lauttapirtillä 3.4. Klo 18:00. Tervetuloa kertomaan ja muistelemaan kylän historiaa, jotta saadaan arvokas tieto talteen!!</p>
<p>La 12.4. klo 14:00 on tulossa puheenjohtajamme masinoima linnunpönttöjen tekotapahtuma Lauttarannassa.</p>
<p>TERVETULOA tekemään linnuille pönttöjä. Pönttöjä on tarkoitus ripustaa mm. Lauttarannan puihin.</p>
<h3>TOUKOKUU 2025</h3>
<p>5/2025 ALKAEN: Kesäkahvila maanantaisin 19.5. &#8211; 11.8. Klo 13-18</p>
<h3>KESÄKUU 2025</h3>
<p>Rukkiviikon tapahtuma 5.6.2025 klo 17-20. Kahvila, kajakkeja&#8230;</p>
<p><strong>JOULUKUU</strong></p>
<p>Perinteinen puurojuhla Lauttapirtillä su. 14.12. klo 14. Tapahtumassa muistetaan kylälle syntyneitä ja muuttaneita.</p>
<p><strong>MARRASKUU</strong></p>
<p>Joulukahvila la-su 22.-23.11. klo 13-16</p>
<p>Jokisivun kyläläisiltä kerättiin vastauksia kyläturvallisuuskyselyyn Marraskuun 30.11.2025. Tämä liittyi kyläagentin tekemään turvallisuusselvitykseen, jossa mietitään kyläläisten ja Lauttapirtin hyödyntämistä kriisitilanteessa kyläläisten avuksi.</p>
<p>SÄÄNTÖMÄÄRÄINEN SYYSKOKOUS LAUTTAPIRTILLÄ 23.11.2025 KLO 16</p>
<h3>MUUTA</h3>
<h5 style="line-height: 1.84615;margin-top: 1.71429rem;margin-bottom: 1.71429rem;font-size: 0.928571rem">Perinnepiiri kokoontuu Lauttapirtillä kooten tietoa alueen asukkaista ja elämästä ennen. Tarkemmat ajankohdat Alueviestin järjestöpalstalla ja seuran Facebook-sivulla.</h5>
<h5><strong>Pihatalkoita ja rannan kunnostusta. </strong></h5>
<p>Seuraa ilmoittelua Facebookissa ja instagramissa!!</p>
<p><a href="https://www.facebook.com/kiikanjokisivunkylaseurary">https://www.face<span style="font-size: 1rem">book.com/kiikanjokisivunkylaseurary </span></a></p>
<p dir="auto">insta: #kiikanjokisivunkylaseurary</p>
<p dir="auto">Lauttapirtti, Sarkiantie 23, 38300 Sastamala (Kiikka)</p>
<p><a href="http://www.sastamalankylat.fi/kiikan-jokisivu/wp-content/uploads/sites/16/2024/07/kesakuva1.jpg"><img loading="lazy" decoding="async" class="alignnone size-medium wp-image-238" src="http://www.sastamalankylat.fi/kiikan-jokisivu/wp-content/uploads/sites/16/2024/07/kesakuva1-139x300.jpg" alt="" width="139" height="300" srcset="https://www.sastamalankylat.fi/kiikan-jokisivu/wp-content/uploads/sites/16/2024/07/kesakuva1-139x300.jpg 139w, https://www.sastamalankylat.fi/kiikan-jokisivu/wp-content/uploads/sites/16/2024/07/kesakuva1-473x1024.jpg 473w, https://www.sastamalankylat.fi/kiikan-jokisivu/wp-content/uploads/sites/16/2024/07/kesakuva1-768x1663.jpg 768w, https://www.sastamalankylat.fi/kiikan-jokisivu/wp-content/uploads/sites/16/2024/07/kesakuva1-709x1536.jpg 709w, https://www.sastamalankylat.fi/kiikan-jokisivu/wp-content/uploads/sites/16/2024/07/kesakuva1-624x1351.jpg 624w, https://www.sastamalankylat.fi/kiikan-jokisivu/wp-content/uploads/sites/16/2024/07/kesakuva1.jpg 942w" sizes="auto, (max-width: 139px) 100vw, 139px" /></a></p>
<p>&nbsp;</p>
<p>&nbsp;</p>
<!-- AddThis Advanced Settings generic via filter on the_content --><!-- AddThis Share Buttons generic via filter on the_content -->

<p>Jokisivun kyläseuran tapahtumia 2026 Maaliskuu 15.3 klo 15.00 &#8211; Kevätkokous Lauttapirtillä.                                                                Käsitellään sääntömääräiset asiat.                      [&hellip;]<!-- AddThis Advanced Settings generic via filter on wp_trim_excerpt --><!-- AddThis Share Buttons generic via filter on wp_trim_excerpt --></p>
