{"id":595,"date":"2014-03-01T15:01:37","date_gmt":"2014-03-01T13:01:37","guid":{"rendered":"http:\/\/www.sastamalankylat.fi\/keikya\/?page_id=595"},"modified":"2015-12-19T21:20:02","modified_gmt":"2015-12-19T19:20:02","slug":"pehulatoimintasuunnitelma-vuodelle-2014-lyhennelma","status":"publish","type":"page","link":"https:\/\/www.sastamalankylat.fi\/keikya\/kylayhdistykset\/pehulan-kylaseura\/pehulatoimintasuunnitelma-vuodelle-2014-lyhennelma\/","title":{"rendered":"Toimintasuunnitelma vuodelle 2016 (lyhennelm\u00e4)"},"content":{"rendered":"<p>Yleist\u00e4<br \/>\nTuleva vuosi 2016 on yhdistyksen 14. toimintavuosi. Pidet\u00e4\u00e4n yll\u00e4 netiss\u00e4 omaa kotisivua yhdess\u00e4 Keiky\u00e4n kyl\u00e4seuran ja Honkolan Asukasyhdistyksen kanssa. \u00a0 \u00a0 \u00a0 \u00a0 \u00a0 \u00a0 \u00a0 \u00a0 \u00a0 \u00a0 \u00a0 \u00a0 \u00a0 \u00a0 \u00a0 \u00a0 \u00a0 \u00a0 \u00a0 \u00a0 \u00a0 \u00a0 Os: \u00a0www.sastamalankylat.fi&gt;kyl\u00e4t &gt;kylienkotisivut &gt; Keiky\u00e4. \u00a0 Patsapuiston rannan hoito on \u00a0t\u00e4rke\u00e4 yleisen viihtyvyyden kannalta, kiinnit\u00e4mme huomiota tarpeen mukaan my\u00f6s lasten ja nuorten asioihin.<\/p>\n<p>Kokoukset ja hallinto<\/p>\n<p>Yhdistys pit\u00e4\u00e4 s\u00e4\u00e4nt\u00f6m\u00e4\u00e4r\u00e4iset kev\u00e4t- ja syyskokoukset, hallitus kokoontuu ennen yleisi\u00e4 kokouksia ja muutoin tarpeen vaatiessa.<br \/>\nYhdistyksen hallitukseen kuuluu puhenjohtaja ja kahdeksan varsinaista sek\u00e4 3 varaj\u00e4sent\u00e4, jotka valitaan kalenterivuodeksi kerrallaan.<\/p>\n<p>Ymp\u00e4rist\u00f6- kyl\u00e4- ja virkistystoiminta.<br \/>\n&#8211; Patsaspuiston rannan kunnossapito ja pusikoiden raivaus.<br \/>\n&#8211; Kev\u00e4\u00e4ll\u00e4 tievarsiroskien ker\u00e4ys.<br \/>\n&#8211; Osallistutaan Patsaspuiston Kev\u00e4\u00e4n avaukseen ja Sastamalan kylien \u00a0tilaisuuksiin.- J\u00e4rjestet\u00e4\u00e4n teatteri- kotiseutu tms. retki.<\/p>\n<p>Tiedotus<br \/>\nYhdistyksen ilmoituslehti on Alueviesti, sek\u00e4 j\u00e4senkirjeell\u00e4 tiedottaminen.<\/p>\n<p>Yhteisty\u00f6<br \/>\nSastamalan ja Keiky\u00e4n kylien yhteisiin tapahtumiin osallistutaan.<br \/>\nPidet\u00e4\u00e4n yll\u00e4 yhdistyksen kotisivua. www.sastamalankylat.fi , josta kyl\u00e4t- kylienkotisivut- Keiky\u00e4<\/p>\n<p>Talous<br \/>\nYhdistyksen talous perustuu j\u00e4senmaksuihin- ja kannatusmaksutuloihin sek\u00e4 mahdollisiin<br \/>\navustuksiin. Kahvitus- ja arpajaistuottoihin.<\/p>\n<p><strong>Tulevana vuonna olemme edelleen ylpeit\u00e4 kotiseudustamme arvostaen sit\u00e4.<\/strong><\/p>\n<!-- AddThis Advanced Settings generic via filter on the_content --><!-- AddThis Share Buttons generic via filter on the_content -->","protected":false},"excerpt":{"rendered":"<p>Yleist\u00e4 Tuleva vuosi 2016 on yhdistyksen 14. toimintavuosi. Pidet\u00e4\u00e4n yll\u00e4 netiss\u00e4 omaa kotisivua yhdess\u00e4 Keiky\u00e4n kyl\u00e4seuran ja Honkolan Asukasyhdistyksen kanssa. \u00a0 \u00a0 \u00a0 \u00a0 \u00a0 \u00a0 \u00a0 \u00a0 \u00a0 \u00a0 \u00a0 \u00a0 \u00a0 \u00a0 \u00a0 \u00a0 \u00a0 \u00a0 \u00a0 \u00a0 \u00a0 \u00a0 Os: \u00a0www.sastamalankylat.fi&gt;kyl\u00e4t &gt;kylienkotisivut &gt; Keiky\u00e4. \u00a0 Patsapuiston rannan hoito on \u00a0t\u00e4rke\u00e4 yleisen viihtyvyyden [&hellip;]<!-- AddThis Advanced Settings generic via filter on wp_trim_excerpt --><!-- AddThis Share Buttons generic via filter on wp_trim_excerpt --><\/p>\n","protected":false},"author":11,"featured_media":0,"parent":62,"menu_order":0,"comment_status":"closed","ping_status":"closed","template":"","meta":{"jetpack_post_was_ever_published":false,"footnotes":""},"class_list":["post-595","page","type-page","status-publish","hentry"],"aioseo_notices":[],"jetpack_shortlink":"https:\/\/wp.me\/P7LG8D-9B","jetpack_likes_enabled":true,"jetpack-related-posts":[],"jetpack_sharing_enabled":true,"_links":{"self":[{"href":"https:\/\/www.sastamalankylat.fi\/keikya\/wp-json\/wp\/v2\/pages\/595","targetHints":{"allow":["GET"]}}],"collection":[{"href":"https:\/\/www.sastamalankylat.fi\/keikya\/wp-json\/wp\/v2\/pages"}],"about":[{"href":"https:\/\/www.sastamalankylat.fi\/keikya\/wp-json\/wp\/v2\/types\/page"}],"author":[{"embeddable":true,"href":"https:\/\/www.sastamalankylat.fi\/keikya\/wp-json\/wp\/v2\/users\/11"}],"replies":[{"embeddable":true,"href":"https:\/\/www.sastamalankylat.fi\/keikya\/wp-json\/wp\/v2\/comments?post=595"}],"version-history":[{"count":3,"href":"https:\/\/www.sastamalankylat.fi\/keikya\/wp-json\/wp\/v2\/pages\/595\/revisions"}],"predecessor-version":[{"id":845,"href":"https:\/\/www.sastamalankylat.fi\/keikya\/wp-json\/wp\/v2\/pages\/595\/revisions\/845"}],"up":[{"embeddable":true,"href":"https:\/\/www.sastamalankylat.fi\/keikya\/wp-json\/wp\/v2\/pages\/62"}],"wp:attachment":[{"href":"https:\/\/www.sastamalankylat.fi\/keikya\/wp-json\/wp\/v2\/media?parent=595"}],"curies":[{"name":"wp","href":"https:\/\/api.w.org\/{rel}","templated":true}]}}