{"id":353,"date":"2013-10-09T23:33:27","date_gmt":"2013-10-09T20:33:27","guid":{"rendered":"http:\/\/www.sastamalankylat.fi\/keikya\/?page_id=353"},"modified":"2013-10-10T00:04:53","modified_gmt":"2013-10-09T21:04:53","slug":"riippusilta","status":"publish","type":"page","link":"https:\/\/www.sastamalankylat.fi\/keikya\/nahtavyydet\/riippusilta\/","title":{"rendered":"Riippusilta"},"content":{"rendered":"<p><a href=\"https:\/\/i0.wp.com\/www.sastamalankylat.fi\/keikya\/wp-content\/uploads\/sites\/9\/2013\/10\/KYL%C3%84SEURALLE-kuvia-137-2102v.-199.jpg\"><img data-recalc-dims=\"1\" loading=\"lazy\" decoding=\"async\" data-attachment-id=\"364\" data-permalink=\"https:\/\/www.sastamalankylat.fi\/keikya\/nahtavyydet\/riippusilta\/kylaseuralle-kuvia-137-2102v-199\/\" data-orig-file=\"https:\/\/i0.wp.com\/www.sastamalankylat.fi\/keikya\/wp-content\/uploads\/sites\/9\/2013\/10\/KYL%C3%84SEURALLE-kuvia-137-2102v.-199.jpg?fit=600%2C450&amp;ssl=1\" data-orig-size=\"600,450\" data-comments-opened=\"0\" data-image-meta=\"{&quot;aperture&quot;:&quot;0&quot;,&quot;credit&quot;:&quot;&quot;,&quot;camera&quot;:&quot;&quot;,&quot;caption&quot;:&quot;&quot;,&quot;created_timestamp&quot;:&quot;0&quot;,&quot;copyright&quot;:&quot;&quot;,&quot;focal_length&quot;:&quot;0&quot;,&quot;iso&quot;:&quot;0&quot;,&quot;shutter_speed&quot;:&quot;0&quot;,&quot;title&quot;:&quot;&quot;}\" data-image-title=\"KYL\u00c4SEURALLE kuvia 13,7-2102,v. 199\" data-image-description=\"\" data-image-caption=\"\" data-large-file=\"https:\/\/i0.wp.com\/www.sastamalankylat.fi\/keikya\/wp-content\/uploads\/sites\/9\/2013\/10\/KYL%C3%84SEURALLE-kuvia-137-2102v.-199.jpg?fit=600%2C450&amp;ssl=1\" class=\"size-medium wp-image-364 alignright\" alt=\"KYL\u00c4SEURALLE kuvia 13,7-2102,v. 199\" src=\"https:\/\/i0.wp.com\/www.sastamalankylat.fi\/keikya\/wp-content\/uploads\/sites\/9\/2013\/10\/KYL%C3%84SEURALLE-kuvia-137-2102v.-199.jpg?resize=300%2C225\" width=\"300\" height=\"225\" srcset=\"https:\/\/i0.wp.com\/www.sastamalankylat.fi\/keikya\/wp-content\/uploads\/sites\/9\/2013\/10\/KYL%C3%84SEURALLE-kuvia-137-2102v.-199.jpg?resize=300%2C225&amp;ssl=1 300w, https:\/\/i0.wp.com\/www.sastamalankylat.fi\/keikya\/wp-content\/uploads\/sites\/9\/2013\/10\/KYL%C3%84SEURALLE-kuvia-137-2102v.-199.jpg?w=600&amp;ssl=1 600w\" sizes=\"auto, (max-width: 300px) 100vw, 300px\" \/><\/a>Kuohuvan \u00c4ets\u00e4nkosken yli rakennettiin ensimm\u00e4inen riippusilta vuonna 1919 ty\u00f6v\u00e4en kulkua varten Hossan talon kohdalta Myllysaaren kautta \u00c4ets\u00e4n tehtaiden Pehulan puoleiseen rantaan. Silta oli keinuva, kapea k\u00e4velysilta.<\/p>\n<p><a href=\"https:\/\/i0.wp.com\/www.sastamalankylat.fi\/keikya\/wp-content\/uploads\/sites\/9\/2013\/10\/skannaaminen0021.jpg\"><img data-recalc-dims=\"1\" loading=\"lazy\" decoding=\"async\" data-attachment-id=\"365\" data-permalink=\"https:\/\/www.sastamalankylat.fi\/keikya\/nahtavyydet\/riippusilta\/skannaaminen0021\/\" data-orig-file=\"https:\/\/i0.wp.com\/www.sastamalankylat.fi\/keikya\/wp-content\/uploads\/sites\/9\/2013\/10\/skannaaminen0021.jpg?fit=331%2C480&amp;ssl=1\" data-orig-size=\"331,480\" data-comments-opened=\"0\" data-image-meta=\"{&quot;aperture&quot;:&quot;0&quot;,&quot;credit&quot;:&quot;&quot;,&quot;camera&quot;:&quot;HP Scanjet djf2200&quot;,&quot;caption&quot;:&quot;&quot;,&quot;created_timestamp&quot;:&quot;0&quot;,&quot;copyright&quot;:&quot;&quot;,&quot;focal_length&quot;:&quot;0&quot;,&quot;iso&quot;:&quot;0&quot;,&quot;shutter_speed&quot;:&quot;0&quot;,&quot;title&quot;:&quot;&quot;}\" data-image-title=\"Keiky\u00e4n riippusilta\" data-image-description=\"\" data-image-caption=\"\" data-large-file=\"https:\/\/i0.wp.com\/www.sastamalankylat.fi\/keikya\/wp-content\/uploads\/sites\/9\/2013\/10\/skannaaminen0021.jpg?fit=331%2C480&amp;ssl=1\" class=\"size-medium wp-image-365 alignleft\" alt=\"skannaaminen0021\" src=\"https:\/\/i0.wp.com\/www.sastamalankylat.fi\/keikya\/wp-content\/uploads\/sites\/9\/2013\/10\/skannaaminen0021.jpg?resize=163%2C239\" width=\"163\" height=\"239\" \/><\/a><\/p>\n<p>Toinen riippusilta valmistui 1948. Pituudeltaan t\u00e4m\u00e4 Suomen pisin puinen riippusilta on 228m ja leveydelt\u00e4\u00e4n 165 cm. Silta rakennettiin Keiky\u00e4n kunnan ja Finnish Chemicals Oy:n rahoituksella Peevolasta Pehulaa<\/p>\n<p>n. Vuonna 1957 silta s\u00e4rkyi myrskyss\u00e4, korjattiin ja vahvistettiin kuitenkin heti.<\/p>\n<p>Riippusilta on vieh\u00e4tt\u00e4v\u00e4 kauniissa ymp\u00e4rist\u00f6ss\u00e4 ja niinp\u00e4 sen kautta kulkevat monet k\u00e4vely- ja py\u00f6r\u00e4ilyreitit kautta vuoden.<a href=\"https:\/\/i0.wp.com\/www.sastamalankylat.fi\/keikya\/wp-content\/uploads\/sites\/9\/2013\/10\/KYL%C3%84SEURALLE-kuvia-137-2102v.-206.jpg\"><img data-recalc-dims=\"1\" loading=\"lazy\" decoding=\"async\" data-attachment-id=\"366\" data-permalink=\"https:\/\/www.sastamalankylat.fi\/keikya\/nahtavyydet\/riippusilta\/kylaseuralle-kuvia-137-2102v-206\/\" data-orig-file=\"https:\/\/i0.wp.com\/www.sastamalankylat.fi\/keikya\/wp-content\/uploads\/sites\/9\/2013\/10\/KYL%C3%84SEURALLE-kuvia-137-2102v.-206.jpg?fit=600%2C450&amp;ssl=1\" data-orig-size=\"600,450\" data-comments-opened=\"0\" data-image-meta=\"{&quot;aperture&quot;:&quot;0&quot;,&quot;credit&quot;:&quot;&quot;,&quot;camera&quot;:&quot;&quot;,&quot;caption&quot;:&quot;&quot;,&quot;created_timestamp&quot;:&quot;0&quot;,&quot;copyright&quot;:&quot;&quot;,&quot;focal_length&quot;:&quot;0&quot;,&quot;iso&quot;:&quot;0&quot;,&quot;shutter_speed&quot;:&quot;0&quot;,&quot;title&quot;:&quot;&quot;}\" data-image-title=\"KYL\u00c4SEURALLE kuvia 13,7-2102,v. 206\" data-image-description=\"\" data-image-caption=\"\" data-large-file=\"https:\/\/i0.wp.com\/www.sastamalankylat.fi\/keikya\/wp-content\/uploads\/sites\/9\/2013\/10\/KYL%C3%84SEURALLE-kuvia-137-2102v.-206.jpg?fit=600%2C450&amp;ssl=1\" class=\"size-medium wp-image-366 alignright\" alt=\"KYL\u00c4SEURALLE kuvia 13,7-2102,v. 206\" src=\"https:\/\/i0.wp.com\/www.sastamalankylat.fi\/keikya\/wp-content\/uploads\/sites\/9\/2013\/10\/KYL%C3%84SEURALLE-kuvia-137-2102v.-206.jpg?resize=278%2C208\" width=\"278\" height=\"208\" srcset=\"https:\/\/i0.wp.com\/www.sastamalankylat.fi\/keikya\/wp-content\/uploads\/sites\/9\/2013\/10\/KYL%C3%84SEURALLE-kuvia-137-2102v.-206.jpg?resize=300%2C225&amp;ssl=1 300w, https:\/\/i0.wp.com\/www.sastamalankylat.fi\/keikya\/wp-content\/uploads\/sites\/9\/2013\/10\/KYL%C3%84SEURALLE-kuvia-137-2102v.-206.jpg?w=600&amp;ssl=1 600w\" sizes=\"auto, (max-width: 278px) 100vw, 278px\" \/><\/a><\/p>\n<!-- AddThis Advanced Settings generic via filter on the_content --><!-- AddThis Share Buttons generic via filter on the_content -->","protected":false},"excerpt":{"rendered":"<p>Kuohuvan \u00c4ets\u00e4nkosken yli rakennettiin ensimm\u00e4inen riippusilta vuonna 1919 ty\u00f6v\u00e4en kulkua varten Hossan talon kohdalta Myllysaaren kautta \u00c4ets\u00e4n tehtaiden Pehulan puoleiseen rantaan. Silta oli keinuva, kapea k\u00e4velysilta. Toinen riippusilta valmistui 1948. Pituudeltaan t\u00e4m\u00e4 Suomen pisin puinen riippusilta on 228m ja leveydelt\u00e4\u00e4n 165 cm. Silta rakennettiin Keiky\u00e4n kunnan ja Finnish Chemicals Oy:n rahoituksella Peevolasta Pehulaa n. Vuonna [&hellip;]<!-- AddThis Advanced Settings generic via filter on wp_trim_excerpt --><!-- AddThis Share Buttons generic via filter on wp_trim_excerpt --><\/p>\n","protected":false},"author":11,"featured_media":0,"parent":44,"menu_order":0,"comment_status":"closed","ping_status":"closed","template":"","meta":{"jetpack_post_was_ever_published":false,"footnotes":""},"class_list":["post-353","page","type-page","status-publish","hentry"],"aioseo_notices":[],"jetpack_shortlink":"https:\/\/wp.me\/P7LG8D-5H","jetpack_likes_enabled":true,"jetpack-related-posts":[],"jetpack_sharing_enabled":true,"_links":{"self":[{"href":"https:\/\/www.sastamalankylat.fi\/keikya\/wp-json\/wp\/v2\/pages\/353","targetHints":{"allow":["GET"]}}],"collection":[{"href":"https:\/\/www.sastamalankylat.fi\/keikya\/wp-json\/wp\/v2\/pages"}],"about":[{"href":"https:\/\/www.sastamalankylat.fi\/keikya\/wp-json\/wp\/v2\/types\/page"}],"author":[{"embeddable":true,"href":"https:\/\/www.sastamalankylat.fi\/keikya\/wp-json\/wp\/v2\/users\/11"}],"replies":[{"embeddable":true,"href":"https:\/\/www.sastamalankylat.fi\/keikya\/wp-json\/wp\/v2\/comments?post=353"}],"version-history":[{"count":2,"href":"https:\/\/www.sastamalankylat.fi\/keikya\/wp-json\/wp\/v2\/pages\/353\/revisions"}],"predecessor-version":[{"id":367,"href":"https:\/\/www.sastamalankylat.fi\/keikya\/wp-json\/wp\/v2\/pages\/353\/revisions\/367"}],"up":[{"embeddable":true,"href":"https:\/\/www.sastamalankylat.fi\/keikya\/wp-json\/wp\/v2\/pages\/44"}],"wp:attachment":[{"href":"https:\/\/www.sastamalankylat.fi\/keikya\/wp-json\/wp\/v2\/media?parent=353"}],"curies":[{"name":"wp","href":"https:\/\/api.w.org\/{rel}","templated":true}]}}