{"id":96,"date":"2018-03-06T20:26:00","date_gmt":"2018-03-06T18:26:00","guid":{"rendered":"http:\/\/www.sastamalankylat.fi\/kaukolankylaseura\/?page_id=96"},"modified":"2020-03-06T11:01:51","modified_gmt":"2020-03-06T09:01:51","slug":"tule-mukaan","status":"publish","type":"page","link":"https:\/\/www.sastamalankylat.fi\/kaukolankylaseura\/tule-mukaan\/","title":{"rendered":"Tule mukaan!"},"content":{"rendered":"\n<p>OSALLISTUMALLA KYL\u00c4SEURAN TAPAHTUMIIN<\/p>\n\n\n\n<p>Kaukolan kyl\u00e4seurassa on monenlaista toimintaa. Seuraa tulevia tapahtumiamme verkkosivuillamme, Facebookissa ja Alueviestin j\u00e4rjest\u00f6palstalla. Olet l\u00e4mpim\u00e4sti tervetullut osallistumaan kaikkiin tapahtumiimme! <\/p>\n\n\n\n<p>OSALLISTUMALLA KYL\u00c4SEURAN TALKOISIIN<\/p>\n\n\n\n<p>Kyl\u00e4seurassa on mahdollista osallistua my\u00f6s monenlaisiin talkoot\u00f6ihin. Tapahtumissa on paikkansa jokaiselle vapaaehtoiselle ja kyl\u00e4talon kiinteist\u00f6\u00e4 hoidetaan ja siivotaan talkoovoimin.  Kyl\u00e4talo l\u00e4mpim\u00e4ksi -hankkeen my\u00f6t\u00e4 k\u00e4ynnistyv\u00e4t my\u00f6s ikkunankunnostustalkoot. <\/p>\n\n\n\n<p>Voisitko sin\u00e4 olla mukana talkoissa? Lis\u00e4tietoja saat l\u00e4hett\u00e4m\u00e4ll\u00e4 s\u00e4hk\u00f6postia osoitteeseen kaukolankylaseura@gmail.com tai soittamalla numeroon 0505918067.<\/p>\n\n\n\n<figure class=\"wp-block-image size-large\"><img loading=\"lazy\" decoding=\"async\" width=\"1024\" height=\"512\" src=\"http:\/\/www.sastamalankylat.fi\/kaukolankylaseura\/wp-content\/uploads\/sites\/24\/2020\/03\/72777029_2674703035883762_447292101957255168_o-1-1024x512.jpg\" alt=\"\" class=\"wp-image-529\" srcset=\"https:\/\/www.sastamalankylat.fi\/kaukolankylaseura\/wp-content\/uploads\/sites\/24\/2020\/03\/72777029_2674703035883762_447292101957255168_o-1-1024x512.jpg 1024w, https:\/\/www.sastamalankylat.fi\/kaukolankylaseura\/wp-content\/uploads\/sites\/24\/2020\/03\/72777029_2674703035883762_447292101957255168_o-1-300x150.jpg 300w, https:\/\/www.sastamalankylat.fi\/kaukolankylaseura\/wp-content\/uploads\/sites\/24\/2020\/03\/72777029_2674703035883762_447292101957255168_o-1-768x384.jpg 768w, https:\/\/www.sastamalankylat.fi\/kaukolankylaseura\/wp-content\/uploads\/sites\/24\/2020\/03\/72777029_2674703035883762_447292101957255168_o-1-1536x768.jpg 1536w, https:\/\/www.sastamalankylat.fi\/kaukolankylaseura\/wp-content\/uploads\/sites\/24\/2020\/03\/72777029_2674703035883762_447292101957255168_o-1-2048x1024.jpg 2048w, https:\/\/www.sastamalankylat.fi\/kaukolankylaseura\/wp-content\/uploads\/sites\/24\/2020\/03\/72777029_2674703035883762_447292101957255168_o-1-624x312.jpg 624w\" sizes=\"auto, (max-width: 1024px) 100vw, 1024px\" \/><\/figure>\n\n\n\n<p>Yhteisty\u00f6ss\u00e4 on voimaa ja kyl\u00e4seura tekee sit\u00e4 mielell\u00e4\u00e4n. Yhteisty\u00f6kumppaneitamme ovat muun muassa Sastamalan opisto, Sastamalan seurakunta, Sastamalan kaupunki, Sastamalan 4H yhdistys, Joutsenten reitti, Sastamalan Kyl\u00e4t ry, Pirkan Kyl\u00e4t ry, Maaseudun sivistysliitto, Koti kyl\u00e4\u00e4n -hanke ja Hiilt\u00e4 sitovat kyl\u00e4t -hanke.<\/p>\n<!-- AddThis Advanced Settings generic via filter on the_content --><!-- AddThis Share Buttons generic via filter on the_content -->","protected":false},"excerpt":{"rendered":"<p>OSALLISTUMALLA KYL\u00c4SEURAN TAPAHTUMIIN Kaukolan kyl\u00e4seurassa on monenlaista toimintaa. Seuraa tulevia tapahtumiamme verkkosivuillamme, Facebookissa ja Alueviestin j\u00e4rjest\u00f6palstalla. Olet l\u00e4mpim\u00e4sti tervetullut osallistumaan kaikkiin tapahtumiimme! OSALLISTUMALLA KYL\u00c4SEURAN TALKOISIIN Kyl\u00e4seurassa on mahdollista osallistua my\u00f6s monenlaisiin talkoot\u00f6ihin. Tapahtumissa on paikkansa jokaiselle vapaaehtoiselle ja kyl\u00e4talon kiinteist\u00f6\u00e4 hoidetaan ja siivotaan talkoovoimin. Kyl\u00e4talo l\u00e4mpim\u00e4ksi -hankkeen my\u00f6t\u00e4 k\u00e4ynnistyv\u00e4t my\u00f6s ikkunankunnostustalkoot. Voisitko sin\u00e4 olla mukana [&hellip;]<!-- AddThis Advanced Settings generic via filter on get_the_excerpt --><!-- AddThis Share Buttons generic via filter on get_the_excerpt --><\/p>\n","protected":false},"author":35,"featured_media":0,"parent":0,"menu_order":0,"comment_status":"closed","ping_status":"closed","template":"","meta":{"jetpack_post_was_ever_published":false,"footnotes":""},"class_list":["post-96","page","type-page","status-publish","hentry"],"aioseo_notices":[],"jetpack_shortlink":"https:\/\/wp.me\/P9LdS9-1y","jetpack_sharing_enabled":true,"_links":{"self":[{"href":"https:\/\/www.sastamalankylat.fi\/kaukolankylaseura\/wp-json\/wp\/v2\/pages\/96","targetHints":{"allow":["GET"]}}],"collection":[{"href":"https:\/\/www.sastamalankylat.fi\/kaukolankylaseura\/wp-json\/wp\/v2\/pages"}],"about":[{"href":"https:\/\/www.sastamalankylat.fi\/kaukolankylaseura\/wp-json\/wp\/v2\/types\/page"}],"author":[{"embeddable":true,"href":"https:\/\/www.sastamalankylat.fi\/kaukolankylaseura\/wp-json\/wp\/v2\/users\/35"}],"replies":[{"embeddable":true,"href":"https:\/\/www.sastamalankylat.fi\/kaukolankylaseura\/wp-json\/wp\/v2\/comments?post=96"}],"version-history":[{"count":7,"href":"https:\/\/www.sastamalankylat.fi\/kaukolankylaseura\/wp-json\/wp\/v2\/pages\/96\/revisions"}],"predecessor-version":[{"id":547,"href":"https:\/\/www.sastamalankylat.fi\/kaukolankylaseura\/wp-json\/wp\/v2\/pages\/96\/revisions\/547"}],"wp:attachment":[{"href":"https:\/\/www.sastamalankylat.fi\/kaukolankylaseura\/wp-json\/wp\/v2\/media?parent=96"}],"curies":[{"name":"wp","href":"https:\/\/api.w.org\/{rel}","templated":true}]}}