{"id":507,"date":"2020-03-04T20:16:07","date_gmt":"2020-03-04T18:16:07","guid":{"rendered":"http:\/\/www.sastamalankylat.fi\/kaukolankylaseura\/?page_id=507"},"modified":"2020-03-05T11:00:48","modified_gmt":"2020-03-05T09:00:48","slug":"kylatalon-rakennushistoriaa","status":"publish","type":"page","link":"https:\/\/www.sastamalankylat.fi\/kaukolankylaseura\/kylatalon-rakennushistoriaa\/","title":{"rendered":"Kyl\u00e4talon rakennushistoriaa"},"content":{"rendered":"\n<figure class=\"wp-block-image size-large\"><img loading=\"lazy\" decoding=\"async\" width=\"1024\" height=\"647\" src=\"http:\/\/www.sastamalankylat.fi\/kaukolankylaseura\/wp-content\/uploads\/sites\/24\/2020\/03\/kuva-sastamalan-seudun-museo-1024x647.jpg\" alt=\"\" class=\"wp-image-508\" srcset=\"https:\/\/www.sastamalankylat.fi\/kaukolankylaseura\/wp-content\/uploads\/sites\/24\/2020\/03\/kuva-sastamalan-seudun-museo-1024x647.jpg 1024w, https:\/\/www.sastamalankylat.fi\/kaukolankylaseura\/wp-content\/uploads\/sites\/24\/2020\/03\/kuva-sastamalan-seudun-museo-300x190.jpg 300w, https:\/\/www.sastamalankylat.fi\/kaukolankylaseura\/wp-content\/uploads\/sites\/24\/2020\/03\/kuva-sastamalan-seudun-museo-768x485.jpg 768w, https:\/\/www.sastamalankylat.fi\/kaukolankylaseura\/wp-content\/uploads\/sites\/24\/2020\/03\/kuva-sastamalan-seudun-museo-624x394.jpg 624w, https:\/\/www.sastamalankylat.fi\/kaukolankylaseura\/wp-content\/uploads\/sites\/24\/2020\/03\/kuva-sastamalan-seudun-museo.jpg 1127w\" sizes=\"auto, (max-width: 1024px) 100vw, 1024px\" \/><figcaption>Kuva: Sastamalan seudun museo<\/figcaption><\/figure>\n\n\n\n<p>Kaukolan kyl\u00e4talo sijaitsee Liekoveden l\u00e4nsirannalla sijaitsevan Kaukolan kyl\u00e4n syd\u00e4mess\u00e4. Kaukolan kyl\u00e4 kuuluu valtakunnallisesti arvokkaaseen Kokem\u00e4enjoen maisema-alueeseen. Kyl\u00e4ll\u00e4 on keskeinen ja t\u00e4rke\u00e4 osa koko seudun asutushistoriassa.<\/p>\n\n\n\n<p>Vuonna 1950 valmistunut Kaukolan kyl\u00e4talo edustaa arkkitehtuuriltaan funktionaalista tyylisuuntaa ja istuu kauniisti kyl\u00e4nraitin varteen. Rakennus toimi kouluna kyl\u00e4n ja l\u00e4hikylien lapsille 67 vuoden ajan.<\/p>\n\n\n\n<p>Kaukolan koulupiiriin p\u00e4\u00e4tettiin rakentaa uusi koulutalo vuonna 1947. Koulua oli k\u00e4yty aiemmin eri taloissa ja vuokratiloissa. Rakennuspiirustusten laatiminen annettiin rakennusmestari Heikki Prusille kev\u00e4\u00e4ll\u00e4 1948. Piirustusten valmistuttua rakennusty\u00f6t aloitettiin&nbsp; hein\u00e4kuussa 1949 K.T V\u00e4nni\u00e4n perikunnan jo vuonna 1918 koulurakennusta varten lahjoittamalla tontilla. Ty\u00f6t edistyiv\u00e4t nopeasti ja harjannostajaisia vietettiin uuden koulutalon veistosalissa 3.12.1949.<\/p>\n\n\n\n<p>Kaukolan 3-kerroksinen koulu oli ensimm\u00e4inen tiilest\u00e4 rakennettu koulu Tyrv\u00e4\u00e4ss\u00e4. &nbsp;Siin\u00e4 oli nelj\u00e4 luokkahuonetta, voimistelusali, kerho- ja kirjastohuoneet, koulukeittola opetuskeitti\u00f6ineen sek\u00e4 asunnot kolmelle opettajalle ja vahtimestarille. Kellarikerroksessa oli kattilahuone, polttoainevarasto, veistosali, sauna, pesutupa, mankelihuone, talouskellarit opettajille ja koulukeittolaa varten sek\u00e4 varastohuoneet. Ulkorakennuksessa olivat oppilaiden ulkovessat, varasto, puuliiteri ja navetta. Koulun pihassa oli kasvimaa ja koulun ja Kaukolantien v\u00e4lisell\u00e4 pellolla peltosarat.<\/p>\n\n\n\n<p>Rakennusty\u00f6t urakoi Urakkamiehet Oy Loimaalta, l\u00e4mp\u00f6- ja vesijohtoty\u00f6t Veljekset Lehtinen Tampereelta, s\u00e4hk\u00f6ty\u00f6t Vammalan S\u00e4hk\u00f6liike ja maalausty\u00f6t M\u00e4kel\u00e4n maalausliike Tyrv\u00e4\u00e4st\u00e4. Rakennust\u00f6it\u00e4 johti rakennusmestari Erkki Tuominen Tampereelta.<\/p>\n\n\n\n<p>Koulutalo valmistui aikataulussa elokuuksi 1950 ja kouluty\u00f6 alkoi 1.9.1950. Suurimmillaan Kaukolan koulussa oli 119 oppilasta lukuvuonna 1957-58. My\u00f6s 1970-luvun alussa oppilasm\u00e4\u00e4r\u00e4t olivat isoja ja koulun kirjasto otettiinkin t\u00e4ll\u00f6in opetusk\u00e4ytt\u00f6\u00f6n. Vahtimestarin asunto oli muutettu opettajienhuoneeksi jo aiemmin. Koulun asuntolassa ei asunut en\u00e4\u00e4 opettajia 1970-luvun j\u00e4lkeen ja yl\u00e4kerran asunnot otettiin my\u00f6s kouluk\u00e4ytt\u00f6\u00f6n.<\/p>\n\n\n\n<p>Rakennuksen ominaispiirteet ovat s\u00e4ilyneet puhtaina ja se edustaa rakennusajankohtansa arkkitehtuuria hyvin. Kyl\u00e4talo on t\u00e4n\u00e4 kes\u00e4n\u00e4 j\u00e4lleen t\u00e4ynn\u00e4 el\u00e4m\u00e4\u00e4 ja kyl\u00e4n lapset ja aikuiset p\u00e4\u00e4sev\u00e4t taas viett\u00e4m\u00e4\u00e4n aikaa vanhan, tutun rakennuksen suojissa.<\/p>\n\n\n\n<p>Tekstin koonnut Olena Sandholm <\/p>\n<!-- AddThis Advanced Settings generic via filter on the_content --><!-- AddThis Share Buttons generic via filter on the_content -->","protected":false},"excerpt":{"rendered":"<p>Kaukolan kyl\u00e4talo sijaitsee Liekoveden l\u00e4nsirannalla sijaitsevan Kaukolan kyl\u00e4n syd\u00e4mess\u00e4. Kaukolan kyl\u00e4 kuuluu valtakunnallisesti arvokkaaseen Kokem\u00e4enjoen maisema-alueeseen. Kyl\u00e4ll\u00e4 on keskeinen ja t\u00e4rke\u00e4 osa koko seudun asutushistoriassa. Vuonna 1950 valmistunut Kaukolan kyl\u00e4talo edustaa arkkitehtuuriltaan funktionaalista tyylisuuntaa ja istuu kauniisti kyl\u00e4nraitin varteen. Rakennus toimi kouluna kyl\u00e4n ja l\u00e4hikylien lapsille 67 vuoden ajan. Kaukolan koulupiiriin p\u00e4\u00e4tettiin rakentaa uusi koulutalo [&hellip;]<!-- AddThis Advanced Settings generic via filter on get_the_excerpt --><!-- AddThis Share Buttons generic via filter on get_the_excerpt --><\/p>\n","protected":false},"author":35,"featured_media":0,"parent":0,"menu_order":0,"comment_status":"closed","ping_status":"closed","template":"","meta":{"jetpack_post_was_ever_published":false,"footnotes":""},"class_list":["post-507","page","type-page","status-publish","hentry"],"aioseo_notices":[],"jetpack_shortlink":"https:\/\/wp.me\/P9LdS9-8b","jetpack_sharing_enabled":true,"_links":{"self":[{"href":"https:\/\/www.sastamalankylat.fi\/kaukolankylaseura\/wp-json\/wp\/v2\/pages\/507","targetHints":{"allow":["GET"]}}],"collection":[{"href":"https:\/\/www.sastamalankylat.fi\/kaukolankylaseura\/wp-json\/wp\/v2\/pages"}],"about":[{"href":"https:\/\/www.sastamalankylat.fi\/kaukolankylaseura\/wp-json\/wp\/v2\/types\/page"}],"author":[{"embeddable":true,"href":"https:\/\/www.sastamalankylat.fi\/kaukolankylaseura\/wp-json\/wp\/v2\/users\/35"}],"replies":[{"embeddable":true,"href":"https:\/\/www.sastamalankylat.fi\/kaukolankylaseura\/wp-json\/wp\/v2\/comments?post=507"}],"version-history":[{"count":2,"href":"https:\/\/www.sastamalankylat.fi\/kaukolankylaseura\/wp-json\/wp\/v2\/pages\/507\/revisions"}],"predecessor-version":[{"id":532,"href":"https:\/\/www.sastamalankylat.fi\/kaukolankylaseura\/wp-json\/wp\/v2\/pages\/507\/revisions\/532"}],"wp:attachment":[{"href":"https:\/\/www.sastamalankylat.fi\/kaukolankylaseura\/wp-json\/wp\/v2\/media?parent=507"}],"curies":[{"name":"wp","href":"https:\/\/api.w.org\/{rel}","templated":true}]}}