{"id":856,"date":"2023-03-05T12:46:23","date_gmt":"2023-03-05T10:46:23","guid":{"rendered":"http:\/\/www.sastamalankylat.fi\/jaara\/?page_id=856"},"modified":"2023-03-05T12:46:23","modified_gmt":"2023-03-05T10:46:23","slug":"jaaran-kylaseura-jarjestaa-avantouintia","status":"publish","type":"page","link":"https:\/\/www.sastamalankylat.fi\/jaara\/jaaran-kylaseura-jarjestaa-avantouintia\/","title":{"rendered":"Jaaran kyl\u00e4seura j\u00e4rjest\u00e4\u00e4 avantouintia"},"content":{"rendered":"<div class=\"x11i5rnm xat24cr x1mh8g0r x1vvkbs xdj266r x126k92a\">\n<div dir=\"auto\"><a href=\"http:\/\/www.sastamalankylat.fi\/jaara\/wp-content\/uploads\/sites\/21\/2023\/03\/saukko-2-080413.jpg\"><img loading=\"lazy\" decoding=\"async\" class=\"aligncenter size-large wp-image-857\" src=\"http:\/\/www.sastamalankylat.fi\/jaara\/wp-content\/uploads\/sites\/21\/2023\/03\/saukko-2-080413-1024x678.jpg\" alt=\"\" width=\"625\" height=\"414\" srcset=\"https:\/\/www.sastamalankylat.fi\/jaara\/wp-content\/uploads\/sites\/21\/2023\/03\/saukko-2-080413-1024x678.jpg 1024w, https:\/\/www.sastamalankylat.fi\/jaara\/wp-content\/uploads\/sites\/21\/2023\/03\/saukko-2-080413-300x199.jpg 300w, https:\/\/www.sastamalankylat.fi\/jaara\/wp-content\/uploads\/sites\/21\/2023\/03\/saukko-2-080413-768x508.jpg 768w, https:\/\/www.sastamalankylat.fi\/jaara\/wp-content\/uploads\/sites\/21\/2023\/03\/saukko-2-080413-624x413.jpg 624w, https:\/\/www.sastamalankylat.fi\/jaara\/wp-content\/uploads\/sites\/21\/2023\/03\/saukko-2-080413.jpg 1080w\" sizes=\"auto, (max-width: 625px) 100vw, 625px\" \/><\/a><\/div>\n<div dir=\"auto\"><\/div>\n<div dir=\"auto\">Avantouinti Kiikoisten rantasaunalla maalis-huhtikuussa 2023<\/div>\n<div dir=\"auto\">tiistaisin klo 18-20.<\/div>\n<div dir=\"auto\"><\/div>\n<div dir=\"auto\">Saunamaksut k\u00e4teisell\u00e4<\/div>\n<div dir=\"auto\">4 \u20ac\/hl\u00f6 Jaaran kyl\u00e4seuran kannatusmaksun maksaneet<\/div>\n<div dir=\"auto\">5 \u20ac \/hl\u00f6 muut<\/div>\n<div dir=\"auto\">Lapset alle 14 v ilman maksua<\/div>\n<div dir=\"auto\"><\/div>\n<div dir=\"auto\"><\/div>\n<\/div>\n<div class=\"x11i5rnm xat24cr x1mh8g0r x1vvkbs xtlvy1s x126k92a\">\n<div dir=\"auto\">Info Jaaran kyl\u00e4seuran kannatusmaksusta 2023<\/div>\n<div dir=\"auto\">5 \u20ac\/ hl\u00f6 tai 10 \u20ac\/ perhe<\/div>\n<div dir=\"auto\">Maksun voit suorittaa rantasaunalla tai<\/div>\n<div dir=\"auto\">tilille FI90 5146 0920 0045 40.<\/div>\n<div dir=\"auto\">Tilille maksaessasi laita viestikentt\u00e4\u00e4n nimesi.<\/div>\n<div dir=\"auto\"><\/div>\n<div dir=\"auto\"><\/div>\n<\/div>\n<div class=\"x11i5rnm xat24cr x1mh8g0r x1vvkbs xtlvy1s x126k92a\">\n<div dir=\"auto\">Huom! Kyl\u00e4seuran toimintaa saat kannattaa my\u00f6s<\/div>\n<div dir=\"auto\">ilman kylm\u00e4\u00e4 kylpy\u00e4<span class=\"x3nfvp2 x1j61x8r x1fcty0u xdj266r xhhsvwb xat24cr xgzva0m xxymvpz xlup9mm x1kky2od\"><img loading=\"lazy\" decoding=\"async\" src=\"https:\/\/static.xx.fbcdn.net\/images\/emoji.php\/v9\/t57\/1\/16\/1f609.png\" alt=\"\ud83d\ude09\" width=\"16\" height=\"16\" \/><\/span><\/div>\n<div dir=\"auto\"><\/div>\n<div dir=\"auto\"><\/div>\n<\/div>\n<div class=\"x11i5rnm xat24cr x1mh8g0r x1vvkbs xtlvy1s x126k92a\">\n<div dir=\"auto\">P.S. Kuvalla vain huomio. Saukko kuvattu Jaaranjoella.<\/div>\n<\/div>\n<!-- AddThis Advanced Settings generic via filter on the_content --><!-- AddThis Share Buttons generic via filter on the_content -->","protected":false},"excerpt":{"rendered":"<p>Avantouinti Kiikoisten rantasaunalla maalis-huhtikuussa 2023 tiistaisin klo 18-20. Saunamaksut k\u00e4teisell\u00e4 4 \u20ac\/hl\u00f6 Jaaran kyl\u00e4seuran kannatusmaksun maksaneet 5 \u20ac \/hl\u00f6 muut Lapset alle 14 v ilman maksua Info Jaaran kyl\u00e4seuran kannatusmaksusta 2023 5 \u20ac\/ hl\u00f6 tai 10 \u20ac\/ perhe Maksun voit suorittaa rantasaunalla tai tilille FI90 5146 0920 0045 40. Tilille maksaessasi laita viestikentt\u00e4\u00e4n nimesi. Huom! [&hellip;]<!-- AddThis Advanced Settings generic via filter on wp_trim_excerpt --><!-- AddThis Share Buttons generic via filter on wp_trim_excerpt --><\/p>\n","protected":false},"author":26,"featured_media":0,"parent":0,"menu_order":0,"comment_status":"closed","ping_status":"closed","template":"","meta":{"jetpack_post_was_ever_published":false,"footnotes":""},"class_list":["post-856","page","type-page","status-publish","hentry"],"aioseo_notices":[],"jetpack_shortlink":"https:\/\/wp.me\/P5eJDy-dO","jetpack_sharing_enabled":true,"_links":{"self":[{"href":"https:\/\/www.sastamalankylat.fi\/jaara\/wp-json\/wp\/v2\/pages\/856","targetHints":{"allow":["GET"]}}],"collection":[{"href":"https:\/\/www.sastamalankylat.fi\/jaara\/wp-json\/wp\/v2\/pages"}],"about":[{"href":"https:\/\/www.sastamalankylat.fi\/jaara\/wp-json\/wp\/v2\/types\/page"}],"author":[{"embeddable":true,"href":"https:\/\/www.sastamalankylat.fi\/jaara\/wp-json\/wp\/v2\/users\/26"}],"replies":[{"embeddable":true,"href":"https:\/\/www.sastamalankylat.fi\/jaara\/wp-json\/wp\/v2\/comments?post=856"}],"version-history":[{"count":4,"href":"https:\/\/www.sastamalankylat.fi\/jaara\/wp-json\/wp\/v2\/pages\/856\/revisions"}],"predecessor-version":[{"id":862,"href":"https:\/\/www.sastamalankylat.fi\/jaara\/wp-json\/wp\/v2\/pages\/856\/revisions\/862"}],"wp:attachment":[{"href":"https:\/\/www.sastamalankylat.fi\/jaara\/wp-json\/wp\/v2\/media?parent=856"}],"curies":[{"name":"wp","href":"https:\/\/api.w.org\/{rel}","templated":true}]}}

Jaaran kyläseura järjestää avantouintia

<div class="x11i5rnm xat24cr x1mh8g0r x1vvkbs xdj266r x126k92a">
<div dir="auto"><a href="http://www.sastamalankylat.fi/jaara/wp-content/uploads/sites/21/2023/03/saukko-2-080413.jpg"><img loading="lazy" decoding="async" class="aligncenter size-large wp-image-857" src="http://www.sastamalankylat.fi/jaara/wp-content/uploads/sites/21/2023/03/saukko-2-080413-1024x678.jpg" alt="" width="625" height="414" srcset="https://www.sastamalankylat.fi/jaara/wp-content/uploads/sites/21/2023/03/saukko-2-080413-1024x678.jpg 1024w, https://www.sastamalankylat.fi/jaara/wp-content/uploads/sites/21/2023/03/saukko-2-080413-300x199.jpg 300w, https://www.sastamalankylat.fi/jaara/wp-content/uploads/sites/21/2023/03/saukko-2-080413-768x508.jpg 768w, https://www.sastamalankylat.fi/jaara/wp-content/uploads/sites/21/2023/03/saukko-2-080413-624x413.jpg 624w, https://www.sastamalankylat.fi/jaara/wp-content/uploads/sites/21/2023/03/saukko-2-080413.jpg 1080w" sizes="auto, (max-width: 625px) 100vw, 625px" /></a></div>
<div dir="auto"></div>
<div dir="auto">Avantouinti Kiikoisten rantasaunalla maalis-huhtikuussa 2023</div>
<div dir="auto">tiistaisin klo 18-20.</div>
<div dir="auto"></div>
<div dir="auto">Saunamaksut käteisellä</div>
<div dir="auto">4 €/hlö Jaaran kyläseuran kannatusmaksun maksaneet</div>
<div dir="auto">5 € /hlö muut</div>
<div dir="auto">Lapset alle 14 v ilman maksua</div>
<div dir="auto"></div>
<div dir="auto"></div>
</div>
<div class="x11i5rnm xat24cr x1mh8g0r x1vvkbs xtlvy1s x126k92a">
<div dir="auto">Info Jaaran kyläseuran kannatusmaksusta 2023</div>
<div dir="auto">5 €/ hlö tai 10 €/ perhe</div>
<div dir="auto">Maksun voit suorittaa rantasaunalla tai</div>
<div dir="auto">tilille FI90 5146 0920 0045 40.</div>
<div dir="auto">Tilille maksaessasi laita viestikenttään nimesi.</div>
<div dir="auto"></div>
<div dir="auto"></div>
</div>
<div class="x11i5rnm xat24cr x1mh8g0r x1vvkbs xtlvy1s x126k92a">
<div dir="auto">Huom! Kyläseuran toimintaa saat kannattaa myös</div>
<div dir="auto">ilman kylmää kylpyä<span class="x3nfvp2 x1j61x8r x1fcty0u xdj266r xhhsvwb xat24cr xgzva0m xxymvpz xlup9mm x1kky2od"><img loading="lazy" decoding="async" src="https://static.xx.fbcdn.net/images/emoji.php/v9/t57/1/16/1f609.png" alt="😉" width="16" height="16" /></span></div>
<div dir="auto"></div>
<div dir="auto"></div>
</div>
<div class="x11i5rnm xat24cr x1mh8g0r x1vvkbs xtlvy1s x126k92a">
<div dir="auto">P.S. Kuvalla vain huomio. Saukko kuvattu Jaaranjoella.</div>
</div>
<!-- AddThis Advanced Settings generic via filter on the_content --><!-- AddThis Share Buttons generic via filter on the_content -->

<p>Avantouinti Kiikoisten rantasaunalla maalis-huhtikuussa 2023 tiistaisin klo 18-20. Saunamaksut käteisellä 4 €/hlö Jaaran kyläseuran kannatusmaksun maksaneet 5 € /hlö muut Lapset alle 14 v ilman maksua Info Jaaran kyläseuran kannatusmaksusta 2023 5 €/ hlö tai 10 €/ perhe Maksun voit suorittaa rantasaunalla tai tilille FI90 5146 0920 0045 40. Tilille maksaessasi laita viestikenttään nimesi. Huom! [&hellip;]<!-- AddThis Advanced Settings generic via filter on wp_trim_excerpt --><!-- AddThis Share Buttons generic via filter on wp_trim_excerpt --></p>
