{"id":85,"date":"2014-09-30T21:01:07","date_gmt":"2014-09-30T18:01:07","guid":{"rendered":"http:\/\/www.sastamalankylat.fi\/jaara\/?page_id=85"},"modified":"2014-10-21T22:49:36","modified_gmt":"2014-10-21T19:49:36","slug":"jaaran-raitti-hanke","status":"publish","type":"page","link":"https:\/\/www.sastamalankylat.fi\/jaara\/jaaran-raitti-hanke\/","title":{"rendered":"Jaaran raitti -hanke"},"content":{"rendered":"<p>Kipin\u00e4 Jaaran raitin historiaa selvitt\u00e4v\u00e4st\u00e4 hankkeesta syttyi\u00a0toimittaja Marja Ala-Kokon ohjelmasta Radio Suomessa.\u00a0Kyl\u00e4seura haki ja sai tukea\u00a0Euroopan maaseudun kehitt\u00e4misen maatalousrahastosta, ja kyl\u00e4n talojen historiaa kirjaksi l\u00e4hti toimittamaan kes\u00e4jaaralainen\u00a0Helsingin kaupunginkirjaston erikoissuunnittelija Jouni Juntumaa. El\u00e4m\u00e4\u00e4 Jaaran raitilla ennen ja nyt -kirja ilmestyi 2013. Lue Suomen Kotiseutuliiton esittely Jaaran raitti -kirjasta t\u00e4st\u00e4 <a href=\"http:\/\/www.kotiseutuliitto.fi\/elamaa-jaaran-raitilla\">linkist\u00e4<\/a>.<\/p>\n<p><a href=\"http:\/\/www.sastamalankylat.fi\/jaara\/wp-content\/uploads\/sites\/21\/2014\/09\/jaaranraitilla.jpg\"><img loading=\"lazy\" decoding=\"async\" class=\"alignnone size-full wp-image-88\" src=\"http:\/\/www.sastamalankylat.fi\/jaara\/wp-content\/uploads\/sites\/21\/2014\/09\/jaaranraitilla.jpg\" alt=\"jaaranraitilla\" width=\"191\" height=\"264\" \/><\/a><\/p>\n<p>Kirjaan liittyv\u00e4lle sivustolle p\u00e4\u00e4set <a href=\"http:\/\/www.jaaranraitti.net\/\">t\u00e4st\u00e4.<\/a><\/p>\n<p>Hankkeeseen liittyen Jaaran raitille pystytettiin my\u00f6s Jorma Keskikiikosen suunnittelema opaskyltti.<\/p>\n<p><a href=\"http:\/\/www.sastamalankylat.fi\/jaara\/wp-content\/uploads\/sites\/21\/2014\/09\/Jaaran-opastaulu_fb.jpg\"><img loading=\"lazy\" decoding=\"async\" class=\"alignnone wp-image-87 size-full\" src=\"http:\/\/www.sastamalankylat.fi\/jaara\/wp-content\/uploads\/sites\/21\/2014\/09\/Jaaran-opastaulu_fb.jpg\" alt=\"Jaaran opastaulu_fb\" width=\"600\" height=\"297\" srcset=\"https:\/\/www.sastamalankylat.fi\/jaara\/wp-content\/uploads\/sites\/21\/2014\/09\/Jaaran-opastaulu_fb.jpg 600w, https:\/\/www.sastamalankylat.fi\/jaara\/wp-content\/uploads\/sites\/21\/2014\/09\/Jaaran-opastaulu_fb-300x148.jpg 300w\" sizes=\"auto, (max-width: 600px) 100vw, 600px\" \/><\/a><\/p>\n<!-- AddThis Advanced Settings generic via filter on the_content --><!-- AddThis Share Buttons generic via filter on the_content -->","protected":false},"excerpt":{"rendered":"<p>Kipin\u00e4 Jaaran raitin historiaa selvitt\u00e4v\u00e4st\u00e4 hankkeesta syttyi\u00a0toimittaja Marja Ala-Kokon ohjelmasta Radio Suomessa.\u00a0Kyl\u00e4seura haki ja sai tukea\u00a0Euroopan maaseudun kehitt\u00e4misen maatalousrahastosta, ja kyl\u00e4n talojen historiaa kirjaksi l\u00e4hti toimittamaan kes\u00e4jaaralainen\u00a0Helsingin kaupunginkirjaston erikoissuunnittelija Jouni Juntumaa. El\u00e4m\u00e4\u00e4 Jaaran raitilla ennen ja nyt -kirja ilmestyi 2013. Lue Suomen Kotiseutuliiton esittely Jaaran raitti -kirjasta t\u00e4st\u00e4 linkist\u00e4. Kirjaan liittyv\u00e4lle sivustolle p\u00e4\u00e4set t\u00e4st\u00e4. Hankkeeseen [&hellip;]<!-- AddThis Advanced Settings generic via filter on wp_trim_excerpt --><!-- AddThis Share Buttons generic via filter on wp_trim_excerpt --><\/p>\n","protected":false},"author":26,"featured_media":0,"parent":0,"menu_order":0,"comment_status":"closed","ping_status":"closed","template":"","meta":{"jetpack_post_was_ever_published":false,"footnotes":""},"class_list":["post-85","page","type-page","status-publish","hentry"],"aioseo_notices":[],"jetpack_shortlink":"https:\/\/wp.me\/P5eJDy-1n","jetpack_sharing_enabled":true,"_links":{"self":[{"href":"https:\/\/www.sastamalankylat.fi\/jaara\/wp-json\/wp\/v2\/pages\/85","targetHints":{"allow":["GET"]}}],"collection":[{"href":"https:\/\/www.sastamalankylat.fi\/jaara\/wp-json\/wp\/v2\/pages"}],"about":[{"href":"https:\/\/www.sastamalankylat.fi\/jaara\/wp-json\/wp\/v2\/types\/page"}],"author":[{"embeddable":true,"href":"https:\/\/www.sastamalankylat.fi\/jaara\/wp-json\/wp\/v2\/users\/26"}],"replies":[{"embeddable":true,"href":"https:\/\/www.sastamalankylat.fi\/jaara\/wp-json\/wp\/v2\/comments?post=85"}],"version-history":[{"count":2,"href":"https:\/\/www.sastamalankylat.fi\/jaara\/wp-json\/wp\/v2\/pages\/85\/revisions"}],"predecessor-version":[{"id":90,"href":"https:\/\/www.sastamalankylat.fi\/jaara\/wp-json\/wp\/v2\/pages\/85\/revisions\/90"}],"wp:attachment":[{"href":"https:\/\/www.sastamalankylat.fi\/jaara\/wp-json\/wp\/v2\/media?parent=85"}],"curies":[{"name":"wp","href":"https:\/\/api.w.org\/{rel}","templated":true}]}}