{"id":64,"date":"2014-09-30T12:58:53","date_gmt":"2014-09-30T09:58:53","guid":{"rendered":"http:\/\/www.sastamalankylat.fi\/jaara\/?page_id=64"},"modified":"2022-11-25T11:14:58","modified_gmt":"2022-11-25T09:14:58","slug":"tilojen-vuokraus","status":"publish","type":"page","link":"https:\/\/www.sastamalankylat.fi\/jaara\/tilojen-vuokraus\/","title":{"rendered":"Tilojen vuokraus"},"content":{"rendered":"<p>&nbsp;<\/p>\n<p><strong>Kodikas Jaaran kyl\u00e4talo\u00a0on vuokrattavana\u00a0kokouksiin, <\/strong><\/p>\n<p><strong>illanviettoihin tai juhlatilaisuuksiin.<\/strong><\/p>\n<p><a href=\"http:\/\/www.sastamalankylat.fi\/jaara\/wp-content\/uploads\/sites\/21\/2014\/09\/Jaaran-tarjoilutila-1-5.jpg\"><img loading=\"lazy\" decoding=\"async\" class=\"alignleft size-full wp-image-461\" src=\"http:\/\/www.sastamalankylat.fi\/jaara\/wp-content\/uploads\/sites\/21\/2014\/09\/Jaaran-tarjoilutila-1-5.jpg\" alt=\"Jaaran tarjoilutila-1-5\" width=\"600\" height=\"201\" srcset=\"https:\/\/www.sastamalankylat.fi\/jaara\/wp-content\/uploads\/sites\/21\/2014\/09\/Jaaran-tarjoilutila-1-5.jpg 600w, https:\/\/www.sastamalankylat.fi\/jaara\/wp-content\/uploads\/sites\/21\/2014\/09\/Jaaran-tarjoilutila-1-5-300x101.jpg 300w\" sizes=\"auto, (max-width: 600px) 100vw, 600px\" \/><\/a><\/p>\n<p>Kyl\u00e4talon vuokraus (maksimi 100 henkil\u00f6\u00e4)<\/p>\n<ul>\n<li>120 \u20ac \/ koko p\u00e4iv\u00e4 (sis\u00e4lt\u00e4\u00e4 kahvikupit, leip\u00e4lautaset ja juomalasit)<\/li>\n<li>60 \u20ac \/\u00a0lyhyt tilaisuus (4h)<\/li>\n<\/ul>\n<p>Valkoiset p\u00f6yt\u00e4liinat pesetet\u00e4\u00e4n pesulassa, vuokraaja maksaa pesun. Kyl\u00e4seura huolehtii kuljetuksista.<\/p>\n<p>Muut vuokrat<\/p>\n<ul>\n<li>Ravintolahuone 20 \u20ac<\/li>\n<li>Lautaset (matalat)\u00a0ja veitset ja haarukat\u00a015 \u20ac<\/li>\n<li>Lautaset (syv\u00e4t) ja lusikat 15 \u20ac<\/li>\n<li>Kahvinkeitin (50 tai 100 kupin) 10 \u20ac<\/li>\n<li>Grilli ilman kaasua 10 \u20ac<\/li>\n<li>Teltta pystytettyn\u00e4 ja pois haettuna 60 \u20ac<\/li>\n<li>Lettupa<a href=\"http:\/\/www.sastamalankylat.fi\/jaara\/wp-content\/uploads\/sites\/21\/2014\/09\/Jaaran-tarjoilutila-1-2.jpg\"><img loading=\"lazy\" decoding=\"async\" class=\"size-full wp-image-462 alignleft\" src=\"http:\/\/www.sastamalankylat.fi\/jaara\/wp-content\/uploads\/sites\/21\/2014\/09\/Jaaran-tarjoilutila-1-2.jpg\" alt=\"Jaaran tarjoilutila-1-2\" width=\"600\" height=\"397\" srcset=\"https:\/\/www.sastamalankylat.fi\/jaara\/wp-content\/uploads\/sites\/21\/2014\/09\/Jaaran-tarjoilutila-1-2.jpg 600w, https:\/\/www.sastamalankylat.fi\/jaara\/wp-content\/uploads\/sites\/21\/2014\/09\/Jaaran-tarjoilutila-1-2-300x199.jpg 300w\" sizes=\"auto, (max-width: 600px) 100vw, 600px\" \/><\/a>nnu (oma kaasu) 10 \u20ac<\/li>\n<\/ul>\n<p>Vuokra-asioista\u00a0vastaa:<\/p>\n<p>Jarno Pietil\u00e4<\/p>\n<p>p. 040 1420380<\/p>\n<p>jake281(at)gmail.com<\/p>\n<div id=\"attachment_154\" style=\"width: 310px\" class=\"wp-caption alignleft\"><img loading=\"lazy\" decoding=\"async\" aria-describedby=\"caption-attachment-154\" class=\"wp-image-154 size-medium\" src=\"http:\/\/www.sastamalankylat.fi\/jaara\/wp-content\/uploads\/sites\/21\/2014\/09\/Sannan-m\u00f6kki_web-300x199.jpg\" alt=\"\" width=\"300\" height=\"199\" srcset=\"https:\/\/www.sastamalankylat.fi\/jaara\/wp-content\/uploads\/sites\/21\/2014\/09\/Sannan-m\u00f6kki_web-300x199.jpg 300w, https:\/\/www.sastamalankylat.fi\/jaara\/wp-content\/uploads\/sites\/21\/2014\/09\/Sannan-m\u00f6kki_web.jpg 600w\" sizes=\"auto, (max-width: 300px) 100vw, 300px\" \/><p id=\"caption-attachment-154\" class=\"wp-caption-text\">Sannan pirtti<\/p><\/div>\n<!-- AddThis Advanced Settings generic via filter on the_content --><!-- AddThis Share Buttons generic via filter on the_content -->","protected":false},"excerpt":{"rendered":"<p>&nbsp; Kodikas Jaaran kyl\u00e4talo\u00a0on vuokrattavana\u00a0kokouksiin, illanviettoihin tai juhlatilaisuuksiin. Kyl\u00e4talon vuokraus (maksimi 100 henkil\u00f6\u00e4) 120 \u20ac \/ koko p\u00e4iv\u00e4 (sis\u00e4lt\u00e4\u00e4 kahvikupit, leip\u00e4lautaset ja juomalasit) 60 \u20ac \/\u00a0lyhyt tilaisuus (4h) Valkoiset p\u00f6yt\u00e4liinat pesetet\u00e4\u00e4n pesulassa, vuokraaja maksaa pesun. Kyl\u00e4seura huolehtii kuljetuksista. Muut vuokrat Ravintolahuone 20 \u20ac Lautaset (matalat)\u00a0ja veitset ja haarukat\u00a015 \u20ac Lautaset (syv\u00e4t) ja lusikat 15 \u20ac [&hellip;]<!-- AddThis Advanced Settings generic via filter on wp_trim_excerpt --><!-- AddThis Share Buttons generic via filter on wp_trim_excerpt --><\/p>\n","protected":false},"author":26,"featured_media":0,"parent":0,"menu_order":0,"comment_status":"closed","ping_status":"closed","template":"","meta":{"jetpack_post_was_ever_published":false,"footnotes":""},"class_list":["post-64","page","type-page","status-publish","hentry"],"aioseo_notices":[],"jetpack_shortlink":"https:\/\/wp.me\/P5eJDy-12","jetpack_sharing_enabled":true,"_links":{"self":[{"href":"https:\/\/www.sastamalankylat.fi\/jaara\/wp-json\/wp\/v2\/pages\/64","targetHints":{"allow":["GET"]}}],"collection":[{"href":"https:\/\/www.sastamalankylat.fi\/jaara\/wp-json\/wp\/v2\/pages"}],"about":[{"href":"https:\/\/www.sastamalankylat.fi\/jaara\/wp-json\/wp\/v2\/types\/page"}],"author":[{"embeddable":true,"href":"https:\/\/www.sastamalankylat.fi\/jaara\/wp-json\/wp\/v2\/users\/26"}],"replies":[{"embeddable":true,"href":"https:\/\/www.sastamalankylat.fi\/jaara\/wp-json\/wp\/v2\/comments?post=64"}],"version-history":[{"count":8,"href":"https:\/\/www.sastamalankylat.fi\/jaara\/wp-json\/wp\/v2\/pages\/64\/revisions"}],"predecessor-version":[{"id":853,"href":"https:\/\/www.sastamalankylat.fi\/jaara\/wp-json\/wp\/v2\/pages\/64\/revisions\/853"}],"wp:attachment":[{"href":"https:\/\/www.sastamalankylat.fi\/jaara\/wp-json\/wp\/v2\/media?parent=64"}],"curies":[{"name":"wp","href":"https:\/\/api.w.org\/{rel}","templated":true}]}}

<p>&nbsp;</p>
<p><strong>Kodikas Jaaran kylätalo on vuokrattavana kokouksiin, </strong></p>
<p><strong>illanviettoihin tai juhlatilaisuuksiin.</strong></p>
<p><a href="http://www.sastamalankylat.fi/jaara/wp-content/uploads/sites/21/2014/09/Jaaran-tarjoilutila-1-5.jpg"><img loading="lazy" decoding="async" class="alignleft size-full wp-image-461" src="http://www.sastamalankylat.fi/jaara/wp-content/uploads/sites/21/2014/09/Jaaran-tarjoilutila-1-5.jpg" alt="Jaaran tarjoilutila-1-5" width="600" height="201" srcset="https://www.sastamalankylat.fi/jaara/wp-content/uploads/sites/21/2014/09/Jaaran-tarjoilutila-1-5.jpg 600w, https://www.sastamalankylat.fi/jaara/wp-content/uploads/sites/21/2014/09/Jaaran-tarjoilutila-1-5-300x101.jpg 300w" sizes="auto, (max-width: 600px) 100vw, 600px" /></a></p>
<p>Kylätalon vuokraus (maksimi 100 henkilöä)</p>
<ul>
<li>120 € / koko päivä (sisältää kahvikupit, leipälautaset ja juomalasit)</li>
<li>60 € / lyhyt tilaisuus (4h)</li>
</ul>
<p>Valkoiset pöytäliinat pesetetään pesulassa, vuokraaja maksaa pesun. Kyläseura huolehtii kuljetuksista.</p>
<p>Muut vuokrat</p>
<ul>
<li>Ravintolahuone 20 €</li>
<li>Lautaset (matalat) ja veitset ja haarukat 15 €</li>
<li>Lautaset (syvät) ja lusikat 15 €</li>
<li>Kahvinkeitin (50 tai 100 kupin) 10 €</li>
<li>Grilli ilman kaasua 10 €</li>
<li>Teltta pystytettynä ja pois haettuna 60 €</li>
<li>Lettupa<a href="http://www.sastamalankylat.fi/jaara/wp-content/uploads/sites/21/2014/09/Jaaran-tarjoilutila-1-2.jpg"><img loading="lazy" decoding="async" class="size-full wp-image-462 alignleft" src="http://www.sastamalankylat.fi/jaara/wp-content/uploads/sites/21/2014/09/Jaaran-tarjoilutila-1-2.jpg" alt="Jaaran tarjoilutila-1-2" width="600" height="397" srcset="https://www.sastamalankylat.fi/jaara/wp-content/uploads/sites/21/2014/09/Jaaran-tarjoilutila-1-2.jpg 600w, https://www.sastamalankylat.fi/jaara/wp-content/uploads/sites/21/2014/09/Jaaran-tarjoilutila-1-2-300x199.jpg 300w" sizes="auto, (max-width: 600px) 100vw, 600px" /></a>nnu (oma kaasu) 10 €</li>
</ul>
<p>Vuokra-asioista vastaa:</p>
<p>Jarno Pietilä</p>
<p>p. 040 1420380</p>
<p>jake281(at)gmail.com</p>
<div id="attachment_154" style="width: 310px" class="wp-caption alignleft"><img loading="lazy" decoding="async" aria-describedby="caption-attachment-154" class="wp-image-154 size-medium" src="http://www.sastamalankylat.fi/jaara/wp-content/uploads/sites/21/2014/09/Sannan-mökki_web-300x199.jpg" alt="" width="300" height="199" srcset="https://www.sastamalankylat.fi/jaara/wp-content/uploads/sites/21/2014/09/Sannan-mökki_web-300x199.jpg 300w, https://www.sastamalankylat.fi/jaara/wp-content/uploads/sites/21/2014/09/Sannan-mökki_web.jpg 600w" sizes="auto, (max-width: 300px) 100vw, 300px" /><p id="caption-attachment-154" class="wp-caption-text">Sannan pirtti</p></div>
<!-- AddThis Advanced Settings generic via filter on the_content --><!-- AddThis Share Buttons generic via filter on the_content -->

<p>&nbsp; Kodikas Jaaran kylätalo on vuokrattavana kokouksiin, illanviettoihin tai juhlatilaisuuksiin. Kylätalon vuokraus (maksimi 100 henkilöä) 120 € / koko päivä (sisältää kahvikupit, leipälautaset ja juomalasit) 60 € / lyhyt tilaisuus (4h) Valkoiset pöytäliinat pesetetään pesulassa, vuokraaja maksaa pesun. Kyläseura huolehtii kuljetuksista. Muut vuokrat Ravintolahuone 20 € Lautaset (matalat) ja veitset ja haarukat 15 € Lautaset (syvät) ja lusikat 15 € [&hellip;]<!-- AddThis Advanced Settings generic via filter on wp_trim_excerpt --><!-- AddThis Share Buttons generic via filter on wp_trim_excerpt --></p>
