{"id":12,"date":"2014-09-28T23:57:38","date_gmt":"2014-09-28T20:57:38","guid":{"rendered":"http:\/\/www.sastamalankylat.fi\/jaara\/?page_id=12"},"modified":"2014-10-22T08:48:58","modified_gmt":"2014-10-22T05:48:58","slug":"kartta","status":"publish","type":"page","link":"https:\/\/www.sastamalankylat.fi\/jaara\/kartta\/","title":{"rendered":"Kartat"},"content":{"rendered":"<p><strong><a href=\"https:\/\/www.google.fi\/maps\/place\/Kauvatsantie+15,+38360+Kiikoinen\/@61.439039,22.5653149,15z\/data=!4m2!3m1!1s0x46893bf625dc7ac9:0x290a0dca176d577d\" target=\"_blank\">Avaa karttasivu<\/a>\u00a0Google Maps<\/strong><\/p>\n<p><strong>Vanhat kartat<\/strong><\/p>\n<p><a href=\"http:\/\/www.sastamalankylat.fi\/jaara\/wp-content\/uploads\/sites\/21\/2014\/09\/Maanmittaushallitus-laati-vuosina-1841-1865-kartat-70-maanmittarin-voimin-kaikista-pit\u00e4jist\u00e4-Oulun-l\u00e4\u00e4ni\u00e4-my\u00f6ten.-Kiikan-pit\u00e4j\u00e4nkartta-on-vuodelta-1846..jpg\"><img loading=\"lazy\" decoding=\"async\" class=\"alignnone size-full wp-image-58\" src=\"http:\/\/www.sastamalankylat.fi\/jaara\/wp-content\/uploads\/sites\/21\/2014\/09\/Maanmittaushallitus-laati-vuosina-1841-1865-kartat-70-maanmittarin-voimin-kaikista-pit\u00e4jist\u00e4-Oulun-l\u00e4\u00e4ni\u00e4-my\u00f6ten.-Kiikan-pit\u00e4j\u00e4nkartta-on-vuodelta-1846..jpg\" alt=\"Maanmittaushallitus laati vuosina 1841-1865 kartat 70 maanmittarin voimin kaikista pit\u00e4jist\u00e4 Oulun l\u00e4\u00e4ni\u00e4 my\u00f6ten. Kiikan pit\u00e4j\u00e4nkartta on vuodelta 1846.\" width=\"600\" height=\"476\" srcset=\"https:\/\/www.sastamalankylat.fi\/jaara\/wp-content\/uploads\/sites\/21\/2014\/09\/Maanmittaushallitus-laati-vuosina-1841-1865-kartat-70-maanmittarin-voimin-kaikista-pit\u00e4jist\u00e4-Oulun-l\u00e4\u00e4ni\u00e4-my\u00f6ten.-Kiikan-pit\u00e4j\u00e4nkartta-on-vuodelta-1846..jpg 600w, https:\/\/www.sastamalankylat.fi\/jaara\/wp-content\/uploads\/sites\/21\/2014\/09\/Maanmittaushallitus-laati-vuosina-1841-1865-kartat-70-maanmittarin-voimin-kaikista-pit\u00e4jist\u00e4-Oulun-l\u00e4\u00e4ni\u00e4-my\u00f6ten.-Kiikan-pit\u00e4j\u00e4nkartta-on-vuodelta-1846.-300x238.jpg 300w\" sizes=\"auto, (max-width: 600px) 100vw, 600px\" \/><\/a><\/p>\n<p>Maanmittaushallitus laati vuosina 1841-1865 kartat 70 maanmittarin voimin kaikista pit\u00e4jist\u00e4 Oulun l\u00e4\u00e4ni\u00e4 my\u00f6ten. Kiikan pit\u00e4j\u00e4nkartta on vuodelta 1846<\/p>\n<div id=\"fbPhotoSnowliftPagesTagList\" class=\"fbPhotoPagesTagList\"><\/div>\n<div id=\"fbPhotoSnowliftLegacyTagList\" class=\"pts fbPhotoLegacyTagList\"><\/div>\n<p>&nbsp;<\/p>\n<p><a href=\"http:\/\/www.sastamalankylat.fi\/jaara\/wp-content\/uploads\/sites\/21\/2014\/09\/Kalmbergin-kartaston-laati-ven\u00e4l\u00e4inen-yliesikunnan-sotilastopografinen-osasto-Krimin-sodan-aikana-vuosina-1854-56.-Kartoitust\u00f6iden-johtaja-oli-eversti-Gustav-Adolf-Kalmberg.1.jpg\"><img loading=\"lazy\" decoding=\"async\" class=\"alignnone size-full wp-image-61\" src=\"http:\/\/www.sastamalankylat.fi\/jaara\/wp-content\/uploads\/sites\/21\/2014\/09\/Kalmbergin-kartaston-laati-ven\u00e4l\u00e4inen-yliesikunnan-sotilastopografinen-osasto-Krimin-sodan-aikana-vuosina-1854-56.-Kartoitust\u00f6iden-johtaja-oli-eversti-Gustav-Adolf-Kalmberg.1.jpg\" alt=\"Kalmbergin kartaston laati ven\u00e4l\u00e4inen yliesikunnan sotilastopografinen osasto Krimin sodan aikana vuosina 1854-56. Kartoitust\u00f6iden johtaja oli eversti Gustav Adolf Kalmberg.\" width=\"600\" height=\"542\" srcset=\"https:\/\/www.sastamalankylat.fi\/jaara\/wp-content\/uploads\/sites\/21\/2014\/09\/Kalmbergin-kartaston-laati-ven\u00e4l\u00e4inen-yliesikunnan-sotilastopografinen-osasto-Krimin-sodan-aikana-vuosina-1854-56.-Kartoitust\u00f6iden-johtaja-oli-eversti-Gustav-Adolf-Kalmberg.1.jpg 600w, https:\/\/www.sastamalankylat.fi\/jaara\/wp-content\/uploads\/sites\/21\/2014\/09\/Kalmbergin-kartaston-laati-ven\u00e4l\u00e4inen-yliesikunnan-sotilastopografinen-osasto-Krimin-sodan-aikana-vuosina-1854-56.-Kartoitust\u00f6iden-johtaja-oli-eversti-Gustav-Adolf-Kalmberg.1-300x271.jpg 300w\" sizes=\"auto, (max-width: 600px) 100vw, 600px\" \/><\/a><\/p>\n<p>Kalmbergin kartaston laati ven\u00e4l\u00e4inen yliesikunnan sotilastopografinen osasto Krimin sodan aikana vuosina 1854-56. Kartoitust\u00f6iden johtaja oli eversti Gustav Adolf Kalmberg<\/p>\n<div id=\"fbPhotoSnowliftPagesTagList\" class=\"fbPhotoPagesTagList\"><\/div>\n<div id=\"fbPhotoSnowliftLegacyTagList\" class=\"pts fbPhotoLegacyTagList\"><\/div>\n<p>&nbsp;<\/p>\n<p><a href=\"http:\/\/www.sastamalankylat.fi\/jaara\/wp-content\/uploads\/sites\/21\/2014\/09\/Senaatin-kartta-vuodelta-1909.jpg\"><img loading=\"lazy\" decoding=\"async\" class=\"alignnone size-full wp-image-59\" src=\"http:\/\/www.sastamalankylat.fi\/jaara\/wp-content\/uploads\/sites\/21\/2014\/09\/Senaatin-kartta-vuodelta-1909.jpg\" alt=\"Senaatin kartta vuodelta 1909\" width=\"600\" height=\"531\" srcset=\"https:\/\/www.sastamalankylat.fi\/jaara\/wp-content\/uploads\/sites\/21\/2014\/09\/Senaatin-kartta-vuodelta-1909.jpg 600w, https:\/\/www.sastamalankylat.fi\/jaara\/wp-content\/uploads\/sites\/21\/2014\/09\/Senaatin-kartta-vuodelta-1909-300x265.jpg 300w\" sizes=\"auto, (max-width: 600px) 100vw, 600px\" \/><\/a><\/p>\n<p>Senaatin kartta vuodelta 1909<\/p>\n<div id=\"fbPhotoSnowliftPagesTagList\" class=\"fbPhotoPagesTagList\"><\/div>\n<div id=\"fbPhotoSnowliftLegacyTagList\" class=\"pts fbPhotoLegacyTagList\"><\/div>\n<p>&nbsp;<\/p>\n<p><a href=\"http:\/\/www.sastamalankylat.fi\/jaara\/wp-content\/uploads\/sites\/21\/2014\/09\/Maanmittaushallituksen-taloudellinen-kartta-vuodelta-1930.jpg\"><img loading=\"lazy\" decoding=\"async\" class=\"alignnone size-full wp-image-57\" src=\"http:\/\/www.sastamalankylat.fi\/jaara\/wp-content\/uploads\/sites\/21\/2014\/09\/Maanmittaushallituksen-taloudellinen-kartta-vuodelta-1930.jpg\" alt=\"Maanmittaushallituksen taloudellinen kartta vuodelta 1930\" width=\"600\" height=\"477\" srcset=\"https:\/\/www.sastamalankylat.fi\/jaara\/wp-content\/uploads\/sites\/21\/2014\/09\/Maanmittaushallituksen-taloudellinen-kartta-vuodelta-1930.jpg 600w, https:\/\/www.sastamalankylat.fi\/jaara\/wp-content\/uploads\/sites\/21\/2014\/09\/Maanmittaushallituksen-taloudellinen-kartta-vuodelta-1930-300x238.jpg 300w\" sizes=\"auto, (max-width: 600px) 100vw, 600px\" \/><\/a><\/p>\n<p><span id=\"fbPhotoSnowliftCaption\" class=\"fbPhotosPhotoCaption\"><span class=\"hasCaption\">Maanmittaushallituksen taloudellinen kartta vuodelta 1930<\/span><\/span><\/p>\n<div id=\"fbPhotoSnowliftPagesTagList\" class=\"fbPhotoPagesTagList\"><\/div>\n<div id=\"fbPhotoSnowliftLegacyTagList\" class=\"pts fbPhotoLegacyTagList\"><\/div>\n<p>&nbsp;<\/p>\n<p>&nbsp;<\/p>\n<p>&nbsp;<\/p>\n<p>&nbsp;<\/p>\n<p>&nbsp;<\/p>\n<!-- AddThis Advanced Settings generic via filter on the_content --><!-- AddThis Share Buttons generic via filter on the_content -->","protected":false},"excerpt":{"rendered":"<p>Avaa karttasivu\u00a0Google Maps Vanhat kartat Maanmittaushallitus laati vuosina 1841-1865 kartat 70 maanmittarin voimin kaikista pit\u00e4jist\u00e4 Oulun l\u00e4\u00e4ni\u00e4 my\u00f6ten. Kiikan pit\u00e4j\u00e4nkartta on vuodelta 1846 &nbsp; Kalmbergin kartaston laati ven\u00e4l\u00e4inen yliesikunnan sotilastopografinen osasto Krimin sodan aikana vuosina 1854-56. Kartoitust\u00f6iden johtaja oli eversti Gustav Adolf Kalmberg &nbsp; Senaatin kartta vuodelta 1909 &nbsp; Maanmittaushallituksen taloudellinen kartta vuodelta 1930 &nbsp; [&hellip;]<!-- AddThis Advanced Settings generic via filter on wp_trim_excerpt --><!-- AddThis Share Buttons generic via filter on wp_trim_excerpt --><\/p>\n","protected":false},"author":3,"featured_media":0,"parent":0,"menu_order":0,"comment_status":"open","ping_status":"open","template":"","meta":{"jetpack_post_was_ever_published":false,"footnotes":""},"class_list":["post-12","page","type-page","status-publish","hentry"],"aioseo_notices":[],"jetpack_shortlink":"https:\/\/wp.me\/P5eJDy-c","jetpack_sharing_enabled":true,"_links":{"self":[{"href":"https:\/\/www.sastamalankylat.fi\/jaara\/wp-json\/wp\/v2\/pages\/12","targetHints":{"allow":["GET"]}}],"collection":[{"href":"https:\/\/www.sastamalankylat.fi\/jaara\/wp-json\/wp\/v2\/pages"}],"about":[{"href":"https:\/\/www.sastamalankylat.fi\/jaara\/wp-json\/wp\/v2\/types\/page"}],"author":[{"embeddable":true,"href":"https:\/\/www.sastamalankylat.fi\/jaara\/wp-json\/wp\/v2\/users\/3"}],"replies":[{"embeddable":true,"href":"https:\/\/www.sastamalankylat.fi\/jaara\/wp-json\/wp\/v2\/comments?post=12"}],"version-history":[{"count":3,"href":"https:\/\/www.sastamalankylat.fi\/jaara\/wp-json\/wp\/v2\/pages\/12\/revisions"}],"predecessor-version":[{"id":494,"href":"https:\/\/www.sastamalankylat.fi\/jaara\/wp-json\/wp\/v2\/pages\/12\/revisions\/494"}],"wp:attachment":[{"href":"https:\/\/www.sastamalankylat.fi\/jaara\/wp-json\/wp\/v2\/media?parent=12"}],"curies":[{"name":"wp","href":"https:\/\/api.w.org\/{rel}","templated":true}]}}

<p><strong><a href="https://www.google.fi/maps/place/Kauvatsantie+15,+38360+Kiikoinen/@61.439039,22.5653149,15z/data=!4m2!3m1!1s0x46893bf625dc7ac9:0x290a0dca176d577d" target="_blank">Avaa karttasivu</a> Google Maps</strong></p>
<p><strong>Vanhat kartat</strong></p>
<p><a href="http://www.sastamalankylat.fi/jaara/wp-content/uploads/sites/21/2014/09/Maanmittaushallitus-laati-vuosina-1841-1865-kartat-70-maanmittarin-voimin-kaikista-pitäjistä-Oulun-lääniä-myöten.-Kiikan-pitäjänkartta-on-vuodelta-1846..jpg"><img loading="lazy" decoding="async" class="alignnone size-full wp-image-58" src="http://www.sastamalankylat.fi/jaara/wp-content/uploads/sites/21/2014/09/Maanmittaushallitus-laati-vuosina-1841-1865-kartat-70-maanmittarin-voimin-kaikista-pitäjistä-Oulun-lääniä-myöten.-Kiikan-pitäjänkartta-on-vuodelta-1846..jpg" alt="Maanmittaushallitus laati vuosina 1841-1865 kartat 70 maanmittarin voimin kaikista pitäjistä Oulun lääniä myöten. Kiikan pitäjänkartta on vuodelta 1846." width="600" height="476" srcset="https://www.sastamalankylat.fi/jaara/wp-content/uploads/sites/21/2014/09/Maanmittaushallitus-laati-vuosina-1841-1865-kartat-70-maanmittarin-voimin-kaikista-pitäjistä-Oulun-lääniä-myöten.-Kiikan-pitäjänkartta-on-vuodelta-1846..jpg 600w, https://www.sastamalankylat.fi/jaara/wp-content/uploads/sites/21/2014/09/Maanmittaushallitus-laati-vuosina-1841-1865-kartat-70-maanmittarin-voimin-kaikista-pitäjistä-Oulun-lääniä-myöten.-Kiikan-pitäjänkartta-on-vuodelta-1846.-300x238.jpg 300w" sizes="auto, (max-width: 600px) 100vw, 600px" /></a></p>
<p>Maanmittaushallitus laati vuosina 1841-1865 kartat 70 maanmittarin voimin kaikista pitäjistä Oulun lääniä myöten. Kiikan pitäjänkartta on vuodelta 1846</p>
<div id="fbPhotoSnowliftPagesTagList" class="fbPhotoPagesTagList"></div>
<div id="fbPhotoSnowliftLegacyTagList" class="pts fbPhotoLegacyTagList"></div>
<p>&nbsp;</p>
<p><a href="http://www.sastamalankylat.fi/jaara/wp-content/uploads/sites/21/2014/09/Kalmbergin-kartaston-laati-venäläinen-yliesikunnan-sotilastopografinen-osasto-Krimin-sodan-aikana-vuosina-1854-56.-Kartoitustöiden-johtaja-oli-eversti-Gustav-Adolf-Kalmberg.1.jpg"><img loading="lazy" decoding="async" class="alignnone size-full wp-image-61" src="http://www.sastamalankylat.fi/jaara/wp-content/uploads/sites/21/2014/09/Kalmbergin-kartaston-laati-venäläinen-yliesikunnan-sotilastopografinen-osasto-Krimin-sodan-aikana-vuosina-1854-56.-Kartoitustöiden-johtaja-oli-eversti-Gustav-Adolf-Kalmberg.1.jpg" alt="Kalmbergin kartaston laati venäläinen yliesikunnan sotilastopografinen osasto Krimin sodan aikana vuosina 1854-56. Kartoitustöiden johtaja oli eversti Gustav Adolf Kalmberg." width="600" height="542" srcset="https://www.sastamalankylat.fi/jaara/wp-content/uploads/sites/21/2014/09/Kalmbergin-kartaston-laati-venäläinen-yliesikunnan-sotilastopografinen-osasto-Krimin-sodan-aikana-vuosina-1854-56.-Kartoitustöiden-johtaja-oli-eversti-Gustav-Adolf-Kalmberg.1.jpg 600w, https://www.sastamalankylat.fi/jaara/wp-content/uploads/sites/21/2014/09/Kalmbergin-kartaston-laati-venäläinen-yliesikunnan-sotilastopografinen-osasto-Krimin-sodan-aikana-vuosina-1854-56.-Kartoitustöiden-johtaja-oli-eversti-Gustav-Adolf-Kalmberg.1-300x271.jpg 300w" sizes="auto, (max-width: 600px) 100vw, 600px" /></a></p>
<p>Kalmbergin kartaston laati venäläinen yliesikunnan sotilastopografinen osasto Krimin sodan aikana vuosina 1854-56. Kartoitustöiden johtaja oli eversti Gustav Adolf Kalmberg</p>
<div id="fbPhotoSnowliftPagesTagList" class="fbPhotoPagesTagList"></div>
<div id="fbPhotoSnowliftLegacyTagList" class="pts fbPhotoLegacyTagList"></div>
<p>&nbsp;</p>
<p><a href="http://www.sastamalankylat.fi/jaara/wp-content/uploads/sites/21/2014/09/Senaatin-kartta-vuodelta-1909.jpg"><img loading="lazy" decoding="async" class="alignnone size-full wp-image-59" src="http://www.sastamalankylat.fi/jaara/wp-content/uploads/sites/21/2014/09/Senaatin-kartta-vuodelta-1909.jpg" alt="Senaatin kartta vuodelta 1909" width="600" height="531" srcset="https://www.sastamalankylat.fi/jaara/wp-content/uploads/sites/21/2014/09/Senaatin-kartta-vuodelta-1909.jpg 600w, https://www.sastamalankylat.fi/jaara/wp-content/uploads/sites/21/2014/09/Senaatin-kartta-vuodelta-1909-300x265.jpg 300w" sizes="auto, (max-width: 600px) 100vw, 600px" /></a></p>
<p>Senaatin kartta vuodelta 1909</p>
<div id="fbPhotoSnowliftPagesTagList" class="fbPhotoPagesTagList"></div>
<div id="fbPhotoSnowliftLegacyTagList" class="pts fbPhotoLegacyTagList"></div>
<p>&nbsp;</p>
<p><a href="http://www.sastamalankylat.fi/jaara/wp-content/uploads/sites/21/2014/09/Maanmittaushallituksen-taloudellinen-kartta-vuodelta-1930.jpg"><img loading="lazy" decoding="async" class="alignnone size-full wp-image-57" src="http://www.sastamalankylat.fi/jaara/wp-content/uploads/sites/21/2014/09/Maanmittaushallituksen-taloudellinen-kartta-vuodelta-1930.jpg" alt="Maanmittaushallituksen taloudellinen kartta vuodelta 1930" width="600" height="477" srcset="https://www.sastamalankylat.fi/jaara/wp-content/uploads/sites/21/2014/09/Maanmittaushallituksen-taloudellinen-kartta-vuodelta-1930.jpg 600w, https://www.sastamalankylat.fi/jaara/wp-content/uploads/sites/21/2014/09/Maanmittaushallituksen-taloudellinen-kartta-vuodelta-1930-300x238.jpg 300w" sizes="auto, (max-width: 600px) 100vw, 600px" /></a></p>
<p><span id="fbPhotoSnowliftCaption" class="fbPhotosPhotoCaption"><span class="hasCaption">Maanmittaushallituksen taloudellinen kartta vuodelta 1930</span></span></p>
<div id="fbPhotoSnowliftPagesTagList" class="fbPhotoPagesTagList"></div>
<div id="fbPhotoSnowliftLegacyTagList" class="pts fbPhotoLegacyTagList"></div>
<p>&nbsp;</p>
<p>&nbsp;</p>
<p>&nbsp;</p>
<p>&nbsp;</p>
<p>&nbsp;</p>
<!-- AddThis Advanced Settings generic via filter on the_content --><!-- AddThis Share Buttons generic via filter on the_content -->

<p>Avaa karttasivu Google Maps Vanhat kartat Maanmittaushallitus laati vuosina 1841-1865 kartat 70 maanmittarin voimin kaikista pitäjistä Oulun lääniä myöten. Kiikan pitäjänkartta on vuodelta 1846 &nbsp; Kalmbergin kartaston laati venäläinen yliesikunnan sotilastopografinen osasto Krimin sodan aikana vuosina 1854-56. Kartoitustöiden johtaja oli eversti Gustav Adolf Kalmberg &nbsp; Senaatin kartta vuodelta 1909 &nbsp; Maanmittaushallituksen taloudellinen kartta vuodelta 1930 &nbsp; [&hellip;]<!-- AddThis Advanced Settings generic via filter on wp_trim_excerpt --><!-- AddThis Share Buttons generic via filter on wp_trim_excerpt --></p>
