{"id":10,"date":"2014-09-28T23:57:19","date_gmt":"2014-09-28T20:57:19","guid":{"rendered":"http:\/\/www.sastamalankylat.fi\/jaara\/?page_id=10"},"modified":"2016-03-02T09:26:23","modified_gmt":"2016-03-02T07:26:23","slug":"jaaran-kyla","status":"publish","type":"page","link":"https:\/\/www.sastamalankylat.fi\/jaara\/jaaran-kyla\/","title":{"rendered":"Jaaran kyl\u00e4"},"content":{"rendered":"<p><img loading=\"lazy\" decoding=\"async\" class=\"alignnone size-medium wp-image-46\" src=\"http:\/\/www.sastamalankylat.fi\/jaara\/wp-content\/uploads\/sites\/21\/2014\/09\/maakuntakyl\u00e4-diblomi_edited-209x300.jpg\" alt=\"maakuntakyl\u00e4-diblomi_edited\" width=\"209\" height=\"300\" srcset=\"https:\/\/www.sastamalankylat.fi\/jaara\/wp-content\/uploads\/sites\/21\/2014\/09\/maakuntakyl\u00e4-diblomi_edited-209x300.jpg 209w, https:\/\/www.sastamalankylat.fi\/jaara\/wp-content\/uploads\/sites\/21\/2014\/09\/maakuntakyl\u00e4-diblomi_edited.jpg 322w\" sizes=\"auto, (max-width: 209px) 100vw, 209px\" \/><\/p>\n<p>Satakunnan vuoden 2009 maakuntakyl\u00e4ksi valittu\u00a0Jaara on reilun kahdensadan asukkaan kyl\u00e4 Sastamalan Kiikoisissa. \u00a0Kyl\u00e4nraittia reunustavat sireenit, siksi kutsumme Jaaraa sireenikyl\u00e4ksi.<\/p>\n<p>Kyl\u00e4ss\u00e4 on ollut asutusta jo kivikaudella 2000 vuotta eKr. Satakunnan museossa Porissa on n\u00e4ht\u00e4vill\u00e4 Yli-Jaaran alueelta l\u00f6ytyneit\u00e4 esineit\u00e4 kivi- ja pronssikaudelta.\u00a0Jaara on ollut k\u00e4sity\u00f6l\u00e4isten ja ammatinharjoittajien kyl\u00e4, joka on s\u00e4ilytt\u00e4nyt kyl\u00e4m\u00e4isen asutuksen vanhoine puutaloineen. Kiikoisj\u00e4rvest\u00e4 laskeva Jaaranjoki halkoo kyl\u00e4maisemaa.<\/p>\n<p><a href=\"http:\/\/www.sastamalankylat.fi\/jaara\/wp-content\/uploads\/sites\/21\/2014\/09\/jaaranjoki_fb-cover.jpg\"><img loading=\"lazy\" decoding=\"async\" class=\"alignnone size-medium wp-image-79\" src=\"http:\/\/www.sastamalankylat.fi\/jaara\/wp-content\/uploads\/sites\/21\/2014\/09\/jaaranjoki_fb-cover-300x150.jpg\" alt=\"jaaranjoki_fb-cover\" width=\"300\" height=\"150\" srcset=\"https:\/\/www.sastamalankylat.fi\/jaara\/wp-content\/uploads\/sites\/21\/2014\/09\/jaaranjoki_fb-cover-300x150.jpg 300w, https:\/\/www.sastamalankylat.fi\/jaara\/wp-content\/uploads\/sites\/21\/2014\/09\/jaaranjoki_fb-cover.jpg 600w\" sizes=\"auto, (max-width: 300px) 100vw, 300px\" \/><\/a><\/p>\n<p><a href=\"http:\/\/www.sastamalankylat.fi\/jaara\/wp-content\/uploads\/sites\/21\/2014\/09\/riukuaitatalkoot.jpg\"><img loading=\"lazy\" decoding=\"async\" class=\"alignnone size-medium wp-image-80\" src=\"http:\/\/www.sastamalankylat.fi\/jaara\/wp-content\/uploads\/sites\/21\/2014\/09\/riukuaitatalkoot-300x200.jpg\" alt=\"riukuaitatalkoot\" width=\"300\" height=\"200\" srcset=\"https:\/\/www.sastamalankylat.fi\/jaara\/wp-content\/uploads\/sites\/21\/2014\/09\/riukuaitatalkoot-300x200.jpg 300w, https:\/\/www.sastamalankylat.fi\/jaara\/wp-content\/uploads\/sites\/21\/2014\/09\/riukuaitatalkoot.jpg 600w\" sizes=\"auto, (max-width: 300px) 100vw, 300px\" \/><\/a><\/p>\n<p>Kyl\u00e4ss\u00e4 j\u00e4rjestet\u00e4\u00e4n paljon\u00a0tapahtumia ja talkoita yhteisen asian hyv\u00e4ksi, mik\u00e4\u00a0l\u00e4hent\u00e4\u00e4 kyl\u00e4l\u00e4isi\u00e4 ja kes\u00e4asukkaita ja luo yhteishenke\u00e4.<\/p>\n<p>Jaarankyl\u00e4 sijaitsee hyvien liikenneyhteyksien varrella. Valtatie 44 kulkee kyl\u00e4n l\u00e4pi etel\u00e4-pohjoissuunnassa ja valtatie 11 palvelee it\u00e4-l\u00e4nsi -suuntaista liikennett\u00e4. Sastamalan keskustaan on matkaa 20km, Poriin 45 km, Tampereelle 75km ja Kankaanp\u00e4\u00e4h\u00e4n 50 km.\u00a0T\u00e4\u00e4lt\u00e4 on hyv\u00e4 k\u00e4yd\u00e4 maailmalla ja palata taas\u00a0kotiin.<\/p>\n<p>Katso my\u00f6s\u00a0<a href=\"http:\/\/www.sastamalankylat.fi\/wp-content\/uploads\/2013\/10\/Jaara.pdf\">kyl\u00e4kortti<\/a><\/p>\n<p>&nbsp;<\/p>\n<!-- AddThis Advanced Settings generic via filter on the_content --><!-- AddThis Share Buttons generic via filter on the_content -->","protected":false},"excerpt":{"rendered":"<p>Satakunnan vuoden 2009 maakuntakyl\u00e4ksi valittu\u00a0Jaara on reilun kahdensadan asukkaan kyl\u00e4 Sastamalan Kiikoisissa. \u00a0Kyl\u00e4nraittia reunustavat sireenit, siksi kutsumme Jaaraa sireenikyl\u00e4ksi. Kyl\u00e4ss\u00e4 on ollut asutusta jo kivikaudella 2000 vuotta eKr. Satakunnan museossa Porissa on n\u00e4ht\u00e4vill\u00e4 Yli-Jaaran alueelta l\u00f6ytyneit\u00e4 esineit\u00e4 kivi- ja pronssikaudelta.\u00a0Jaara on ollut k\u00e4sity\u00f6l\u00e4isten ja ammatinharjoittajien kyl\u00e4, joka on s\u00e4ilytt\u00e4nyt kyl\u00e4m\u00e4isen asutuksen vanhoine puutaloineen. Kiikoisj\u00e4rvest\u00e4 laskeva [&hellip;]<!-- AddThis Advanced Settings generic via filter on wp_trim_excerpt --><!-- AddThis Share Buttons generic via filter on wp_trim_excerpt --><\/p>\n","protected":false},"author":3,"featured_media":0,"parent":0,"menu_order":0,"comment_status":"open","ping_status":"open","template":"","meta":{"jetpack_post_was_ever_published":false,"footnotes":""},"class_list":["post-10","page","type-page","status-publish","hentry"],"aioseo_notices":[],"jetpack_shortlink":"https:\/\/wp.me\/P5eJDy-a","jetpack_sharing_enabled":true,"_links":{"self":[{"href":"https:\/\/www.sastamalankylat.fi\/jaara\/wp-json\/wp\/v2\/pages\/10","targetHints":{"allow":["GET"]}}],"collection":[{"href":"https:\/\/www.sastamalankylat.fi\/jaara\/wp-json\/wp\/v2\/pages"}],"about":[{"href":"https:\/\/www.sastamalankylat.fi\/jaara\/wp-json\/wp\/v2\/types\/page"}],"author":[{"embeddable":true,"href":"https:\/\/www.sastamalankylat.fi\/jaara\/wp-json\/wp\/v2\/users\/3"}],"replies":[{"embeddable":true,"href":"https:\/\/www.sastamalankylat.fi\/jaara\/wp-json\/wp\/v2\/comments?post=10"}],"version-history":[{"count":3,"href":"https:\/\/www.sastamalankylat.fi\/jaara\/wp-json\/wp\/v2\/pages\/10\/revisions"}],"predecessor-version":[{"id":496,"href":"https:\/\/www.sastamalankylat.fi\/jaara\/wp-json\/wp\/v2\/pages\/10\/revisions\/496"}],"wp:attachment":[{"href":"https:\/\/www.sastamalankylat.fi\/jaara\/wp-json\/wp\/v2\/media?parent=10"}],"curies":[{"name":"wp","href":"https:\/\/api.w.org\/{rel}","templated":true}]}}

Jaaran kylä

<p><img loading="lazy" decoding="async" class="alignnone size-medium wp-image-46" src="http://www.sastamalankylat.fi/jaara/wp-content/uploads/sites/21/2014/09/maakuntakylä-diblomi_edited-209x300.jpg" alt="maakuntakylä-diblomi_edited" width="209" height="300" srcset="https://www.sastamalankylat.fi/jaara/wp-content/uploads/sites/21/2014/09/maakuntakylä-diblomi_edited-209x300.jpg 209w, https://www.sastamalankylat.fi/jaara/wp-content/uploads/sites/21/2014/09/maakuntakylä-diblomi_edited.jpg 322w" sizes="auto, (max-width: 209px) 100vw, 209px" /></p>
<p>Satakunnan vuoden 2009 maakuntakyläksi valittu Jaara on reilun kahdensadan asukkaan kylä Sastamalan Kiikoisissa.  Kylänraittia reunustavat sireenit, siksi kutsumme Jaaraa sireenikyläksi.</p>
<p>Kylässä on ollut asutusta jo kivikaudella 2000 vuotta eKr. Satakunnan museossa Porissa on nähtävillä Yli-Jaaran alueelta löytyneitä esineitä kivi- ja pronssikaudelta. Jaara on ollut käsityöläisten ja ammatinharjoittajien kylä, joka on säilyttänyt kylämäisen asutuksen vanhoine puutaloineen. Kiikoisjärvestä laskeva Jaaranjoki halkoo kylämaisemaa.</p>
<p><a href="http://www.sastamalankylat.fi/jaara/wp-content/uploads/sites/21/2014/09/jaaranjoki_fb-cover.jpg"><img loading="lazy" decoding="async" class="alignnone size-medium wp-image-79" src="http://www.sastamalankylat.fi/jaara/wp-content/uploads/sites/21/2014/09/jaaranjoki_fb-cover-300x150.jpg" alt="jaaranjoki_fb-cover" width="300" height="150" srcset="https://www.sastamalankylat.fi/jaara/wp-content/uploads/sites/21/2014/09/jaaranjoki_fb-cover-300x150.jpg 300w, https://www.sastamalankylat.fi/jaara/wp-content/uploads/sites/21/2014/09/jaaranjoki_fb-cover.jpg 600w" sizes="auto, (max-width: 300px) 100vw, 300px" /></a></p>
<p><a href="http://www.sastamalankylat.fi/jaara/wp-content/uploads/sites/21/2014/09/riukuaitatalkoot.jpg"><img loading="lazy" decoding="async" class="alignnone size-medium wp-image-80" src="http://www.sastamalankylat.fi/jaara/wp-content/uploads/sites/21/2014/09/riukuaitatalkoot-300x200.jpg" alt="riukuaitatalkoot" width="300" height="200" srcset="https://www.sastamalankylat.fi/jaara/wp-content/uploads/sites/21/2014/09/riukuaitatalkoot-300x200.jpg 300w, https://www.sastamalankylat.fi/jaara/wp-content/uploads/sites/21/2014/09/riukuaitatalkoot.jpg 600w" sizes="auto, (max-width: 300px) 100vw, 300px" /></a></p>
<p>Kylässä järjestetään paljon tapahtumia ja talkoita yhteisen asian hyväksi, mikä lähentää kyläläisiä ja kesäasukkaita ja luo yhteishenkeä.</p>
<p>Jaarankylä sijaitsee hyvien liikenneyhteyksien varrella. Valtatie 44 kulkee kylän läpi etelä-pohjoissuunnassa ja valtatie 11 palvelee itä-länsi -suuntaista liikennettä. Sastamalan keskustaan on matkaa 20km, Poriin 45 km, Tampereelle 75km ja Kankaanpäähän 50 km. Täältä on hyvä käydä maailmalla ja palata taas kotiin.</p>
<p>Katso myös <a href="http://www.sastamalankylat.fi/wp-content/uploads/2013/10/Jaara.pdf">kyläkortti</a></p>
<p>&nbsp;</p>
<!-- AddThis Advanced Settings generic via filter on the_content --><!-- AddThis Share Buttons generic via filter on the_content -->

<p>Satakunnan vuoden 2009 maakuntakyläksi valittu Jaara on reilun kahdensadan asukkaan kylä Sastamalan Kiikoisissa.  Kylänraittia reunustavat sireenit, siksi kutsumme Jaaraa sireenikyläksi. Kylässä on ollut asutusta jo kivikaudella 2000 vuotta eKr. Satakunnan museossa Porissa on nähtävillä Yli-Jaaran alueelta löytyneitä esineitä kivi- ja pronssikaudelta. Jaara on ollut käsityöläisten ja ammatinharjoittajien kylä, joka on säilyttänyt kylämäisen asutuksen vanhoine puutaloineen. Kiikoisjärvestä laskeva [&hellip;]<!-- AddThis Advanced Settings generic via filter on wp_trim_excerpt --><!-- AddThis Share Buttons generic via filter on wp_trim_excerpt --></p>
