{"id":32,"date":"2014-07-16T10:48:39","date_gmt":"2014-07-16T07:48:39","guid":{"rendered":"http:\/\/www.sastamalankylat.fi\/illo\/?page_id=32"},"modified":"2021-01-13T16:45:12","modified_gmt":"2021-01-13T14:45:12","slug":"yhteystiedot-ja-linkit","status":"publish","type":"page","link":"https:\/\/www.sastamalankylat.fi\/illo\/yhteystiedot-ja-linkit\/","title":{"rendered":"Yhteystiedot ja linkit"},"content":{"rendered":"<p><img loading=\"lazy\" decoding=\"async\" class=\"wp-image-57 size-medium alignleft\" src=\"http:\/\/www.sastamalankylat.fi\/illo\/wp-content\/uploads\/sites\/7\/2014\/07\/seuraintalo-300x75.jpg\" alt=\"seuraintalo\" width=\"300\" height=\"75\" srcset=\"https:\/\/www.sastamalankylat.fi\/illo\/wp-content\/uploads\/sites\/7\/2014\/07\/seuraintalo-300x75.jpg 300w, https:\/\/www.sastamalankylat.fi\/illo\/wp-content\/uploads\/sites\/7\/2014\/07\/seuraintalo.jpg 600w\" sizes=\"auto, (max-width: 300px) 100vw, 300px\" \/><\/p>\n<p>&nbsp;<\/p>\n<p>&nbsp;<\/p>\n<p>&nbsp;<\/p>\n<p><a href=\"http:\/\/illonseuraintalo.wordpress.com\/\" target=\"_blank\" rel=\"noopener\">Illon seuraintalo<\/a><\/p>\n<p><img loading=\"lazy\" decoding=\"async\" class=\"wp-image-65 size-medium alignleft\" src=\"http:\/\/www.sastamalankylat.fi\/illo\/wp-content\/uploads\/sites\/7\/2014\/07\/Tervetuloa-Illoon-JPG-300x106.jpg\" alt=\"Tervetuloa Illoon\" width=\"300\" height=\"106\" srcset=\"https:\/\/www.sastamalankylat.fi\/illo\/wp-content\/uploads\/sites\/7\/2014\/07\/Tervetuloa-Illoon-JPG-300x106.jpg 300w, https:\/\/www.sastamalankylat.fi\/illo\/wp-content\/uploads\/sites\/7\/2014\/07\/Tervetuloa-Illoon-JPG.jpg 600w\" sizes=\"auto, (max-width: 300px) 100vw, 300px\" \/><\/p>\n<p>&nbsp;<\/p>\n<p>&nbsp;<\/p>\n<p>&nbsp;<\/p>\n<p><a title=\"Illon kyl\u00e4seura Facebookissa\" href=\"https:\/\/www.facebook.com\/groups\/239808659558584\/?fref=ts\" target=\"_blank\" rel=\"noopener\">Illon kyl\u00e4seura Facebookissa<\/a><\/p>\n<p>&nbsp;<\/p>\n<p><a title=\"Illon Kyl\u00e4kortti\" href=\"http:\/\/www.sastamalankylat.fi\/wp-content\/uploads\/2013\/10\/Illo.pdf\" target=\"_blank\" rel=\"noopener\">Illon kyl\u00e4kortti<\/a> &#8211; tietoa kyl\u00e4st\u00e4<\/p>\n<p>&nbsp;<\/p>\n<p><a title=\"Kyl\u00e4suunnitelma\" href=\"http:\/\/sastamalankaupunki.fi\/sastamala\/liitetiedostot\/editori_materiaali\/2344.pdf\" target=\"_blank\" rel=\"noopener\">Illon Kyl\u00e4suunnitelma 2003<\/a> &#8211; historiaa ja tietoa kyl\u00e4n kehityksest\u00e4<\/p>\n<p>&nbsp;<\/p>\n<p>&nbsp;<\/p>\n<p>&nbsp;<\/p>\n<!-- AddThis Advanced Settings generic via filter on the_content --><!-- AddThis Share Buttons generic via filter on the_content -->","protected":false},"excerpt":{"rendered":"<p>&nbsp; &nbsp; &nbsp; Illon seuraintalo &nbsp; &nbsp; &nbsp; Illon kyl\u00e4seura Facebookissa &nbsp; Illon kyl\u00e4kortti &#8211; tietoa kyl\u00e4st\u00e4 &nbsp; Illon Kyl\u00e4suunnitelma 2003 &#8211; historiaa ja tietoa kyl\u00e4n kehityksest\u00e4 &nbsp; &nbsp; &nbsp;<!-- AddThis Advanced Settings generic via filter on wp_trim_excerpt --><!-- AddThis Share Buttons generic via filter on wp_trim_excerpt --><\/p>\n","protected":false},"author":9,"featured_media":0,"parent":0,"menu_order":0,"comment_status":"closed","ping_status":"closed","template":"","meta":{"jetpack_post_was_ever_published":false,"footnotes":""},"class_list":["post-32","page","type-page","status-publish","hentry"],"aioseo_notices":[],"jetpack_shortlink":"https:\/\/wp.me\/P9Ldjd-w","jetpack_sharing_enabled":true,"_links":{"self":[{"href":"https:\/\/www.sastamalankylat.fi\/illo\/wp-json\/wp\/v2\/pages\/32","targetHints":{"allow":["GET"]}}],"collection":[{"href":"https:\/\/www.sastamalankylat.fi\/illo\/wp-json\/wp\/v2\/pages"}],"about":[{"href":"https:\/\/www.sastamalankylat.fi\/illo\/wp-json\/wp\/v2\/types\/page"}],"author":[{"embeddable":true,"href":"https:\/\/www.sastamalankylat.fi\/illo\/wp-json\/wp\/v2\/users\/9"}],"replies":[{"embeddable":true,"href":"https:\/\/www.sastamalankylat.fi\/illo\/wp-json\/wp\/v2\/comments?post=32"}],"version-history":[{"count":3,"href":"https:\/\/www.sastamalankylat.fi\/illo\/wp-json\/wp\/v2\/pages\/32\/revisions"}],"predecessor-version":[{"id":185,"href":"https:\/\/www.sastamalankylat.fi\/illo\/wp-json\/wp\/v2\/pages\/32\/revisions\/185"}],"wp:attachment":[{"href":"https:\/\/www.sastamalankylat.fi\/illo\/wp-json\/wp\/v2\/media?parent=32"}],"curies":[{"name":"wp","href":"https:\/\/api.w.org\/{rel}","templated":true}]}}

<p><img loading="lazy" decoding="async" class="wp-image-57 size-medium alignleft" src="http://www.sastamalankylat.fi/illo/wp-content/uploads/sites/7/2014/07/seuraintalo-300x75.jpg" alt="seuraintalo" width="300" height="75" srcset="https://www.sastamalankylat.fi/illo/wp-content/uploads/sites/7/2014/07/seuraintalo-300x75.jpg 300w, https://www.sastamalankylat.fi/illo/wp-content/uploads/sites/7/2014/07/seuraintalo.jpg 600w" sizes="auto, (max-width: 300px) 100vw, 300px" /></p>
<p>&nbsp;</p>
<p>&nbsp;</p>
<p>&nbsp;</p>
<p><a href="http://illonseuraintalo.wordpress.com/" target="_blank" rel="noopener">Illon seuraintalo</a></p>
<p><img loading="lazy" decoding="async" class="wp-image-65 size-medium alignleft" src="http://www.sastamalankylat.fi/illo/wp-content/uploads/sites/7/2014/07/Tervetuloa-Illoon-JPG-300x106.jpg" alt="Tervetuloa Illoon" width="300" height="106" srcset="https://www.sastamalankylat.fi/illo/wp-content/uploads/sites/7/2014/07/Tervetuloa-Illoon-JPG-300x106.jpg 300w, https://www.sastamalankylat.fi/illo/wp-content/uploads/sites/7/2014/07/Tervetuloa-Illoon-JPG.jpg 600w" sizes="auto, (max-width: 300px) 100vw, 300px" /></p>
<p>&nbsp;</p>
<p>&nbsp;</p>
<p>&nbsp;</p>
<p><a title="Illon kyläseura Facebookissa" href="https://www.facebook.com/groups/239808659558584/?fref=ts" target="_blank" rel="noopener">Illon kyläseura Facebookissa</a></p>
<p>&nbsp;</p>
<p><a title="Illon Kyläkortti" href="http://www.sastamalankylat.fi/wp-content/uploads/2013/10/Illo.pdf" target="_blank" rel="noopener">Illon kyläkortti</a> &#8211; tietoa kylästä</p>
<p>&nbsp;</p>
<p><a title="Kyläsuunnitelma" href="http://sastamalankaupunki.fi/sastamala/liitetiedostot/editori_materiaali/2344.pdf" target="_blank" rel="noopener">Illon Kyläsuunnitelma 2003</a> &#8211; historiaa ja tietoa kylän kehityksestä</p>
<p>&nbsp;</p>
<p>&nbsp;</p>
<p>&nbsp;</p>
<!-- AddThis Advanced Settings generic via filter on the_content --><!-- AddThis Share Buttons generic via filter on the_content -->

<p>&nbsp; &nbsp; &nbsp; Illon seuraintalo &nbsp; &nbsp; &nbsp; Illon kyläseura Facebookissa &nbsp; Illon kyläkortti &#8211; tietoa kylästä &nbsp; Illon Kyläsuunnitelma 2003 &#8211; historiaa ja tietoa kylän kehityksestä &nbsp; &nbsp; &nbsp;<!-- AddThis Advanced Settings generic via filter on wp_trim_excerpt --><!-- AddThis Share Buttons generic via filter on wp_trim_excerpt --></p>
