{"id":10,"date":"2014-07-16T12:08:46","date_gmt":"2014-07-16T09:08:46","guid":{"rendered":"http:\/\/www.sastamalankylat.fi\/illo\/?page_id=10"},"modified":"2021-01-13T16:45:03","modified_gmt":"2021-01-13T14:45:03","slug":"yhdistykset-illossa","status":"publish","type":"page","link":"https:\/\/www.sastamalankylat.fi\/illo\/yhdistykset-illossa\/","title":{"rendered":"Yhdistykset Illossa"},"content":{"rendered":"<p><strong>Jytin\u00e4\u00a0<\/strong><\/p>\n<p>Illon Jytin\u00e4 on vuonna 1949 perustettu urheiluseura, jossa on j\u00e4seni\u00e4 n. 200.<br \/>\nSeuran p\u00e4\u00e4painona on liikuttaa illolaisia lapsia ja nuoria, mutta tarjota my\u00f6s aikuisille mahdollisuuksia liikuntaharrastuksiin.<\/p>\n<p><a title=\"Illon Jytin\u00e4 Facebookissa\" href=\"https:\/\/www.facebook.com\/illonjytina?hc_location=timeline\" target=\"_blank\" rel=\"noopener\">Illon Jytin\u00e4 Facebookissa<\/a><\/p>\n<p>&nbsp;<\/p>\n<p><strong>Kyl\u00e4seura\u00a0<\/strong><\/p>\n<p>Illoon perustettiin kyl\u00e4toimikunta 80-luvulla ja siit\u00e4 saakka seuran toiminta on ollut vire\u00e4\u00e4 ja vilkasta. Kyl\u00e4seura j\u00e4rjest\u00e4\u00e4 tapahtumia kyl\u00e4l\u00e4isille ja osallistuu yhteisiin hankkeisiin ymp\u00e4ri vuotta.<\/p>\n<p><a title=\"Illon kyl\u00e4seura Facebookissa\" href=\"https:\/\/www.facebook.com\/groups\/239808659558584\/?fref=ts\" target=\"_blank\" rel=\"noopener\">\u00a0Illon Kyl\u00e4seura Facebookissa<\/a><\/p>\n<p>&nbsp;<\/p>\n<p><img loading=\"lazy\" decoding=\"async\" class=\"wp-image-98 size-thumbnail alignleft\" src=\"http:\/\/www.sastamalankylat.fi\/illo\/wp-content\/uploads\/sites\/7\/2014\/07\/IMS-150x150.jpg\" alt=\"IMS\" width=\"150\" height=\"150\" srcset=\"https:\/\/www.sastamalankylat.fi\/illo\/wp-content\/uploads\/sites\/7\/2014\/07\/IMS-150x150.jpg 150w, https:\/\/www.sastamalankylat.fi\/illo\/wp-content\/uploads\/sites\/7\/2014\/07\/IMS-298x300.jpg 298w, https:\/\/www.sastamalankylat.fi\/illo\/wp-content\/uploads\/sites\/7\/2014\/07\/IMS.jpg 596w\" sizes=\"auto, (max-width: 150px) 100vw, 150px\" \/><\/p>\n<p><strong>Mets\u00e4stysseura<\/strong><\/p>\n<p>Illon mets\u00e4stysseura perustettiin 1960-luvulla parinkymmenen j\u00e4senen voimin. Nyky\u00e4\u00e4n j\u00e4senluku on jo kolminumeroinen. Seuran toimintaan kuuluu mets\u00e4styksen ohella ampuma- ja muu kilpailutoiminta sek\u00e4 riistanhoito.<\/p>\n<p>&nbsp;<\/p>\n<p><strong>Seuraintaloyhtym\u00e4<\/strong><\/p>\n<p>Illon seuraintalon on rakentanut Illon Nuorisoseura vuonna 1914. Seuraintalon kiinteist\u00f6n omistavat Illon mets\u00e4stysseura, Illon kyl\u00e4seura ja Illon Jytin\u00e4. 2000-luvun taitteessa talo remontoitiin ja nyky\u00e4\u00e4n sit\u00e4 vuokrataan yksityisten, seurojen ja yhdistysten k\u00e4ytt\u00f6\u00f6n. Talossa on monenlaista toimintaa &#8211; juhlia, tansseja, kokouksia, kerhoja, liikuntaa, tapahtumia.<br \/>\n<a title=\"Seukku\" href=\"http:\/\/illonseuraintalo.wordpress.com\/\" target=\"_blank\" rel=\"noopener\">Lis\u00e4tietoa Seukusta<\/a><\/p>\n<p>&nbsp;<\/p>\n<p><strong>Vanhempainyhdistys<\/strong><\/p>\n<p>Illon koulun vanhempainyhdistys on perustettu vuonna 1995. Yhdistyksen tarkoituksena on edist\u00e4\u00e4 oppilaiden vanhempien ja koulun v\u00e4list\u00e4 toimintaa sek\u00e4 toimia oppilaiden vanhempien yhteisty\u00f6elimen\u00e4.<\/p>\n<p>&nbsp;<\/p>\n<p><strong>Vesaranta<\/strong><\/p>\n<p>Vammalan kaupunki osti vuonna 1991 Vesasen kiinteist\u00f6n Houhaj\u00e4rven etel\u00e4p\u00e4\u00e4st\u00e4<br \/>\nhouhaj\u00e4rvil\u00e4isten, sammaljokilaisten ja illolaisten virkistysk\u00e4ytt\u00f6\u00f6n. Tila kunnostettiin talkoovoimin ja toimintaa py\u00f6ritt\u00e4m\u00e4\u00e4n perustettiin Vesaranta-toimikunta. Paikka nimettiin Vesarannaksi. Kes\u00e4ll\u00e4 1992 Vesarannassa alkoi kes\u00e4teatteritoiminta. Vuonna 1997 Vesaranta-toimikunta rekister\u00f6ityi Vesaranta ry:ksi. Vesarannan kes\u00e4teatteri on suosittu ja toiminta jatkuu edelleen. Vesarannassa j\u00e4rjestet\u00e4\u00e4n my\u00f6s erilaisia tapahtumia ja juhlia ja tiloja vuokrataan my\u00f6s yksityisten k\u00e4ytt\u00f6\u00f6n. <a title=\"Vesaranta\" href=\"http:\/\/www.vesaranta.profiili.fi\/index.php\" target=\"_blank\" rel=\"noopener\">Lis\u00e4tietoja Vesarannasta<\/a><\/p>\n<p>&nbsp;<\/p>\n<p><strong>VPK<\/strong><\/p>\n<p>Illon Vapaaehtoinen Palokunta ry on perustettu 1936 ja toimii Tyrv\u00e4\u00e4n VPK:n osastona kahden h\u00e4lytysajoneuvon voimin. Vuonna 2001 Illon VPK sai oman asemarakennuksen kokoustiloineen.<\/p>\n<p>&nbsp;<\/p>\n<!-- AddThis Advanced Settings generic via filter on the_content --><!-- AddThis Share Buttons generic via filter on the_content -->","protected":false},"excerpt":{"rendered":"<p>Jytin\u00e4\u00a0 Illon Jytin\u00e4 on vuonna 1949 perustettu urheiluseura, jossa on j\u00e4seni\u00e4 n. 200. Seuran p\u00e4\u00e4painona on liikuttaa illolaisia lapsia ja nuoria, mutta tarjota my\u00f6s aikuisille mahdollisuuksia liikuntaharrastuksiin. Illon Jytin\u00e4 Facebookissa &nbsp; Kyl\u00e4seura\u00a0 Illoon perustettiin kyl\u00e4toimikunta 80-luvulla ja siit\u00e4 saakka seuran toiminta on ollut vire\u00e4\u00e4 ja vilkasta. Kyl\u00e4seura j\u00e4rjest\u00e4\u00e4 tapahtumia kyl\u00e4l\u00e4isille ja osallistuu yhteisiin hankkeisiin ymp\u00e4ri [&hellip;]<!-- AddThis Advanced Settings generic via filter on wp_trim_excerpt --><!-- AddThis Share Buttons generic via filter on wp_trim_excerpt --><\/p>\n","protected":false},"author":9,"featured_media":0,"parent":0,"menu_order":0,"comment_status":"closed","ping_status":"closed","template":"","meta":{"jetpack_post_was_ever_published":false,"footnotes":""},"class_list":["post-10","page","type-page","status-publish","hentry"],"aioseo_notices":[],"jetpack_shortlink":"https:\/\/wp.me\/P9Ldjd-a","jetpack_sharing_enabled":true,"_links":{"self":[{"href":"https:\/\/www.sastamalankylat.fi\/illo\/wp-json\/wp\/v2\/pages\/10","targetHints":{"allow":["GET"]}}],"collection":[{"href":"https:\/\/www.sastamalankylat.fi\/illo\/wp-json\/wp\/v2\/pages"}],"about":[{"href":"https:\/\/www.sastamalankylat.fi\/illo\/wp-json\/wp\/v2\/types\/page"}],"author":[{"embeddable":true,"href":"https:\/\/www.sastamalankylat.fi\/illo\/wp-json\/wp\/v2\/users\/9"}],"replies":[{"embeddable":true,"href":"https:\/\/www.sastamalankylat.fi\/illo\/wp-json\/wp\/v2\/comments?post=10"}],"version-history":[{"count":3,"href":"https:\/\/www.sastamalankylat.fi\/illo\/wp-json\/wp\/v2\/pages\/10\/revisions"}],"predecessor-version":[{"id":184,"href":"https:\/\/www.sastamalankylat.fi\/illo\/wp-json\/wp\/v2\/pages\/10\/revisions\/184"}],"wp:attachment":[{"href":"https:\/\/www.sastamalankylat.fi\/illo\/wp-json\/wp\/v2\/media?parent=10"}],"curies":[{"name":"wp","href":"https:\/\/api.w.org\/{rel}","templated":true}]}}

<p><strong>Jytinä </strong></p>
<p>Illon Jytinä on vuonna 1949 perustettu urheiluseura, jossa on jäseniä n. 200.<br />
Seuran pääpainona on liikuttaa illolaisia lapsia ja nuoria, mutta tarjota myös aikuisille mahdollisuuksia liikuntaharrastuksiin.</p>
<p><a title="Illon Jytinä Facebookissa" href="https://www.facebook.com/illonjytina?hc_location=timeline" target="_blank" rel="noopener">Illon Jytinä Facebookissa</a></p>
<p>&nbsp;</p>
<p><strong>Kyläseura </strong></p>
<p>Illoon perustettiin kylätoimikunta 80-luvulla ja siitä saakka seuran toiminta on ollut vireää ja vilkasta. Kyläseura järjestää tapahtumia kyläläisille ja osallistuu yhteisiin hankkeisiin ympäri vuotta.</p>
<p><a title="Illon kyläseura Facebookissa" href="https://www.facebook.com/groups/239808659558584/?fref=ts" target="_blank" rel="noopener"> Illon Kyläseura Facebookissa</a></p>
<p>&nbsp;</p>
<p><img loading="lazy" decoding="async" class="wp-image-98 size-thumbnail alignleft" src="http://www.sastamalankylat.fi/illo/wp-content/uploads/sites/7/2014/07/IMS-150x150.jpg" alt="IMS" width="150" height="150" srcset="https://www.sastamalankylat.fi/illo/wp-content/uploads/sites/7/2014/07/IMS-150x150.jpg 150w, https://www.sastamalankylat.fi/illo/wp-content/uploads/sites/7/2014/07/IMS-298x300.jpg 298w, https://www.sastamalankylat.fi/illo/wp-content/uploads/sites/7/2014/07/IMS.jpg 596w" sizes="auto, (max-width: 150px) 100vw, 150px" /></p>
<p><strong>Metsästysseura</strong></p>
<p>Illon metsästysseura perustettiin 1960-luvulla parinkymmenen jäsenen voimin. Nykyään jäsenluku on jo kolminumeroinen. Seuran toimintaan kuuluu metsästyksen ohella ampuma- ja muu kilpailutoiminta sekä riistanhoito.</p>
<p>&nbsp;</p>
<p><strong>Seuraintaloyhtymä</strong></p>
<p>Illon seuraintalon on rakentanut Illon Nuorisoseura vuonna 1914. Seuraintalon kiinteistön omistavat Illon metsästysseura, Illon kyläseura ja Illon Jytinä. 2000-luvun taitteessa talo remontoitiin ja nykyään sitä vuokrataan yksityisten, seurojen ja yhdistysten käyttöön. Talossa on monenlaista toimintaa &#8211; juhlia, tansseja, kokouksia, kerhoja, liikuntaa, tapahtumia.<br />
<a title="Seukku" href="http://illonseuraintalo.wordpress.com/" target="_blank" rel="noopener">Lisätietoa Seukusta</a></p>
<p>&nbsp;</p>
<p><strong>Vanhempainyhdistys</strong></p>
<p>Illon koulun vanhempainyhdistys on perustettu vuonna 1995. Yhdistyksen tarkoituksena on edistää oppilaiden vanhempien ja koulun välistä toimintaa sekä toimia oppilaiden vanhempien yhteistyöelimenä.</p>
<p>&nbsp;</p>
<p><strong>Vesaranta</strong></p>
<p>Vammalan kaupunki osti vuonna 1991 Vesasen kiinteistön Houhajärven eteläpäästä<br />
houhajärviläisten, sammaljokilaisten ja illolaisten virkistyskäyttöön. Tila kunnostettiin talkoovoimin ja toimintaa pyörittämään perustettiin Vesaranta-toimikunta. Paikka nimettiin Vesarannaksi. Kesällä 1992 Vesarannassa alkoi kesäteatteritoiminta. Vuonna 1997 Vesaranta-toimikunta rekisteröityi Vesaranta ry:ksi. Vesarannan kesäteatteri on suosittu ja toiminta jatkuu edelleen. Vesarannassa järjestetään myös erilaisia tapahtumia ja juhlia ja tiloja vuokrataan myös yksityisten käyttöön. <a title="Vesaranta" href="http://www.vesaranta.profiili.fi/index.php" target="_blank" rel="noopener">Lisätietoja Vesarannasta</a></p>
<p>&nbsp;</p>
<p><strong>VPK</strong></p>
<p>Illon Vapaaehtoinen Palokunta ry on perustettu 1936 ja toimii Tyrvään VPK:n osastona kahden hälytysajoneuvon voimin. Vuonna 2001 Illon VPK sai oman asemarakennuksen kokoustiloineen.</p>
<p>&nbsp;</p>
<!-- AddThis Advanced Settings generic via filter on the_content --><!-- AddThis Share Buttons generic via filter on the_content -->

<p>Jytinä  Illon Jytinä on vuonna 1949 perustettu urheiluseura, jossa on jäseniä n. 200. Seuran pääpainona on liikuttaa illolaisia lapsia ja nuoria, mutta tarjota myös aikuisille mahdollisuuksia liikuntaharrastuksiin. Illon Jytinä Facebookissa &nbsp; Kyläseura  Illoon perustettiin kylätoimikunta 80-luvulla ja siitä saakka seuran toiminta on ollut vireää ja vilkasta. Kyläseura järjestää tapahtumia kyläläisille ja osallistuu yhteisiin hankkeisiin ympäri [&hellip;]<!-- AddThis Advanced Settings generic via filter on wp_trim_excerpt --><!-- AddThis Share Buttons generic via filter on wp_trim_excerpt --></p>
